130.33.59.10 - - [08/Nov/2025:08:15:34 +0530] "GET /o.php HTTP/1.1" 404 16 "-" "-"
130.33.59.10 - - [08/Nov/2025:08:15:34 +0530] "GET /an.php HTTP/1.1" 404 16 "-" "-"
130.33.59.10 - - [08/Nov/2025:08:15:35 +0530] "GET /gmo.php HTTP/1.1" 404 16 "-" "-"
130.33.59.10 - - [08/Nov/2025:08:15:35 +0530] "GET /file.php HTTP/1.1" 404 16 "-" "-"
130.33.59.10 - - [08/Nov/2025:08:15:35 +0530] "GET /file5.php HTTP/1.1" 404 16 "-" "-"
130.33.59.10 - - [08/Nov/2025:08:15:35 +0530] "GET /file17.php HTTP/1.1" 404 16 "-" "-"
130.33.59.10 - - [08/Nov/2025:08:15:36 +0530] "GET /file32.php HTTP/1.1" 404 16 "-" "-"
130.33.59.10 - - [08/Nov/2025:08:15:36 +0530] "GET /file3.php HTTP/1.1" 404 16 "-" "-"
130.33.59.10 - - [08/Nov/2025:08:15:36 +0530] "GET /file6.php HTTP/1.1" 404 16 "-" "-"
130.33.59.10 - - [08/Nov/2025:08:15:36 +0530] "GET /file15.php HTTP/1.1" 404 16 "-" "-"
130.33.59.10 - - [08/Nov/2025:08:15:37 +0530] "GET /file9.php HTTP/1.1" 404 16 "-" "-"
130.33.59.10 - - [08/Nov/2025:08:15:37 +0530] "GET /error.php HTTP/1.1" 404 16 "-" "-"
130.33.59.10 - - [08/Nov/2025:08:15:37 +0530] "GET /NH19T66T.php HTTP/1.1" 404 16 "-" "-"
130.33.59.10 - - [08/Nov/2025:08:15:37 +0530] "GET /rei.php HTTP/1.1" 404 16 "-" "-"
130.33.59.10 - - [08/Nov/2025:08:15:38 +0530] "GET /666.php HTTP/1.1" 404 16 "-" "-"
130.33.59.10 - - [08/Nov/2025:08:15:38 +0530] "GET /777.php HTTP/1.1" 404 16 "-" "-"
130.33.59.10 - - [08/Nov/2025:08:15:38 +0530] "GET /888.php HTTP/1.1" 404 16 "-" "-"
130.33.59.10 - - [08/Nov/2025:08:15:38 +0530] "GET /555.php HTTP/1.1" 404 16 "-" "-"
130.33.59.10 - - [08/Nov/2025:08:15:39 +0530] "GET /333.php HTTP/1.1" 404 16 "-" "-"
130.33.59.10 - - [08/Nov/2025:08:15:39 +0530] "GET /zeal.php HTTP/1.1" 404 16 "-" "-"
130.33.59.10 - - [08/Nov/2025:08:15:39 +0530] "GET /file1.php HTTP/1.1" 404 16 "-" "-"
130.33.59.10 - - [08/Nov/2025:08:15:39 +0530] "GET /file2.php HTTP/1.1" 404 16 "-" "-"
130.33.59.10 - - [08/Nov/2025:08:15:40 +0530] "GET /filesss.php HTTP/1.1" 404 16 "-" "-"
130.33.59.10 - - [08/Nov/2025:08:15:40 +0530] "GET /file13.php HTTP/1.1" 404 16 "-" "-"
130.33.59.10 - - [08/Nov/2025:08:15:40 +0530] "GET /atomlib.php HTTP/1.1" 404 16 "-" "-"
130.33.59.10 - - [08/Nov/2025:08:15:40 +0530] "GET /manager.php HTTP/1.1" 404 16 "-" "-"
130.33.59.10 - - [08/Nov/2025:08:15:41 +0530] "GET /abcd.php HTTP/1.1" 404 16 "-" "-"
130.33.59.10 - - [08/Nov/2025:08:15:41 +0530] "GET /efile.php HTTP/1.1" 404 16 "-" "-"
130.33.59.10 - - [08/Nov/2025:08:15:41 +0530] "GET /file18.php HTTP/1.1" 404 16 "-" "-"
130.33.59.10 - - [08/Nov/2025:08:15:41 +0530] "GET /520.php HTTP/1.1" 404 16 "-" "-"
130.33.59.10 - - [08/Nov/2025:08:15:42 +0530] "GET /031.php HTTP/1.1" 404 16 "-" "-"
130.33.59.10 - - [08/Nov/2025:08:15:42 +0530] "GET /file7.php HTTP/1.1" 404 16 "-" "-"
130.33.59.10 - - [08/Nov/2025:08:15:42 +0530] "GET /file4.php HTTP/1.1" 404 16 "-" "-"
130.33.59.10 - - [08/Nov/2025:08:15:42 +0530] "GET /2%25.php HTTP/1.1" 404 16 "-" "-"
130.33.59.10 - - [08/Nov/2025:08:15:43 +0530] "GET /1%25.php HTTP/1.1" 404 16 "-" "-"
130.33.59.10 - - [08/Nov/2025:08:15:43 +0530] "GET /wp-freya.php HTTP/1.1" 404 16 "-" "-"
130.33.59.10 - - [08/Nov/2025:08:15:43 +0530] "GET /keu.php HTTP/1.1" 404 16 "-" "-"
130.33.59.10 - - [08/Nov/2025:08:15:43 +0530] "GET /file88.php HTTP/1.1" 404 16 "-" "-"
130.33.59.10 - - [08/Nov/2025:08:15:44 +0530] "GET /0%25.php HTTP/1.1" 404 16 "-" "-"
130.33.59.10 - - [08/Nov/2025:08:15:44 +0530] "GET /lock360.php HTTP/1.1" 404 16 "-" "-"
130.33.59.10 - - [08/Nov/2025:08:15:44 +0530] "GET /jmfi2.php HTTP/1.1" 404 16 "-" "-"
130.33.59.10 - - [08/Nov/2025:08:15:44 +0530] "GET /class.1.php HTTP/1.1" 404 16 "-" "-"
130.33.59.10 - - [08/Nov/2025:08:15:45 +0530] "GET /fs.php HTTP/1.1" 404 16 "-" "-"
130.33.59.10 - - [08/Nov/2025:08:15:45 +0530] "GET /CLA.php HTTP/1.1" 404 16 "-" "-"
130.33.59.10 - - [08/Nov/2025:08:15:45 +0530] "GET /gfile.php HTTP/1.1" 404 16 "-" "-"
130.33.59.10 - - [08/Nov/2025:08:15:46 +0530] "GET /eauu.php HTTP/1.1" 404 16 "-" "-"
130.33.59.10 - - [08/Nov/2025:08:15:46 +0530] "GET /we.php HTTP/1.1" 404 16 "-" "-"
130.33.59.10 - - [08/Nov/2025:08:15:46 +0530] "GET /fe5.php HTTP/1.1" 404 16 "-" "-"
130.33.59.10 - - [08/Nov/2025:08:15:46 +0530] "GET /cccc.php HTTP/1.1" 404 16 "-" "-"
130.33.59.10 - - [08/Nov/2025:08:15:47 +0530] "GET /shell1.php HTTP/1.1" 404 16 "-" "-"
130.33.59.10 - - [08/Nov/2025:08:15:47 +0530] "GET /gm.php HTTP/1.1" 404 16 "-" "-"
130.33.59.10 - - [08/Nov/2025:08:15:47 +0530] "GET /lala.php HTTP/1.1" 404 16 "-" "-"
130.33.59.10 - - [08/Nov/2025:08:15:48 +0530] "GET /hexx.php HTTP/1.1" 404 16 "-" "-"
130.33.59.10 - - [08/Nov/2025:08:15:48 +0530] "GET /444.php HTTP/1.1" 404 16 "-" "-"
130.33.59.10 - - [08/Nov/2025:08:15:48 +0530] "GET /a2.php HTTP/1.1" 404 16 "-" "-"
130.33.59.10 - - [08/Nov/2025:08:15:49 +0530] "GET /cfile.php HTTP/1.1" 404 16 "-" "-"
130.33.59.10 - - [08/Nov/2025:08:15:49 +0530] "GET /lv.php HTTP/1.1" 404 16 "-" "-"
130.33.59.10 - - [08/Nov/2025:08:15:49 +0530] "GET /goat.php HTTP/1.1" 404 16 "-" "-"
130.33.59.10 - - [08/Nov/2025:08:15:49 +0530] "GET /aa.php HTTP/1.1" 404 16 "-" "-"
130.33.59.10 - - [08/Nov/2025:08:15:50 +0530] "GET /vast.php HTTP/1.1" 404 16 "-" "-"
130.33.59.10 - - [08/Nov/2025:08:15:50 +0530] "GET /cool.php HTTP/1.1" 404 16 "-" "-"
130.33.59.10 - - [08/Nov/2025:08:15:50 +0530] "GET /yanki.php HTTP/1.1" 404 16 "-" "-"
130.33.59.10 - - [08/Nov/2025:08:15:50 +0530] "GET /bolt.php HTTP/1.1" 404 16 "-" "-"
130.33.59.10 - - [08/Nov/2025:08:15:51 +0530] "GET /nfile.php HTTP/1.1" 404 16 "-" "-"
130.33.59.10 - - [08/Nov/2025:08:15:51 +0530] "GET /ilex.php HTTP/1.1" 404 16 "-" "-"
130.33.59.10 - - [08/Nov/2025:08:15:51 +0530] "GET /des.php HTTP/1.1" 404 16 "-" "-"
130.33.59.10 - - [08/Nov/2025:08:15:51 +0530] "GET /ext.php HTTP/1.1" 404 16 "-" "-"
130.33.59.10 - - [08/Nov/2025:08:15:52 +0530] "GET /axx.php HTTP/1.1" 404 16 "-" "-"
130.33.59.10 - - [08/Nov/2025:08:15:52 +0530] "GET /wp-update.php HTTP/1.1" 404 16 "-" "-"
130.33.59.10 - - [08/Nov/2025:08:15:52 +0530] "GET /yasnu.php HTTP/1.1" 404 16 "-" "-"
130.33.59.10 - - [08/Nov/2025:08:15:53 +0530] "GET /new4.php HTTP/1.1" 404 16 "-" "-"
130.33.59.10 - - [08/Nov/2025:08:15:53 +0530] "GET /ava.php HTTP/1.1" 404 16 "-" "-"
130.33.59.10 - - [08/Nov/2025:08:15:53 +0530] "GET /ioxi2.php HTTP/1.1" 404 16 "-" "-"
130.33.59.10 - - [08/Nov/2025:08:15:53 +0530] "GET /gfile1.php HTTP/1.1" 404 16 "-" "-"
130.33.59.10 - - [08/Nov/2025:08:15:54 +0530] "GET /ffile.php HTTP/1.1" 404 16 "-" "-"
130.33.59.10 - - [08/Nov/2025:08:15:54 +0530] "GET /rsnu.php HTTP/1.1" 404 16 "-" "-"
130.33.59.10 - - [08/Nov/2025:08:15:54 +0530] "GET /.well-known/acme-challenge/about.php HTTP/1.1" 404 16 "-" "-"
130.33.59.10 - - [08/Nov/2025:08:15:54 +0530] "GET /default.php HTTP/1.1" 404 16 "-" "-"
130.33.59.10 - - [08/Nov/2025:08:15:55 +0530] "GET /dfre.php HTTP/1.1" 404 16 "-" "-"
130.33.59.10 - - [08/Nov/2025:08:15:55 +0530] "GET /pp.php HTTP/1.1" 404 16 "-" "-"
130.33.59.10 - - [08/Nov/2025:08:15:55 +0530] "GET /13.php HTTP/1.1" 404 16 "-" "-"
130.33.59.10 - - [08/Nov/2025:08:15:55 +0530] "GET /usep.php HTTP/1.1" 404 16 "-" "-"
130.33.59.10 - - [08/Nov/2025:08:15:56 +0530] "GET /3.php HTTP/1.1" 404 16 "-" "-"
130.33.59.10 - - [08/Nov/2025:08:15:56 +0530] "GET /moon.php HTTP/1.1" 404 16 "-" "-"
130.33.59.10 - - [08/Nov/2025:08:15:56 +0530] "GET /0x.php HTTP/1.1" 404 16 "-" "-"
130.33.59.10 - - [08/Nov/2025:08:15:56 +0530] "GET /02.php HTTP/1.1" 404 16 "-" "-"
130.33.59.10 - - [08/Nov/2025:08:15:57 +0530] "GET /xv.php HTTP/1.1" 404 16 "-" "-"
66.249.65.167 - - [08/Nov/2025:09:13:23 +0530] "GET /app-ads.txt HTTP/1.1" 404 196 "-" "Google-adstxt"
185.39.19.43 - - [08/Nov/2025:09:19:46 +0530] "GET / HTTP/1.0" 200 58 "http://cerill.com/" "Mozilla/5.0 (Windows NT 10.0; Win64; x64) AppleWebKit/537.36 (KHTML, like Gecko) Chrome/130.0.0.0 Safari/537.36"
46.8.22.208 - - [08/Nov/2025:10:03:59 +0530] "GET / HTTP/1.1" 200 58 "-" "Python/3.11 aiohttp/3.11.11"
43.166.247.82 - - [08/Nov/2025:11:14:10 +0530] "GET / HTTP/1.1" 200 58 "-" "Mozilla/5.0 (iPhone; CPU iPhone OS 13_2_3 like Mac OS X) AppleWebKit/605.1.15 (KHTML, like Gecko) Version/13.0.3 Mobile/15E148 Safari/604.1"
66.249.65.167 - - [08/Nov/2025:11:16:04 +0530] "GET / HTTP/1.1" 200 58 "-" "Mozilla/5.0 (Linux; Android 6.0.1; Nexus 5X Build/MMB29P) AppleWebKit/537.36 (KHTML, like Gecko) Chrome/141.0.7390.122 Mobile Safari/537.36 (compatible; Googlebot/2.1; +http://www.google.com/bot.html)"
176.223.106.84 - - [08/Nov/2025:11:58:46 +0530] "GET /app-ads.txt HTTP/1.1" 404 196 "-" "Mozilla/5.0 (Macintosh; Intel Mac OS X 10_15_7) AppleWebKit/537.36 (KHTML, like Gecko) Chrome/124.0.0.0 Safari/537.36"
117.62.235.53 - - [08/Nov/2025:12:17:46 +0530] "GET / HTTP/1.1" 200 58 "-" "Mozilla/5.0 (iPhone; CPU iPhone OS 13_2_3 like Mac OS X) AppleWebKit/605.1.15 (KHTML, like Gecko) Version/13.0.3 Mobile/15E148 Safari/604.1"
104.210.140.129 - - [08/Nov/2025:12:20:01 +0530] "GET /robots.txt HTTP/1.1" 404 196 "-" "Mozilla/5.0 (Macintosh; Intel Mac OS X 10_15_7) AppleWebKit/537.36 (KHTML, like Gecko) Chrome/131.0.0.0 Safari/537.36; compatible; OAI-SearchBot/1.0; +https://openai.com/searchbot"
104.210.140.128 - - [08/Nov/2025:12:20:01 +0530] "GET /robots.txt HTTP/1.1" 404 196 "-" "Mozilla/5.0 (Macintosh; Intel Mac OS X 10_15_7) AppleWebKit/537.36 (KHTML, like Gecko) Chrome/131.0.0.0 Safari/537.36; compatible; OAI-SearchBot/1.0; +https://openai.com/searchbot"
43.157.22.57 - - [08/Nov/2025:12:47:26 +0530] "GET / HTTP/1.1" 200 58 "-" "Mozilla/5.0 (iPhone; CPU iPhone OS 13_2_3 like Mac OS X) AppleWebKit/605.1.15 (KHTML, like Gecko) Version/13.0.3 Mobile/15E148 Safari/604.1"
2.58.56.222 - - [08/Nov/2025:12:47:37 +0530] "GET /wp-admin/setup-config.php HTTP/1.1" 404 196 "-" "Mozilla/5.0 (Windows NT 10.0; Win64; x64)"
68.183.207.176 - - [08/Nov/2025:12:53:30 +0530] "GET /app-ads.txt HTTP/1.1" 404 196 "-" "Mozilla/5.0 (Windows NT 10.0; Win64; x64) AppleWebKit/537.36 (KHTML, like Gecko) Chrome/137.0.0.0 Safari/537.36"
68.183.207.176 - - [08/Nov/2025:12:53:31 +0530] "GET /app-ads.txt HTTP/1.1" 404 196 "-" "Mozilla/5.0 (Windows NT 10.0; Win64; x64) AppleWebKit/537.36 (KHTML, like Gecko) Chrome/137.0.0.0 Safari/537.36"
68.183.207.176 - - [08/Nov/2025:12:53:31 +0530] "GET /app-ads.txt HTTP/1.1" 404 196 "-" "Mozilla/5.0 (Windows NT 10.0; Win64; x64) AppleWebKit/537.36 (KHTML, like Gecko) Chrome/137.0.0.0 Safari/537.36"
68.183.207.176 - - [08/Nov/2025:12:53:31 +0530] "GET /app-ads.txt HTTP/1.1" 404 196 "-" "Mozilla/5.0 (Windows NT 10.0; Win64; x64) AppleWebKit/537.36 (KHTML, like Gecko) Chrome/137.0.0.0 Safari/537.36"
45.227.254.34 - - [08/Nov/2025:15:17:43 +0530] "GET / HTTP/1.1" 200 58 "-" "Mozilla/5.0 (X11; Linux x86_64) AppleWebKit/537.36 (KHTML, like Gecko) Chrome/135.0.7049.85 Safari/537.36"
45.131.155.101 - - [08/Nov/2025:15:43:22 +0530] "GET / HTTP/1.1" 200 58 "-" "Mozilla/5.0 (Windows NT 10.0; Win64; x64) AppleWebKit/537.36 (KHTML, like Gecko) Chrome/133.0.0.0 Safari/537.36"
204.76.203.25 - - [08/Nov/2025:16:06:37 +0530] "GET /.gitignore HTTP/1.1" 404 196 "-" "Mozilla/5.0 (Windows NT 10.0; Win64; x64) AppleWebKit/537.36 (KHTML, like Gecko) Chrome/134.0.0.0 Safari/537.3"
66.249.65.167 - - [08/Nov/2025:16:38:50 +0530] "GET /robots.txt HTTP/1.1" 404 196 "-" "Mozilla/5.0 (compatible; Googlebot/2.1; +http://www.google.com/bot.html)"
66.249.65.167 - - [08/Nov/2025:16:38:50 +0530] "GET /privacy.html HTTP/1.1" 200 16139 "-" "Mozilla/5.0 (compatible; Googlebot/2.1; +http://www.google.com/bot.html)"
172.225.186.37 - - [08/Nov/2025:16:42:10 +0530] "GET / HTTP/1.1" 200 58 "-" "Mozilla/5.0 (Macintosh; Intel Mac OS X 10_11_1) AppleWebKit/601.2.4 (KHTML, like Gecko) Version/9.0.1 Safari/601.2.4 facebookexternalhit/1.1 Facebot Twitterbot/1.0"
209.85.238.70 - - [08/Nov/2025:16:52:32 +0530] "GET /privacy.html HTTP/1.1" 200 16139 "-" "PlayStore-Google"
209.85.238.71 - - [08/Nov/2025:16:52:32 +0530] "GET /privacy.html HTTP/1.1" 200 16139 "-" "PlayStore-Google"
66.249.65.167 - - [08/Nov/2025:16:58:37 +0530] "GET /privacy.html HTTP/1.1" 200 16139 "-" "Mozilla/5.0 (compatible; Googlebot/2.1; +http://www.google.com/bot.html)"
66.249.65.168 - - [08/Nov/2025:17:01:25 +0530] "GET / HTTP/1.1" 200 58 "-" "Mozilla/5.0 (compatible; Googlebot/2.1; +http://www.google.com/bot.html)"
66.249.65.168 - - [08/Nov/2025:17:28:11 +0530] "GET / HTTP/1.1" 200 58 "-" "Mozilla/5.0 (compatible; Googlebot/2.1; +http://www.google.com/bot.html)"
43.157.191.20 - - [08/Nov/2025:17:28:56 +0530] "GET / HTTP/1.1" 200 58 "-" "Mozilla/5.0 (iPhone; CPU iPhone OS 13_2_3 like Mac OS X) AppleWebKit/605.1.15 (KHTML, like Gecko) Version/13.0.3 Mobile/15E148 Safari/604.1"
203.2.64.59 - - [08/Nov/2025:18:37:10 +0530] "GET / HTTP/1.1" 200 58 "-" "Mozilla/5.0 (iPhone; CPU iPhone OS 13_2_3 like Mac OS X) AppleWebKit/605.1.15 (KHTML, like Gecko) Version/13.0.3 Mobile/15E148 Safari/604.1"
43.130.39.254 - - [08/Nov/2025:18:49:01 +0530] "GET / HTTP/1.1" 200 58 "-" "Mozilla/5.0 (iPhone; CPU iPhone OS 13_2_3 like Mac OS X) AppleWebKit/605.1.15 (KHTML, like Gecko) Version/13.0.3 Mobile/15E148 Safari/604.1"
66.249.65.168 - - [08/Nov/2025:19:11:57 +0530] "GET / HTTP/1.1" 200 58 "-" "Mozilla/5.0 (compatible; Googlebot/2.1; +http://www.google.com/bot.html)"
66.249.65.167 - - [08/Nov/2025:20:06:36 +0530] "GET / HTTP/1.1" 200 58 "-" "Mozilla/5.0 (compatible; Googlebot/2.1; +http://www.google.com/bot.html)"
34.96.47.30 - - [08/Nov/2025:20:19:02 +0530] "GET / HTTP/1.1" 200 58 "-" "Mozilla/5.0 (Macintosh; Intel Mac OS X 10_15_7) AppleWebKit/537.36 (KHTML, like Gecko) Chrome/123.0.0.0 Safari/537.36"
13.222.61.152 - - [08/Nov/2025:20:28:24 +0530] "GET /robots.txt HTTP/1.1" 404 196 "-" "Mozilla/5.0 (compatible; DotBot/1.1; http://www.opensiteexplorer.org/dotbot, help@moz.com)"
13.222.61.152 - - [08/Nov/2025:20:28:46 +0530] "GET / HTTP/1.1" 200 58 "-" "Mozilla/5.0 (compatible; DotBot/1.1; http://www.opensiteexplorer.org/dotbot, help@moz.com)"
13.222.61.152 - - [08/Nov/2025:20:33:27 +0530] "GET /robots.txt HTTP/1.1" 404 196 "-" "Mozilla/5.0 (compatible; DotBot/1.1; http://www.opensiteexplorer.org/dotbot, help@moz.com)"
66.249.65.168 - - [08/Nov/2025:21:29:16 +0530] "GET / HTTP/1.1" 200 58 "-" "Mozilla/5.0 (Linux; Android 6.0.1; Nexus 5X Build/MMB29P) AppleWebKit/537.36 (KHTML, like Gecko) Chrome/141.0.7390.122 Mobile Safari/537.36 (compatible; Googlebot/2.1; +http://www.google.com/bot.html)"
185.39.19.49 - - [08/Nov/2025:22:37:29 +0530] "GET / HTTP/1.0" 200 58 "http://cerill.com/" "Mozilla/5.0 (Windows NT 10.0; Win64; x64) AppleWebKit/537.36 (KHTML, like Gecko) Chrome/129.0.0.0 Safari/537.36"
209.85.238.72 - - [08/Nov/2025:22:57:43 +0530] "GET /privacy.html HTTP/1.1" 200 16139 "-" "PlayStore-Google"
209.85.238.70 - - [08/Nov/2025:22:57:46 +0530] "GET /privacy.html HTTP/1.1" 200 16139 "-" "PlayStore-Google"
54.166.213.72 - - [08/Nov/2025:23:44:16 +0530] "GET /.git/config HTTP/1.1" 404 196 "-" "Mozilla/5.0 (Windows NT 6.3; Win64; x64) AppleWebKit/537.36 (KHTML, like Gecko) Chrome/75.0.3770.80 Safari/537.36"
43.167.236.228 - - [09/Nov/2025:00:30:03 +0530] "GET / HTTP/1.1" 200 58 "-" "Mozilla/5.0 (iPhone; CPU iPhone OS 13_2_3 like Mac OS X) AppleWebKit/605.1.15 (KHTML, like Gecko) Version/13.0.3 Mobile/15E148 Safari/604.1"
182.42.104.32 - - [09/Nov/2025:00:59:24 +0530] "GET / HTTP/1.1" 200 58 "-" "Mozilla/5.0 (iPhone; CPU iPhone OS 13_2_3 like Mac OS X) AppleWebKit/605.1.15 (KHTML, like Gecko) Version/13.0.3 Mobile/15E148 Safari/604.1"
186.216.179.114 - - [09/Nov/2025:01:40:51 +0530] "POST /xmlrpc.php HTTP/1.1" 404 16 "-" "Mozilla/5.0 (Linux; Android 10; x86) AppleWebKit/537.36 (KHTML, like Gecko) Chrome/88.0.0.0 Safari/537.36"
52.29.15.87 - - [09/Nov/2025:03:35:05 +0530] "GET /robots.txt HTTP/1.1" 404 196 "-" "CheckMarkNetwork/1.0 (+http://www.checkmarknetwork.com/spider.html)"
52.29.15.87 - - [09/Nov/2025:03:35:05 +0530] "HEAD / HTTP/1.1" 200 - "-" "CheckMarkNetwork/1.0 (+http://www.checkmarknetwork.com/spider.html)"
52.29.15.87 - - [09/Nov/2025:03:35:07 +0530] "GET / HTTP/1.1" 200 58 "-" "CheckMarkNetwork/1.0 (+http://www.checkmarknetwork.com/spider.html)"
192.36.109.82 - - [09/Nov/2025:03:47:48 +0530] "GET / HTTP/1.1" 200 58 "-" "Mozilla/5.0 (Linux; Android 14; SM-S901B) AppleWebKit/537.36 (KHTML, like Gecko) Chrome/120.0.6099.280 Mobile Safari/537.36 OPR/80.4.4244.7786"
66.249.65.168 - - [09/Nov/2025:04:14:57 +0530] "GET /privacy.html HTTP/1.1" 200 16139 "-" "Mozilla/5.0 (compatible; Googlebot/2.1; +http://www.google.com/bot.html)"
66.249.65.167 - - [09/Nov/2025:04:39:24 +0530] "GET /robots.txt HTTP/1.1" 404 196 "-" "Mozilla/5.0 (compatible; Googlebot/2.1; +http://www.google.com/bot.html)"
66.249.65.168 - - [09/Nov/2025:04:39:24 +0530] "GET / HTTP/1.1" 200 58 "-" "Mozilla/5.0 (compatible; Googlebot/2.1; +http://www.google.com/bot.html)"
66.249.65.168 - - [09/Nov/2025:05:16:11 +0530] "GET / HTTP/1.1" 200 58 "-" "Mozilla/5.0 (Linux; Android 6.0.1; Nexus 5X Build/MMB29P) AppleWebKit/537.36 (KHTML, like Gecko) Chrome/141.0.7390.122 Mobile Safari/537.36 (compatible; Googlebot/2.1; +http://www.google.com/bot.html)"
196.251.72.102 - - [09/Nov/2025:05:57:20 +0530] "GET / HTTP/1.1" 200 58 "-" "-"
66.249.65.166 - - [09/Nov/2025:06:22:38 +0530] "GET / HTTP/1.1" 200 58 "-" "Mozilla/5.0 (compatible; Googlebot/2.1; +http://www.google.com/bot.html)"
34.85.72.203 - - [09/Nov/2025:07:28:22 +0530] "GET / HTTP/1.1" 200 58 "-" "Mozilla/5.0 (Macintosh; Intel Mac OS X 13.6; rv:123.0) Gecko/20100101 Firefox/123.0"
66.249.65.167 - - [09/Nov/2025:07:32:12 +0530] "GET / HTTP/1.1" 200 58 "-" "Mozilla/5.0 (compatible; Googlebot/2.1; +http://www.google.com/bot.html)"
45.131.155.100 - - [09/Nov/2025:07:48:16 +0530] "GET / HTTP/1.1" 200 58 "-" "Mozilla/5.0 (Windows NT 10.0; Win64; x64) AppleWebKit/537.36 (KHTML, like Gecko) Chrome/138.0.0.0 YaBrowser/25.8.0.0 Safari/537.36"
66.249.65.169 - - [09/Nov/2025:08:14:14 +0530] "GET /robots.txt HTTP/1.1" 404 196 "-" "Mozilla/5.0 (compatible; Googlebot/2.1; +http://www.google.com/bot.html)"
66.249.65.167 - - [09/Nov/2025:08:14:14 +0530] "GET /app-ads.txt HTTP/1.1" 404 196 "-" "Google-adstxt"
204.111.206.104 - - [09/Nov/2025:08:42:56 +0530] "GET /robots.txt HTTP/1.1" 404 196 "www.zaldamo.com" "ZaldamoSearchBot"
158.69.227.165 - - [09/Nov/2025:08:56:11 +0530] "GET /.well-known/acme-challenge/3290ea7544d786000c31b19d43b76ea0key HTTP/1.0" 200 33 "-" "-"
23.178.112.106 - - [09/Nov/2025:08:56:21 +0530] "GET /.well-known/acme-challenge/BVaNqsuX9zdDiKFqjodSf9ni7o_YqVWXB9yewBb_Td4 HTTP/1.1" 200 87 "-" "Mozilla/5.0 (compatible; Let's Encrypt validation server; +https://www.letsencrypt.org)"
13.61.18.121 - - [09/Nov/2025:08:56:21 +0530] "GET /.well-known/acme-challenge/BVaNqsuX9zdDiKFqjodSf9ni7o_YqVWXB9yewBb_Td4 HTTP/1.1" 200 87 "-" "Mozilla/5.0 (compatible; Let's Encrypt validation server; +https://www.letsencrypt.org)"
3.137.180.151 - - [09/Nov/2025:08:56:22 +0530] "GET /.well-known/acme-challenge/BVaNqsuX9zdDiKFqjodSf9ni7o_YqVWXB9yewBb_Td4 HTTP/1.1" 200 87 "-" "Mozilla/5.0 (compatible; Let's Encrypt validation server; +https://www.letsencrypt.org)"
18.246.227.215 - - [09/Nov/2025:08:56:22 +0530] "GET /.well-known/acme-challenge/BVaNqsuX9zdDiKFqjodSf9ni7o_YqVWXB9yewBb_Td4 HTTP/1.1" 200 87 "-" "Mozilla/5.0 (compatible; Let's Encrypt validation server; +https://www.letsencrypt.org)"
18.136.103.81 - - [09/Nov/2025:08:56:22 +0530] "GET /.well-known/acme-challenge/BVaNqsuX9zdDiKFqjodSf9ni7o_YqVWXB9yewBb_Td4 HTTP/1.1" 200 87 "-" "Mozilla/5.0 (compatible; Let's Encrypt validation server; +https://www.letsencrypt.org)"
23.178.112.108 - - [09/Nov/2025:08:56:25 +0530] "GET /.well-known/acme-challenge/hc52FTt1FUL92qvgPBAF7h8yzt1pUokMA3x_F8h2Q8I HTTP/1.1" 200 87 "-" "Mozilla/5.0 (compatible; Let's Encrypt validation server; +https://www.letsencrypt.org)"
16.171.170.178 - - [09/Nov/2025:08:56:26 +0530] "GET /.well-known/acme-challenge/hc52FTt1FUL92qvgPBAF7h8yzt1pUokMA3x_F8h2Q8I HTTP/1.1" 200 87 "-" "Mozilla/5.0 (compatible; Let's Encrypt validation server; +https://www.letsencrypt.org)"
96.41.38.202 - - [09/Nov/2025:08:56:26 +0530] "GET / HTTP/1.1" 200 58 "-" "Mozilla/5.0 (Macintosh; Intel Mac OS X 10.15; rv:139.0) Gecko/20100101 Firefox/139.0"
3.12.198.47 - - [09/Nov/2025:08:56:26 +0530] "GET /.well-known/acme-challenge/hc52FTt1FUL92qvgPBAF7h8yzt1pUokMA3x_F8h2Q8I HTTP/1.1" 200 87 "-" "Mozilla/5.0 (compatible; Let's Encrypt validation server; +https://www.letsencrypt.org)"
96.41.38.202 - - [09/Nov/2025:08:56:26 +0530] "GET /@vite/env HTTP/1.1" 404 196 "-" "Mozilla/5.0 (Macintosh; Intel Mac OS X 10.15; rv:139.0) Gecko/20100101 Firefox/139.0"
54.213.166.159 - - [09/Nov/2025:08:56:26 +0530] "GET /.well-known/acme-challenge/hc52FTt1FUL92qvgPBAF7h8yzt1pUokMA3x_F8h2Q8I HTTP/1.1" 200 87 "-" "Mozilla/5.0 (compatible; Let's Encrypt validation server; +https://www.letsencrypt.org)"
96.41.38.202 - - [09/Nov/2025:08:56:26 +0530] "GET /actutor/env HTTP/1.1" 404 196 "-" "Mozilla/5.0 (Macintosh; Intel Mac OS X 10.15; rv:139.0) Gecko/20100101 Firefox/139.0"
3.1.196.144 - - [09/Nov/2025:08:56:26 +0530] "GET /.well-known/acme-challenge/hc52FTt1FUL92qvgPBAF7h8yzt1pUokMA3x_F8h2Q8I HTTP/1.1" 200 87 "-" "Mozilla/5.0 (compatible; Let's Encrypt validation server; +https://www.letsencrypt.org)"
96.41.38.202 - - [09/Nov/2025:08:56:26 +0530] "GET /.vscode/sftp.json HTTP/1.1" 404 196 "-" "Mozilla/5.0 (Macintosh; Intel Mac OS X 10.15; rv:139.0) Gecko/20100101 Firefox/139.0"
96.41.38.202 - - [09/Nov/2025:08:56:27 +0530] "GET /.env HTTP/1.1" 404 196 "-" "Mozilla/5.0 (Macintosh; Intel Mac OS X 10.15; rv:139.0) Gecko/20100101 Firefox/139.0"
96.41.38.202 - - [09/Nov/2025:08:56:27 +0530] "GET /.git/config HTTP/1.1" 404 196 "-" "Mozilla/5.0 (Macintosh; Intel Mac OS X 10.15; rv:139.0) Gecko/20100101 Firefox/139.0"
103.4.250.244 - - [09/Nov/2025:08:56:50 +0530] "GET / HTTP/1.1" 200 58 "-" "Mozilla/5.0 (Macintosh; Intel Mac OS X 10_15_7) AppleWebKit/537.36 (KHTML, like Gecko) Chrome/117.0.0.0 Safari/537.36"
104.164.126.22 - - [09/Nov/2025:08:56:51 +0530] "GET / HTTP/1.1" 200 58 "-" "Mozilla/5.0 (Macintosh; Intel Mac OS X 10_15_7) AppleWebKit/537.36 (KHTML, like Gecko) Chrome/117.0.0.0 Safari/537.36"
139.59.143.102 - - [09/Nov/2025:08:56:57 +0530] "GET / HTTP/1.1" 200 58 "-" "-"
209.38.208.202 - - [09/Nov/2025:08:56:57 +0530] "GET / HTTP/1.1" 200 58 "-" "-"
139.59.143.102 - - [09/Nov/2025:08:56:57 +0530] "GET / HTTP/1.1" 200 58 "-" "Mozilla/5.0 (Linux; Android 6.0; HTC One M9 Build/MRA667607) AppleWebKit/537.36 (KHTML, like Gecko) Chrome/52.0.2297.98 Mobile Safari/537.3"
206.81.24.74 - - [09/Nov/2025:08:56:57 +0530] "GET / HTTP/1.1" 200 58 "-" "-"
46.101.111.185 - - [09/Nov/2025:08:56:57 +0530] "GET / HTTP/1.1" 200 58 "-" "-"
139.59.143.102 - - [09/Nov/2025:08:56:57 +0530] "POST /graphql HTTP/1.1" 404 196 "-" "Mozilla/5.0 (l9scan/2.0.337313e2634313e2334323e2633313; +https://leakix.net)"
46.101.111.185 - - [09/Nov/2025:08:56:57 +0530] "GET / HTTP/1.1" 200 58 "-" "Mozilla/5.0 (Linux; Android 6.0; HTC One M9 Build/MRA667607) AppleWebKit/537.36 (KHTML, like Gecko) Chrome/52.0.2297.98 Mobile Safari/537.3"
206.81.24.74 - - [09/Nov/2025:08:56:57 +0530] "GET / HTTP/1.1" 200 58 "-" "Mozilla/5.0 (Linux; Android 6.0; HTC One M9 Build/MRA667607) AppleWebKit/537.36 (KHTML, like Gecko) Chrome/52.0.2297.98 Mobile Safari/537.3"
209.38.208.202 - - [09/Nov/2025:08:56:57 +0530] "GET / HTTP/1.1" 200 58 "-" "Mozilla/5.0 (Linux; Android 6.0; HTC One M9 Build/MRA667607) AppleWebKit/537.36 (KHTML, like Gecko) Chrome/52.0.2297.98 Mobile Safari/537.3"
139.59.143.102 - - [09/Nov/2025:08:56:57 +0530] "POST /api HTTP/1.1" 404 196 "-" "Mozilla/5.0 (l9scan/2.0.337313e2634313e2334323e2633313; +https://leakix.net)"
206.81.24.74 - - [09/Nov/2025:08:56:57 +0530] "POST /graphql HTTP/1.1" 404 196 "-" "Mozilla/5.0 (l9scan/2.0.337313e2634313e2334323e2633313; +https://leakix.net)"
209.38.208.202 - - [09/Nov/2025:08:56:57 +0530] "POST /graphql HTTP/1.1" 404 196 "-" "Mozilla/5.0 (l9scan/2.0.337313e2634313e2334323e2633313; +https://leakix.net)"
46.101.111.185 - - [09/Nov/2025:08:56:57 +0530] "POST /graphql HTTP/1.1" 404 196 "-" "Mozilla/5.0 (l9scan/2.0.337313e2634313e2334323e2633313; +https://leakix.net)"
139.59.143.102 - - [09/Nov/2025:08:56:57 +0530] "POST /api/graphql HTTP/1.1" 404 196 "-" "Mozilla/5.0 (l9scan/2.0.337313e2634313e2334323e2633313; +https://leakix.net)"
206.81.24.74 - - [09/Nov/2025:08:56:57 +0530] "POST /api HTTP/1.1" 404 196 "-" "Mozilla/5.0 (l9scan/2.0.337313e2634313e2334323e2633313; +https://leakix.net)"
209.38.208.202 - - [09/Nov/2025:08:56:57 +0530] "POST /api HTTP/1.1" 404 196 "-" "Mozilla/5.0 (l9scan/2.0.337313e2634313e2334323e2633313; +https://leakix.net)"
206.81.24.74 - - [09/Nov/2025:08:56:57 +0530] "POST /api/graphql HTTP/1.1" 404 196 "-" "Mozilla/5.0 (l9scan/2.0.337313e2634313e2334323e2633313; +https://leakix.net)"
209.38.208.202 - - [09/Nov/2025:08:56:57 +0530] "POST /api/graphql HTTP/1.1" 404 196 "-" "Mozilla/5.0 (l9scan/2.0.337313e2634313e2334323e2633313; +https://leakix.net)"
206.81.24.74 - - [09/Nov/2025:08:56:57 +0530] "POST /graphql/api HTTP/1.1" 404 196 "-" "Mozilla/5.0 (l9scan/2.0.337313e2634313e2334323e2633313; +https://leakix.net)"
46.101.111.185 - - [09/Nov/2025:08:56:57 +0530] "POST /api HTTP/1.1" 404 196 "-" "Mozilla/5.0 (l9scan/2.0.337313e2634313e2334323e2633313; +https://leakix.net)"
139.59.143.102 - - [09/Nov/2025:08:56:57 +0530] "POST /graphql/api HTTP/1.1" 404 196 "-" "Mozilla/5.0 (l9scan/2.0.337313e2634313e2334323e2633313; +https://leakix.net)"
206.81.24.74 - - [09/Nov/2025:08:56:57 +0530] "POST /api/gql HTTP/1.1" 404 196 "-" "Mozilla/5.0 (l9scan/2.0.337313e2634313e2334323e2633313; +https://leakix.net)"
206.81.24.74 - - [09/Nov/2025:08:56:57 +0530] "GET /swagger-ui.html HTTP/1.1" 404 196 "-" "Mozilla/5.0 (l9scan/2.0.337313e2634313e2334323e2633313; +https://leakix.net)"
46.101.111.185 - - [09/Nov/2025:08:56:57 +0530] "POST /api/graphql HTTP/1.1" 404 196 "-" "Mozilla/5.0 (l9scan/2.0.337313e2634313e2334323e2633313; +https://leakix.net)"
206.81.24.74 - - [09/Nov/2025:08:56:57 +0530] "GET /swagger/index.html HTTP/1.1" 404 196 "-" "Mozilla/5.0 (l9scan/2.0.337313e2634313e2334323e2633313; +https://leakix.net)"
206.81.24.74 - - [09/Nov/2025:08:56:57 +0530] "GET /swagger/swagger-ui.html HTTP/1.1" 404 196 "-" "Mozilla/5.0 (l9scan/2.0.337313e2634313e2334323e2633313; +https://leakix.net)"
46.101.111.185 - - [09/Nov/2025:08:56:57 +0530] "POST /graphql/api HTTP/1.1" 404 196 "-" "Mozilla/5.0 (l9scan/2.0.337313e2634313e2334323e2633313; +https://leakix.net)"
206.81.24.74 - - [09/Nov/2025:08:56:57 +0530] "GET /webjars/swagger-ui/index.html HTTP/1.1" 404 196 "-" "Mozilla/5.0 (l9scan/2.0.337313e2634313e2334323e2633313; +https://leakix.net)"
139.59.143.102 - - [09/Nov/2025:08:56:57 +0530] "POST /api/gql HTTP/1.1" 404 196 "-" "Mozilla/5.0 (l9scan/2.0.337313e2634313e2334323e2633313; +https://leakix.net)"
46.101.111.185 - - [09/Nov/2025:08:56:58 +0530] "POST /api/gql HTTP/1.1" 404 196 "-" "Mozilla/5.0 (l9scan/2.0.337313e2634313e2334323e2633313; +https://leakix.net)"
206.81.24.74 - - [09/Nov/2025:08:56:58 +0530] "GET /swagger.json HTTP/1.1" 404 196 "-" "Mozilla/5.0 (l9scan/2.0.337313e2634313e2334323e2633313; +https://leakix.net)"
209.38.208.202 - - [09/Nov/2025:08:56:58 +0530] "POST /graphql/api HTTP/1.1" 404 196 "-" "Mozilla/5.0 (l9scan/2.0.337313e2634313e2334323e2633313; +https://leakix.net)"
46.101.111.185 - - [09/Nov/2025:08:56:58 +0530] "GET /swagger-ui.html HTTP/1.1" 404 196 "-" "Mozilla/5.0 (l9scan/2.0.337313e2634313e2334323e2633313; +https://leakix.net)"
206.81.24.74 - - [09/Nov/2025:08:56:58 +0530] "GET /swagger/v1/swagger.json HTTP/1.1" 404 196 "-" "Mozilla/5.0 (l9scan/2.0.337313e2634313e2334323e2633313; +https://leakix.net)"
206.81.24.74 - - [09/Nov/2025:08:56:58 +0530] "GET /v2/api-docs HTTP/1.1" 404 196 "-" "Mozilla/5.0 (l9scan/2.0.337313e2634313e2334323e2633313; +https://leakix.net)"
46.101.111.185 - - [09/Nov/2025:08:56:58 +0530] "GET /swagger/index.html HTTP/1.1" 404 196 "-" "Mozilla/5.0 (l9scan/2.0.337313e2634313e2334323e2633313; +https://leakix.net)"
139.59.143.102 - - [09/Nov/2025:08:56:58 +0530] "GET /swagger-ui.html HTTP/1.1" 404 196 "-" "Mozilla/5.0 (l9scan/2.0.337313e2634313e2334323e2633313; +https://leakix.net)"
206.81.24.74 - - [09/Nov/2025:08:56:58 +0530] "GET /v3/api-docs HTTP/1.1" 404 196 "-" "Mozilla/5.0 (l9scan/2.0.337313e2634313e2334323e2633313; +https://leakix.net)"
46.101.111.185 - - [09/Nov/2025:08:56:58 +0530] "GET /swagger/swagger-ui.html HTTP/1.1" 404 196 "-" "Mozilla/5.0 (l9scan/2.0.337313e2634313e2334323e2633313; +https://leakix.net)"
206.81.24.74 - - [09/Nov/2025:08:56:58 +0530] "GET /api-docs/swagger.json HTTP/1.1" 404 196 "-" "Mozilla/5.0 (l9scan/2.0.337313e2634313e2334323e2633313; +https://leakix.net)"
46.101.111.185 - - [09/Nov/2025:08:56:58 +0530] "GET /webjars/swagger-ui/index.html HTTP/1.1" 404 196 "-" "Mozilla/5.0 (l9scan/2.0.337313e2634313e2334323e2633313; +https://leakix.net)"
139.59.143.102 - - [09/Nov/2025:08:56:58 +0530] "GET /swagger/index.html HTTP/1.1" 404 196 "-" "Mozilla/5.0 (l9scan/2.0.337313e2634313e2334323e2633313; +https://leakix.net)"
46.101.111.185 - - [09/Nov/2025:08:56:58 +0530] "GET /swagger.json HTTP/1.1" 404 196 "-" "Mozilla/5.0 (l9scan/2.0.337313e2634313e2334323e2633313; +https://leakix.net)"
209.38.208.202 - - [09/Nov/2025:08:56:58 +0530] "POST /api/gql HTTP/1.1" 404 196 "-" "Mozilla/5.0 (l9scan/2.0.337313e2634313e2334323e2633313; +https://leakix.net)"
139.59.143.102 - - [09/Nov/2025:08:56:58 +0530] "GET /swagger/swagger-ui.html HTTP/1.1" 404 196 "-" "Mozilla/5.0 (l9scan/2.0.337313e2634313e2334323e2633313; +https://leakix.net)"
46.101.111.185 - - [09/Nov/2025:08:56:58 +0530] "GET /swagger/v1/swagger.json HTTP/1.1" 404 196 "-" "Mozilla/5.0 (l9scan/2.0.337313e2634313e2334323e2633313; +https://leakix.net)"
209.38.208.202 - - [09/Nov/2025:08:56:58 +0530] "GET /swagger-ui.html HTTP/1.1" 404 196 "-" "Mozilla/5.0 (l9scan/2.0.337313e2634313e2334323e2633313; +https://leakix.net)"
46.101.111.185 - - [09/Nov/2025:08:56:58 +0530] "GET /v2/api-docs HTTP/1.1" 404 196 "-" "Mozilla/5.0 (l9scan/2.0.337313e2634313e2334323e2633313; +https://leakix.net)"
206.81.24.74 - - [09/Nov/2025:08:56:58 +0530] "GET /api/swagger.json HTTP/1.1" 404 196 "-" "Mozilla/5.0 (l9scan/2.0.337313e2634313e2334323e2633313; +https://leakix.net)"
139.59.143.102 - - [09/Nov/2025:08:56:58 +0530] "GET /webjars/swagger-ui/index.html HTTP/1.1" 404 196 "-" "Mozilla/5.0 (l9scan/2.0.337313e2634313e2334323e2633313; +https://leakix.net)"
46.101.111.185 - - [09/Nov/2025:08:56:58 +0530] "GET /v3/api-docs HTTP/1.1" 404 196 "-" "Mozilla/5.0 (l9scan/2.0.337313e2634313e2334323e2633313; +https://leakix.net)"
46.101.111.185 - - [09/Nov/2025:08:56:58 +0530] "GET /api-docs/swagger.json HTTP/1.1" 404 196 "-" "Mozilla/5.0 (l9scan/2.0.337313e2634313e2334323e2633313; +https://leakix.net)"
139.59.143.102 - - [09/Nov/2025:08:56:58 +0530] "GET /swagger.json HTTP/1.1" 404 196 "-" "Mozilla/5.0 (l9scan/2.0.337313e2634313e2334323e2633313; +https://leakix.net)"
46.101.111.185 - - [09/Nov/2025:08:56:58 +0530] "GET /api/swagger.json HTTP/1.1" 404 196 "-" "Mozilla/5.0 (l9scan/2.0.337313e2634313e2334323e2633313; +https://leakix.net)"
209.38.208.202 - - [09/Nov/2025:08:56:58 +0530] "GET /swagger/index.html HTTP/1.1" 404 196 "-" "Mozilla/5.0 (l9scan/2.0.337313e2634313e2334323e2633313; +https://leakix.net)"
46.101.111.185 - - [09/Nov/2025:08:56:58 +0530] "GET /@vite/env HTTP/1.1" 404 196 "-" "Go-http-client/1.1"
139.59.143.102 - - [09/Nov/2025:08:56:58 +0530] "GET /swagger/v1/swagger.json HTTP/1.1" 404 196 "-" "Mozilla/5.0 (l9scan/2.0.337313e2634313e2334323e2633313; +https://leakix.net)"
206.81.24.74 - - [09/Nov/2025:08:56:58 +0530] "GET /@vite/env HTTP/1.1" 404 196 "-" "Go-http-client/1.1"
209.38.208.202 - - [09/Nov/2025:08:56:58 +0530] "GET /swagger/swagger-ui.html HTTP/1.1" 404 196 "-" "Mozilla/5.0 (l9scan/2.0.337313e2634313e2334323e2633313; +https://leakix.net)"
46.101.111.185 - - [09/Nov/2025:08:56:58 +0530] "GET /actuator/env HTTP/1.1" 404 196 "-" "Go-http-client/1.1"
139.59.143.102 - - [09/Nov/2025:08:56:58 +0530] "GET /v2/api-docs HTTP/1.1" 404 196 "-" "Mozilla/5.0 (l9scan/2.0.337313e2634313e2334323e2633313; +https://leakix.net)"
206.81.24.74 - - [09/Nov/2025:08:56:58 +0530] "GET /actuator/env HTTP/1.1" 404 196 "-" "Go-http-client/1.1"
46.101.111.185 - - [09/Nov/2025:08:56:58 +0530] "POST /php-cgi/php-cgi.exe?%ADd+cgi.force_redirect%3D0+%ADd+disable_functions%3D\"\"+%ADd+allow_url_include%3D1+%ADd+auto_prepend_file%3Dphp://input HTTP/1.1" 404 196 "-" "Go-http-client/1.1"
139.59.143.102 - - [09/Nov/2025:08:56:58 +0530] "GET /v3/api-docs HTTP/1.1" 404 196 "-" "Mozilla/5.0 (l9scan/2.0.337313e2634313e2334323e2633313; +https://leakix.net)"
139.59.143.102 - - [09/Nov/2025:08:56:58 +0530] "GET /api-docs/swagger.json HTTP/1.1" 404 196 "-" "Mozilla/5.0 (l9scan/2.0.337313e2634313e2334323e2633313; +https://leakix.net)"
206.81.24.74 - - [09/Nov/2025:08:56:58 +0530] "POST /php-cgi/php-cgi.exe?%ADd+cgi.force_redirect%3D0+%ADd+disable_functions%3D\"\"+%ADd+allow_url_include%3D1+%ADd+auto_prepend_file%3Dphp://input HTTP/1.1" 404 196 "-" "Go-http-client/1.1"
209.38.208.202 - - [09/Nov/2025:08:56:58 +0530] "GET /webjars/swagger-ui/index.html HTTP/1.1" 404 196 "-" "Mozilla/5.0 (l9scan/2.0.337313e2634313e2334323e2633313; +https://leakix.net)"
46.101.111.185 - - [09/Nov/2025:08:56:58 +0530] "GET /server HTTP/1.1" 404 196 "-" "Go-http-client/1.1"
139.59.143.102 - - [09/Nov/2025:08:56:58 +0530] "GET /api/swagger.json HTTP/1.1" 404 196 "-" "Mozilla/5.0 (l9scan/2.0.337313e2634313e2334323e2633313; +https://leakix.net)"
139.59.143.102 - - [09/Nov/2025:08:56:58 +0530] "GET /@vite/env HTTP/1.1" 404 196 "-" "Go-http-client/1.1"
139.59.143.102 - - [09/Nov/2025:08:56:58 +0530] "GET /actuator/env HTTP/1.1" 404 196 "-" "Go-http-client/1.1"
139.59.143.102 - - [09/Nov/2025:08:56:58 +0530] "POST /php-cgi/php-cgi.exe?%ADd+cgi.force_redirect%3D0+%ADd+disable_functions%3D\"\"+%ADd+allow_url_include%3D1+%ADd+auto_prepend_file%3Dphp://input HTTP/1.1" 404 196 "-" "Go-http-client/1.1"
206.81.24.74 - - [09/Nov/2025:08:56:58 +0530] "GET /server HTTP/1.1" 404 196 "-" "Go-http-client/1.1"
209.38.208.202 - - [09/Nov/2025:08:56:58 +0530] "GET /swagger.json HTTP/1.1" 404 196 "-" "Mozilla/5.0 (l9scan/2.0.337313e2634313e2334323e2633313; +https://leakix.net)"
139.59.143.102 - - [09/Nov/2025:08:56:58 +0530] "GET /server HTTP/1.1" 404 196 "-" "Go-http-client/1.1"
139.59.143.102 - - [09/Nov/2025:08:56:58 +0530] "GET /.vscode/sftp.json HTTP/1.1" 404 196 "-" "Go-http-client/1.1"
46.101.111.185 - - [09/Nov/2025:08:56:58 +0530] "GET /.vscode/sftp.json HTTP/1.1" 404 196 "-" "Go-http-client/1.1"
139.59.143.102 - - [09/Nov/2025:08:56:58 +0530] "GET /about HTTP/1.1" 404 196 "-" "Go-http-client/1.1"
209.38.208.202 - - [09/Nov/2025:08:56:58 +0530] "GET /swagger/v1/swagger.json HTTP/1.1" 404 196 "-" "Mozilla/5.0 (l9scan/2.0.337313e2634313e2334323e2633313; +https://leakix.net)"
206.81.24.74 - - [09/Nov/2025:08:56:58 +0530] "GET /.vscode/sftp.json HTTP/1.1" 404 196 "-" "Go-http-client/1.1"
139.59.143.102 - - [09/Nov/2025:08:56:58 +0530] "GET /debug/default/view?panel=config HTTP/1.1" 404 196 "-" "Go-http-client/1.1"
139.59.143.102 - - [09/Nov/2025:08:56:58 +0530] "GET /v2/_catalog HTTP/1.1" 404 196 "-" "Go-http-client/1.1"
46.101.111.185 - - [09/Nov/2025:08:56:58 +0530] "GET /about HTTP/1.1" 404 196 "-" "Go-http-client/1.1"
139.59.143.102 - - [09/Nov/2025:08:56:58 +0530] "GET /ecp/Current/exporttool/microsoft.exchange.ediscovery.exporttool.application HTTP/1.1" 404 196 "-" "Go-http-client/1.1"
209.38.208.202 - - [09/Nov/2025:08:56:58 +0530] "GET /v2/api-docs HTTP/1.1" 404 196 "-" "Mozilla/5.0 (l9scan/2.0.337313e2634313e2334323e2633313; +https://leakix.net)"
206.81.24.74 - - [09/Nov/2025:08:56:58 +0530] "GET /about HTTP/1.1" 404 196 "-" "Go-http-client/1.1"
46.101.111.185 - - [09/Nov/2025:08:56:58 +0530] "GET /debug/default/view?panel=config HTTP/1.1" 404 196 "-" "Go-http-client/1.1"
46.101.111.185 - - [09/Nov/2025:08:56:58 +0530] "GET /v2/_catalog HTTP/1.1" 404 196 "-" "Go-http-client/1.1"
209.38.208.202 - - [09/Nov/2025:08:56:59 +0530] "GET /v3/api-docs HTTP/1.1" 404 196 "-" "Mozilla/5.0 (l9scan/2.0.337313e2634313e2334323e2633313; +https://leakix.net)"
46.101.111.185 - - [09/Nov/2025:08:56:59 +0530] "GET /ecp/Current/exporttool/microsoft.exchange.ediscovery.exporttool.application HTTP/1.1" 404 196 "-" "Go-http-client/1.1"
139.59.143.102 - - [09/Nov/2025:08:56:58 +0530] "GET /server-status HTTP/1.1" 403 199 "-" "Go-http-client/1.1"
206.81.24.74 - - [09/Nov/2025:08:56:59 +0530] "GET /debug/default/view?panel=config HTTP/1.1" 404 196 "-" "Go-http-client/1.1"
139.59.143.102 - - [09/Nov/2025:08:56:59 +0530] "GET /login.action HTTP/1.1" 404 196 "-" "Go-http-client/1.1"
139.59.143.102 - - [09/Nov/2025:08:56:59 +0530] "GET /_all_dbs HTTP/1.1" 404 196 "-" "Mozilla/5.0 (l9scan/2.0.337313e2634313e2334323e2633313; +https://leakix.net)"
46.101.111.185 - - [09/Nov/2025:08:56:59 +0530] "GET /server-status HTTP/1.1" 403 199 "-" "Go-http-client/1.1"
209.38.208.202 - - [09/Nov/2025:08:56:59 +0530] "GET /api-docs/swagger.json HTTP/1.1" 404 196 "-" "Mozilla/5.0 (l9scan/2.0.337313e2634313e2334323e2633313; +https://leakix.net)"
206.81.24.74 - - [09/Nov/2025:08:56:59 +0530] "GET /v2/_catalog HTTP/1.1" 404 196 "-" "Go-http-client/1.1"
139.59.143.102 - - [09/Nov/2025:08:56:59 +0530] "GET /.DS_Store HTTP/1.1" 404 196 "-" "Go-http-client/1.1"
46.101.111.185 - - [09/Nov/2025:08:56:59 +0530] "GET /login.action HTTP/1.1" 404 196 "-" "Go-http-client/1.1"
46.101.111.185 - - [09/Nov/2025:08:56:59 +0530] "GET /_all_dbs HTTP/1.1" 404 196 "-" "Mozilla/5.0 (l9scan/2.0.337313e2634313e2334323e2633313; +https://leakix.net)"
139.59.143.102 - - [09/Nov/2025:08:56:59 +0530] "GET /.env HTTP/1.1" 404 196 "-" "Go-http-client/1.1"
139.59.143.102 - - [09/Nov/2025:08:56:59 +0530] "GET /.git/config HTTP/1.1" 404 196 "-" "Go-http-client/1.1"
206.81.24.74 - - [09/Nov/2025:08:56:59 +0530] "GET /ecp/Current/exporttool/microsoft.exchange.ediscovery.exporttool.application HTTP/1.1" 404 196 "-" "Go-http-client/1.1"
46.101.111.185 - - [09/Nov/2025:08:56:59 +0530] "GET /.DS_Store HTTP/1.1" 404 196 "-" "Go-http-client/1.1"
139.59.143.102 - - [09/Nov/2025:08:56:59 +0530] "GET /s/337313e2634313e2334323e2633313/_/;/META-INF/maven/com.atlassian.jira/jira-webapp-dist/pom.properties HTTP/1.1" 404 196 "-" "Go-http-client/1.1"
139.59.143.102 - - [09/Nov/2025:08:56:59 +0530] "GET /config.json HTTP/1.1" 404 196 "-" "Go-http-client/1.1"
46.101.111.185 - - [09/Nov/2025:08:56:59 +0530] "GET /.env HTTP/1.1" 404 196 "-" "Go-http-client/1.1"
46.101.111.185 - - [09/Nov/2025:08:56:59 +0530] "GET /.git/config HTTP/1.1" 404 196 "-" "Go-http-client/1.1"
139.59.143.102 - - [09/Nov/2025:08:56:59 +0530] "GET /telescope/requests HTTP/1.1" 404 196 "-" "Go-http-client/1.1"
206.81.24.74 - - [09/Nov/2025:08:56:59 +0530] "GET /server-status HTTP/1.1" 403 199 "-" "Go-http-client/1.1"
46.101.111.185 - - [09/Nov/2025:08:56:59 +0530] "GET /s/337313e2634313e2334323e2633313/_/;/META-INF/maven/com.atlassian.jira/jira-webapp-dist/pom.properties HTTP/1.1" 404 196 "-" "Go-http-client/1.1"
139.59.143.102 - - [09/Nov/2025:08:56:59 +0530] "GET /info.php HTTP/1.1" 404 16 "-" "Go-http-client/1.1"
46.101.111.185 - - [09/Nov/2025:08:56:59 +0530] "GET /config.json HTTP/1.1" 404 196 "-" "Go-http-client/1.1"
206.81.24.74 - - [09/Nov/2025:08:56:59 +0530] "GET /login.action HTTP/1.1" 404 196 "-" "Go-http-client/1.1"
46.101.111.185 - - [09/Nov/2025:08:56:59 +0530] "GET /telescope/requests HTTP/1.1" 404 196 "-" "Go-http-client/1.1"
206.81.24.74 - - [09/Nov/2025:08:56:59 +0530] "GET /_all_dbs HTTP/1.1" 404 196 "-" "Mozilla/5.0 (l9scan/2.0.337313e2634313e2334323e2633313; +https://leakix.net)"
46.101.111.185 - - [09/Nov/2025:08:56:59 +0530] "GET /info.php HTTP/1.1" 404 16 "-" "Go-http-client/1.1"
209.38.208.202 - - [09/Nov/2025:08:56:59 +0530] "GET /api/swagger.json HTTP/1.1" 404 196 "-" "Mozilla/5.0 (l9scan/2.0.337313e2634313e2334323e2633313; +https://leakix.net)"
206.81.24.74 - - [09/Nov/2025:08:56:59 +0530] "GET /.DS_Store HTTP/1.1" 404 196 "-" "Go-http-client/1.1"
139.59.143.102 - - [09/Nov/2025:08:56:59 +0530] "GET /?rest_route=/wp/v2/users/ HTTP/1.1" 200 58 "-" "Go-http-client/1.1"
206.81.24.74 - - [09/Nov/2025:08:56:59 +0530] "GET /.env HTTP/1.1" 404 196 "-" "Go-http-client/1.1"
46.101.111.185 - - [09/Nov/2025:08:56:59 +0530] "GET /?rest_route=/wp/v2/users/ HTTP/1.1" 200 58 "-" "Go-http-client/1.1"
206.81.24.74 - - [09/Nov/2025:08:56:59 +0530] "GET /.git/config HTTP/1.1" 404 196 "-" "Go-http-client/1.1"
206.81.24.74 - - [09/Nov/2025:08:56:59 +0530] "GET /s/337313e2634313e2334323e2633313/_/;/META-INF/maven/com.atlassian.jira/jira-webapp-dist/pom.properties HTTP/1.1" 404 196 "-" "Go-http-client/1.1"
206.81.24.74 - - [09/Nov/2025:08:56:59 +0530] "GET /config.json HTTP/1.1" 404 196 "-" "Go-http-client/1.1"
206.81.24.74 - - [09/Nov/2025:08:56:59 +0530] "GET /telescope/requests HTTP/1.1" 404 196 "-" "Go-http-client/1.1"
209.38.208.202 - - [09/Nov/2025:08:56:59 +0530] "GET /@vite/env HTTP/1.1" 404 196 "-" "Go-http-client/1.1"
206.81.24.74 - - [09/Nov/2025:08:56:59 +0530] "GET /info.php HTTP/1.1" 404 16 "-" "Go-http-client/1.1"
206.81.24.74 - - [09/Nov/2025:08:56:59 +0530] "GET /?rest_route=/wp/v2/users/ HTTP/1.1" 200 58 "-" "Go-http-client/1.1"
209.38.208.202 - - [09/Nov/2025:08:56:59 +0530] "GET /actuator/env HTTP/1.1" 404 196 "-" "Go-http-client/1.1"
209.38.208.202 - - [09/Nov/2025:08:56:59 +0530] "POST /php-cgi/php-cgi.exe?%ADd+cgi.force_redirect%3D0+%ADd+disable_functions%3D\"\"+%ADd+allow_url_include%3D1+%ADd+auto_prepend_file%3Dphp://input HTTP/1.1" 404 196 "-" "Go-http-client/1.1"
209.38.208.202 - - [09/Nov/2025:08:56:59 +0530] "GET /server HTTP/1.1" 404 196 "-" "Go-http-client/1.1"
209.38.208.202 - - [09/Nov/2025:08:56:59 +0530] "GET /.vscode/sftp.json HTTP/1.1" 404 196 "-" "Go-http-client/1.1"
209.38.208.202 - - [09/Nov/2025:08:56:59 +0530] "GET /about HTTP/1.1" 404 196 "-" "Go-http-client/1.1"
209.38.208.202 - - [09/Nov/2025:08:56:59 +0530] "GET /debug/default/view?panel=config HTTP/1.1" 404 196 "-" "Go-http-client/1.1"
209.38.208.202 - - [09/Nov/2025:08:56:59 +0530] "GET /v2/_catalog HTTP/1.1" 404 196 "-" "Go-http-client/1.1"
209.38.208.202 - - [09/Nov/2025:08:57:00 +0530] "GET /ecp/Current/exporttool/microsoft.exchange.ediscovery.exporttool.application HTTP/1.1" 404 196 "-" "Go-http-client/1.1"
209.38.208.202 - - [09/Nov/2025:08:57:00 +0530] "GET /server-status HTTP/1.1" 403 199 "-" "Go-http-client/1.1"
209.38.208.202 - - [09/Nov/2025:08:57:00 +0530] "GET /login.action HTTP/1.1" 404 196 "-" "Go-http-client/1.1"
209.38.208.202 - - [09/Nov/2025:08:57:00 +0530] "GET /_all_dbs HTTP/1.1" 404 196 "-" "Mozilla/5.0 (l9scan/2.0.337313e2634313e2334323e2633313; +https://leakix.net)"
209.38.208.202 - - [09/Nov/2025:08:57:00 +0530] "GET /.DS_Store HTTP/1.1" 404 196 "-" "Go-http-client/1.1"
209.38.208.202 - - [09/Nov/2025:08:57:00 +0530] "GET /.env HTTP/1.1" 404 196 "-" "Go-http-client/1.1"
209.38.208.202 - - [09/Nov/2025:08:57:00 +0530] "GET /.git/config HTTP/1.1" 404 196 "-" "Go-http-client/1.1"
209.38.208.202 - - [09/Nov/2025:08:57:00 +0530] "GET /s/337313e2634313e2334323e2633313/_/;/META-INF/maven/com.atlassian.jira/jira-webapp-dist/pom.properties HTTP/1.1" 404 196 "-" "Go-http-client/1.1"
209.38.208.202 - - [09/Nov/2025:08:57:00 +0530] "GET /config.json HTTP/1.1" 404 196 "-" "Go-http-client/1.1"
209.38.208.202 - - [09/Nov/2025:08:57:01 +0530] "GET /telescope/requests HTTP/1.1" 404 196 "-" "Go-http-client/1.1"
209.38.208.202 - - [09/Nov/2025:08:57:01 +0530] "GET /info.php HTTP/1.1" 404 16 "-" "Go-http-client/1.1"
209.38.208.202 - - [09/Nov/2025:08:57:01 +0530] "GET /?rest_route=/wp/v2/users/ HTTP/1.1" 200 58 "-" "Go-http-client/1.1"
103.4.250.244 - - [09/Nov/2025:08:57:23 +0530] "GET / HTTP/1.1" 200 58 "-" "Mozilla/5.0 (Windows NT 10.0; Win64; x64) AppleWebKit/537.36 (KHTML, like Gecko) Chrome/116.0.0.0 Safari/537.36"
40.88.21.235 - - [09/Nov/2025:08:57:38 +0530] "GET / HTTP/1.1" 200 58 "http://cerill.com/" "DuckDuckBot/1.1; (+http://duckduckgo.com/duckduckbot.html)"
40.88.21.235 - - [09/Nov/2025:08:57:38 +0530] "GET /favicon.ico HTTP/1.1" 404 196 "http://cerill.com/favicon.ico" "DuckDuckBot/1.1; (+http://duckduckgo.com/duckduckbot.html)"
162.220.234.124 - - [09/Nov/2025:08:57:43 +0530] "GET / HTTP/1.1" 200 58 "-" "node"
37.46.115.49 - - [09/Nov/2025:08:57:57 +0530] "GET / HTTP/1.1" 200 58 "-" "Mozilla/5.0 (X11; Linux x86_64) AppleWebKit/537.36 (KHTML, like Gecko) Chrome/137.0.0.0 Safari/537.36"
37.46.115.49 - - [09/Nov/2025:08:57:57 +0530] "GET /favicon.ico HTTP/1.1" 404 196 "-" "Mozilla/5.0 (X11; Linux x86_64) AppleWebKit/537.36 (KHTML, like Gecko) Chrome/136.0.0.0 Safari/537.36"
95.214.216.141 - - [09/Nov/2025:08:57:57 +0530] "GET / HTTP/1.1" 200 58 "-" "Mozilla/5.0 (X11; Linux x86_64) AppleWebKit/537.36 (KHTML, like Gecko) Chrome/137.0.0.0 Safari/537.36"
95.214.216.141 - - [09/Nov/2025:08:57:57 +0530] "GET /favicon.ico HTTP/1.1" 404 196 "-" "Mozilla/5.0 (X11; Linux x86_64) AppleWebKit/537.36 (KHTML, like Gecko) Chrome/136.0.0.0 Safari/537.36"
173.244.32.12 - - [09/Nov/2025:08:57:58 +0530] "GET / HTTP/1.1" 200 58 "-" "Mozilla/5.0 (X11; Linux x86_64) AppleWebKit/537.36 (KHTML, like Gecko) Chrome/137.0.0.0 Safari/537.36"
173.244.32.12 - - [09/Nov/2025:08:57:58 +0530] "GET /favicon.ico HTTP/1.1" 404 196 "-" "Mozilla/5.0 (X11; Linux x86_64) AppleWebKit/537.36 (KHTML, like Gecko) Chrome/136.0.0.0 Safari/537.36"
176.125.229.145 - - [09/Nov/2025:08:57:58 +0530] "GET / HTTP/1.1" 200 58 "-" "Mozilla/5.0 (X11; Linux x86_64) AppleWebKit/537.36 (KHTML, like Gecko) Chrome/137.0.0.0 Safari/537.36"
176.125.229.145 - - [09/Nov/2025:08:57:59 +0530] "GET /favicon.ico HTTP/1.1" 404 196 "-" "Mozilla/5.0 (X11; Linux x86_64) AppleWebKit/537.36 (KHTML, like Gecko) Chrome/136.0.0.0 Safari/537.36"
95.214.216.141 - - [09/Nov/2025:08:57:59 +0530] "GET / HTTP/1.1" 200 58 "-" "Mozilla/5.0 (X11; Linux x86_64) AppleWebKit/537.36 (KHTML, like Gecko) Chrome/137.0.0.0 Safari/537.36"
95.214.216.141 - - [09/Nov/2025:08:57:59 +0530] "GET /favicon.ico HTTP/1.1" 404 196 "-" "Mozilla/5.0 (X11; Linux x86_64) AppleWebKit/537.36 (KHTML, like Gecko) Chrome/136.0.0.0 Safari/537.36"
45.80.184.223 - - [09/Nov/2025:08:57:59 +0530] "GET / HTTP/1.1" 200 58 "-" "Mozilla/5.0 (X11; Linux x86_64) AppleWebKit/537.36 (KHTML, like Gecko) Chrome/137.0.0.0 Safari/537.36"
195.211.77.140 - - [09/Nov/2025:08:58:13 +0530] "HEAD / HTTP/1.1" 200 - "-" "Mozilla/5.0 (Windows NT 10.0; Win64; x64) AppleWebKit/537.36 (KHTML, like Gecko) Chrome/108.0.0.0 Safari/537.36"
195.211.77.142 - - [09/Nov/2025:08:58:40 +0530] "GET / HTTP/1.1" 200 58 "-" "Mozilla/5.0 (Windows NT 10.0; Win64; x64) AppleWebKit/537.36 (KHTML, like Gecko) Chrome/108.0.0.0 Safari/537.36"
96.41.38.202 - - [09/Nov/2025:08:59:06 +0530] "GET / HTTP/1.1" 200 58 "-" "Mozilla/5.0 (Macintosh; Intel Mac OS X 10.15; rv:139.0) Gecko/20100101 Firefox/139.0"
96.41.38.202 - - [09/Nov/2025:08:59:06 +0530] "GET /@vite/env HTTP/1.1" 404 196 "-" "Mozilla/5.0 (Macintosh; Intel Mac OS X 10.15; rv:139.0) Gecko/20100101 Firefox/139.0"
96.41.38.202 - - [09/Nov/2025:08:59:06 +0530] "GET /actutor/env HTTP/1.1" 404 196 "-" "Mozilla/5.0 (Macintosh; Intel Mac OS X 10.15; rv:139.0) Gecko/20100101 Firefox/139.0"
96.41.38.202 - - [09/Nov/2025:08:59:06 +0530] "GET /.vscode/sftp.json HTTP/1.1" 404 196 "-" "Mozilla/5.0 (Macintosh; Intel Mac OS X 10.15; rv:139.0) Gecko/20100101 Firefox/139.0"
96.41.38.202 - - [09/Nov/2025:08:59:07 +0530] "GET /.env HTTP/1.1" 404 196 "-" "Mozilla/5.0 (Macintosh; Intel Mac OS X 10.15; rv:139.0) Gecko/20100101 Firefox/139.0"
96.41.38.202 - - [09/Nov/2025:08:59:07 +0530] "GET /.git/config HTTP/1.1" 404 196 "-" "Mozilla/5.0 (Macintosh; Intel Mac OS X 10.15; rv:139.0) Gecko/20100101 Firefox/139.0"
91.231.89.120 - - [09/Nov/2025:09:15:48 +0530] "GET / HTTP/1.1" 200 58 "-" "Mozilla/5.0 (X11; Ubuntu; Linux x86_64; rv:134.0) Gecko/20100101 Firefox/134.0"
91.231.89.97 - - [09/Nov/2025:09:16:23 +0530] "GET / HTTP/1.1" 200 58 "-" "Mozilla/5.0 (X11; Ubuntu; Linux x86_64; rv:134.0) Gecko/20100101 Firefox/134.0"
91.231.89.22 - - [09/Nov/2025:09:16:28 +0530] "GET / HTTP/1.1" 200 58 "-" "Mozilla/5.0 (X11; Ubuntu; Linux x86_64; rv:134.0) Gecko/20100101 Firefox/134.0"
91.196.152.160 - - [09/Nov/2025:09:22:29 +0530] "GET /favicon.ico HTTP/1.1" 404 196 "-" "Mozilla/5.0 (X11; Ubuntu; Linux x86_64; rv:134.0) Gecko/20100101 Firefox/134.0"
91.231.89.123 - - [09/Nov/2025:09:25:05 +0530] "GET / HTTP/1.1" 200 58 "-" "Mozilla/5.0 (X11; Ubuntu; Linux x86_64; rv:134.0) Gecko/20100101 Firefox/134.0"
45.149.173.209 - - [09/Nov/2025:09:29:17 +0530] "GET / HTTP/1.1" 200 58 "-" "Mozilla/5.0 (Windows NT 10.0; Win64; x64) AppleWebKit/537.36 (KHTML, like Gecko) Chrome/78.0.3904.108 Safari/537.36"
45.149.173.209 - - [09/Nov/2025:09:29:17 +0530] "GET / HTTP/1.1" 200 58 "-" "Mozilla/5.0 (Windows NT 10.0; Win64; x64) AppleWebKit/537.36 (KHTML, like Gecko) Chrome/78.0.3904.108 Safari/537.36"
45.149.173.209 - - [09/Nov/2025:09:29:17 +0530] "GET /wp-includes/wlwmanifest.xml HTTP/1.1" 404 196 "-" "Mozilla/5.0 (Windows NT 10.0; Win64; x64) AppleWebKit/537.36 (KHTML, like Gecko) Chrome/78.0.3904.108 Safari/537.36"
45.149.173.209 - - [09/Nov/2025:09:29:17 +0530] "GET /xmlrpc.php?rsd HTTP/1.1" 404 16 "-" "Mozilla/5.0 (Windows NT 10.0; Win64; x64) AppleWebKit/537.36 (KHTML, like Gecko) Chrome/78.0.3904.108 Safari/537.36"
45.149.173.209 - - [09/Nov/2025:09:29:18 +0530] "GET / HTTP/1.1" 200 58 "-" "Mozilla/5.0 (Windows NT 10.0; Win64; x64) AppleWebKit/537.36 (KHTML, like Gecko) Chrome/78.0.3904.108 Safari/537.36"
45.149.173.209 - - [09/Nov/2025:09:29:18 +0530] "GET /blog/wp-includes/wlwmanifest.xml HTTP/1.1" 404 196 "-" "Mozilla/5.0 (Windows NT 10.0; Win64; x64) AppleWebKit/537.36 (KHTML, like Gecko) Chrome/78.0.3904.108 Safari/537.36"
45.149.173.209 - - [09/Nov/2025:09:29:18 +0530] "GET /web/wp-includes/wlwmanifest.xml HTTP/1.1" 404 196 "-" "Mozilla/5.0 (Windows NT 10.0; Win64; x64) AppleWebKit/537.36 (KHTML, like Gecko) Chrome/78.0.3904.108 Safari/537.36"
