74.176.67.154 - - [08/Nov/2025:18:07:51 +0530] "GET /ant.php HTTP/1.1" 404 16 "-" "-"
74.176.67.154 - - [08/Nov/2025:18:07:51 +0530] "GET /fso.php HTTP/1.1" 404 16 "-" "-"
74.176.67.154 - - [08/Nov/2025:18:07:52 +0530] "GET /htaccess.php HTTP/1.1" 404 16 "-" "-"
74.176.67.154 - - [08/Nov/2025:18:07:52 +0530] "GET /wp-trackback.php HTTP/1.1" 404 16 "-" "-"
74.176.67.154 - - [08/Nov/2025:18:07:52 +0530] "GET /wp-admin/about.php HTTP/1.1" 404 196 "-" "-"
74.176.67.154 - - [08/Nov/2025:18:07:52 +0530] "GET /readme.php HTTP/1.1" 404 16 "-" "-"
74.176.67.154 - - [08/Nov/2025:18:07:53 +0530] "GET /v.php HTTP/1.1" 404 16 "-" "-"
74.176.67.154 - - [08/Nov/2025:18:07:53 +0530] "GET /sck.php HTTP/1.1" 404 16 "-" "-"
74.176.67.154 - - [08/Nov/2025:18:07:53 +0530] "GET /X7x.php HTTP/1.1" 404 16 "-" "-"
74.176.67.154 - - [08/Nov/2025:18:07:54 +0530] "GET /xpass.php HTTP/1.1" 404 16 "-" "-"
74.176.67.154 - - [08/Nov/2025:18:07:54 +0530] "GET /bless.php HTTP/1.1" 404 16 "-" "-"
74.176.67.154 - - [08/Nov/2025:18:07:54 +0530] "GET /bless2.php HTTP/1.1" 404 16 "-" "-"
74.176.67.154 - - [08/Nov/2025:18:07:54 +0530] "GET /bless6.php HTTP/1.1" 404 16 "-" "-"
74.176.67.154 - - [08/Nov/2025:18:07:55 +0530] "GET /bless10.php HTTP/1.1" 404 16 "-" "-"
74.176.67.154 - - [08/Nov/2025:18:07:55 +0530] "GET /bless11.php HTTP/1.1" 404 16 "-" "-"
74.176.67.154 - - [08/Nov/2025:18:07:55 +0530] "GET /wp-admin/js/index.php HTTP/1.1" 404 196 "-" "-"
74.176.67.154 - - [08/Nov/2025:18:07:55 +0530] "GET /thoms.php HTTP/1.1" 404 16 "-" "-"
74.176.67.154 - - [08/Nov/2025:18:07:56 +0530] "GET /xsas.php HTTP/1.1" 404 16 "-" "-"
74.176.67.154 - - [08/Nov/2025:18:07:56 +0530] "GET /xrp.php HTTP/1.1" 404 16 "-" "-"
74.176.67.154 - - [08/Nov/2025:18:07:56 +0530] "GET /wp-freya.php HTTP/1.1" 404 16 "-" "-"
74.176.67.154 - - [08/Nov/2025:18:07:56 +0530] "GET /css/index.php HTTP/1.1" 404 196 "-" "-"
74.176.67.154 - - [08/Nov/2025:18:07:57 +0530] "GET /file30.php HTTP/1.1" 404 16 "-" "-"
74.176.67.154 - - [08/Nov/2025:18:07:57 +0530] "GET /fesa.php HTTP/1.1" 404 16 "-" "-"
74.176.67.154 - - [08/Nov/2025:18:07:57 +0530] "GET /class-.php HTTP/1.1" 404 16 "-" "-"
74.176.67.154 - - [08/Nov/2025:18:07:57 +0530] "GET /up.php HTTP/1.1" 404 16 "-" "-"
74.176.67.154 - - [08/Nov/2025:18:07:58 +0530] "GET /403.php HTTP/1.1" 404 16 "-" "-"
74.176.67.154 - - [08/Nov/2025:18:07:58 +0530] "GET /9v6.php HTTP/1.1" 404 16 "-" "-"
74.176.67.154 - - [08/Nov/2025:18:07:58 +0530] "GET /lte7.php HTTP/1.1" 404 16 "-" "-"
74.176.67.154 - - [08/Nov/2025:18:07:58 +0530] "GET /1vbqo.php HTTP/1.1" 404 16 "-" "-"
74.176.67.154 - - [08/Nov/2025:18:07:58 +0530] "GET /l10n.php HTTP/1.1" 404 16 "-" "-"
74.176.67.154 - - [08/Nov/2025:18:07:59 +0530] "GET /tajj.php HTTP/1.1" 404 16 "-" "-"
74.176.67.154 - - [08/Nov/2025:18:07:59 +0530] "GET /fdd2.php HTTP/1.1" 404 16 "-" "-"
74.176.67.154 - - [08/Nov/2025:18:07:59 +0530] "GET /class9.php HTTP/1.1" 404 16 "-" "-"
74.176.67.154 - - [08/Nov/2025:18:07:59 +0530] "GET /sto.php HTTP/1.1" 404 16 "-" "-"
74.176.67.154 - - [08/Nov/2025:18:08:00 +0530] "GET /7h.php HTTP/1.1" 404 16 "-" "-"
74.176.67.154 - - [08/Nov/2025:18:08:00 +0530] "GET /fh26.php HTTP/1.1" 404 16 "-" "-"
74.176.67.154 - - [08/Nov/2025:18:08:00 +0530] "GET /ixj.php HTTP/1.1" 404 16 "-" "-"
74.176.67.154 - - [08/Nov/2025:18:08:00 +0530] "GET /x23.php HTTP/1.1" 404 16 "-" "-"
74.176.67.154 - - [08/Nov/2025:18:08:01 +0530] "GET /zeu.php HTTP/1.1" 404 16 "-" "-"
74.176.67.154 - - [08/Nov/2025:18:08:01 +0530] "GET /f2r4.php HTTP/1.1" 404 16 "-" "-"
74.176.67.154 - - [08/Nov/2025:18:08:01 +0530] "GET /lopst.php HTTP/1.1" 404 16 "-" "-"
74.176.67.154 - - [08/Nov/2025:18:08:01 +0530] "GET /gecko.php HTTP/1.1" 404 16 "-" "-"
74.176.67.154 - - [08/Nov/2025:18:08:02 +0530] "GET /0xs.php HTTP/1.1" 404 16 "-" "-"
74.176.67.154 - - [08/Nov/2025:18:08:02 +0530] "GET /Zeiss.php HTTP/1.1" 404 16 "-" "-"
74.176.67.154 - - [08/Nov/2025:18:08:02 +0530] "GET /x0x.php HTTP/1.1" 404 16 "-" "-"
74.176.67.154 - - [08/Nov/2025:18:08:02 +0530] "GET /adin.php HTTP/1.1" 404 16 "-" "-"
74.176.67.154 - - [08/Nov/2025:18:08:03 +0530] "GET /wsz.php HTTP/1.1" 404 16 "-" "-"
74.176.67.154 - - [08/Nov/2025:18:08:03 +0530] "GET /ahy66.php HTTP/1.1" 404 16 "-" "-"
74.176.67.154 - - [08/Nov/2025:18:08:03 +0530] "GET /thai.php HTTP/1.1" 404 16 "-" "-"
74.176.67.154 - - [08/Nov/2025:18:08:03 +0530] "GET /dex.php HTTP/1.1" 404 16 "-" "-"
74.176.67.154 - - [08/Nov/2025:18:08:04 +0530] "GET /zen.php HTTP/1.1" 404 16 "-" "-"
54.166.213.72 - - [09/Nov/2025:00:37:26 +0530] "GET /.git/config HTTP/1.1" 403 199 "-" "Mozilla/5.0 (PLAYSTATION 3; 1.10)"
16.16.79.171 - - [09/Nov/2025:03:05:21 +0530] "GET / HTTP/1.1" 403 199 "-" "-"
54.166.213.72 - - [09/Nov/2025:03:13:22 +0530] "GET /.git/config HTTP/1.1" 403 199 "-" "UCWEB/8.8 (iPhone; CPU OS_6; en-US)AppleWebKit/534.1 U3/3.0.0 Mobile"
34.27.71.81 - - [09/Nov/2025:06:05:07 +0530] "GET / HTTP/1.1" 403 199 "-" "python-requests/2.32.3"
45.131.155.100 - - [09/Nov/2025:07:48:16 +0530] "GET / HTTP/1.1" 403 199 "-" "Mozilla/5.0 (Windows NT 10.0; Win64; x64) AppleWebKit/537.36 (KHTML, like Gecko) Chrome/138.0.0.0 Safari/537.36 Edg/138.0.0.0"
158.69.227.165 - - [09/Nov/2025:08:57:07 +0530] "GET /.well-known/acme-challenge/4505aaa5600b2c8c1c51a1be2367c693key HTTP/1.0" 200 33 "-" "-"
23.178.112.211 - - [09/Nov/2025:08:57:13 +0530] "GET /.well-known/acme-challenge/Ri9hQRgRzrhAdtB2wq5xtMgf4IIJr1elTiacPo5UmAo HTTP/1.1" 200 87 "-" "Mozilla/5.0 (compatible; Let's Encrypt validation server; +https://www.letsencrypt.org)"
13.60.104.151 - - [09/Nov/2025:08:57:13 +0530] "GET /.well-known/acme-challenge/Ri9hQRgRzrhAdtB2wq5xtMgf4IIJr1elTiacPo5UmAo HTTP/1.1" 200 87 "-" "Mozilla/5.0 (compatible; Let's Encrypt validation server; +https://www.letsencrypt.org)"
3.143.0.179 - - [09/Nov/2025:08:57:13 +0530] "GET /.well-known/acme-challenge/Ri9hQRgRzrhAdtB2wq5xtMgf4IIJr1elTiacPo5UmAo HTTP/1.1" 200 87 "-" "Mozilla/5.0 (compatible; Let's Encrypt validation server; +https://www.letsencrypt.org)"
18.246.227.215 - - [09/Nov/2025:08:57:13 +0530] "GET /.well-known/acme-challenge/Ri9hQRgRzrhAdtB2wq5xtMgf4IIJr1elTiacPo5UmAo HTTP/1.1" 200 87 "-" "Mozilla/5.0 (compatible; Let's Encrypt validation server; +https://www.letsencrypt.org)"
13.250.6.24 - - [09/Nov/2025:08:57:13 +0530] "GET /.well-known/acme-challenge/Ri9hQRgRzrhAdtB2wq5xtMgf4IIJr1elTiacPo5UmAo HTTP/1.1" 200 87 "-" "Mozilla/5.0 (compatible; Let's Encrypt validation server; +https://www.letsencrypt.org)"
23.178.112.108 - - [09/Nov/2025:08:57:16 +0530] "GET /.well-known/acme-challenge/fY30QJzyiGLXym_ZYmqEAdn-I5czxdKsLFQp9nKyclU HTTP/1.1" 200 87 "-" "Mozilla/5.0 (compatible; Let's Encrypt validation server; +https://www.letsencrypt.org)"
16.170.172.18 - - [09/Nov/2025:08:57:17 +0530] "GET /.well-known/acme-challenge/fY30QJzyiGLXym_ZYmqEAdn-I5czxdKsLFQp9nKyclU HTTP/1.1" 200 87 "-" "Mozilla/5.0 (compatible; Let's Encrypt validation server; +https://www.letsencrypt.org)"
3.12.198.47 - - [09/Nov/2025:08:57:17 +0530] "GET /.well-known/acme-challenge/fY30QJzyiGLXym_ZYmqEAdn-I5czxdKsLFQp9nKyclU HTTP/1.1" 200 87 "-" "Mozilla/5.0 (compatible; Let's Encrypt validation server; +https://www.letsencrypt.org)"
44.250.70.206 - - [09/Nov/2025:08:57:17 +0530] "GET /.well-known/acme-challenge/fY30QJzyiGLXym_ZYmqEAdn-I5czxdKsLFQp9nKyclU HTTP/1.1" 200 87 "-" "Mozilla/5.0 (compatible; Let's Encrypt validation server; +https://www.letsencrypt.org)"
18.136.103.81 - - [09/Nov/2025:08:57:17 +0530] "GET /.well-known/acme-challenge/fY30QJzyiGLXym_ZYmqEAdn-I5czxdKsLFQp9nKyclU HTTP/1.1" 200 87 "-" "Mozilla/5.0 (compatible; Let's Encrypt validation server; +https://www.letsencrypt.org)"
107.172.195.232 - - [09/Nov/2025:08:58:31 +0530] "GET / HTTP/1.1" 403 199 "-" "Mozilla/5.0 (Windows NT 10.0; Win64; x64) AppleWebKit/537.36 (KHTML, like Gecko) Chrome/117.0.0.0 Safari/537.36"
104.164.126.143 - - [09/Nov/2025:08:58:31 +0530] "GET / HTTP/1.1" 403 199 "-" "Mozilla/5.0 (X11; Linux x86_64) AppleWebKit/537.36 (KHTML, like Gecko) Chrome/117.0.0.0 Safari/537.36"
64.227.32.66 - - [09/Nov/2025:08:58:36 +0530] "GET / HTTP/1.1" 403 199 "-" "-"
209.97.180.8 - - [09/Nov/2025:08:58:36 +0530] "GET / HTTP/1.1" 403 199 "-" "-"
64.227.32.66 - - [09/Nov/2025:08:58:36 +0530] "GET / HTTP/1.1" 403 199 "-" "Mozilla/5.0 (Linux; Android 6.0; HTC One M9 Build/MRA667607) AppleWebKit/537.36 (KHTML, like Gecko) Chrome/52.0.2297.98 Mobile Safari/537.3"
209.97.180.8 - - [09/Nov/2025:08:58:36 +0530] "GET / HTTP/1.1" 403 199 "-" "Mozilla/5.0 (Linux; Android 6.0; HTC One M9 Build/MRA667607) AppleWebKit/537.36 (KHTML, like Gecko) Chrome/52.0.2297.98 Mobile Safari/537.3"
64.227.32.66 - - [09/Nov/2025:08:58:36 +0530] "POST /graphql HTTP/1.1" 404 196 "-" "Mozilla/5.0 (l9scan/2.0.337313e2634313e2334323e2633313; +https://leakix.net)"
64.227.32.66 - - [09/Nov/2025:08:58:36 +0530] "POST /api HTTP/1.1" 404 196 "-" "Mozilla/5.0 (l9scan/2.0.337313e2634313e2334323e2633313; +https://leakix.net)"
64.227.32.66 - - [09/Nov/2025:08:58:36 +0530] "POST /api/graphql HTTP/1.1" 404 196 "-" "Mozilla/5.0 (l9scan/2.0.337313e2634313e2334323e2633313; +https://leakix.net)"
209.97.180.8 - - [09/Nov/2025:08:58:36 +0530] "POST /graphql HTTP/1.1" 404 196 "-" "Mozilla/5.0 (l9scan/2.0.337313e2634313e2334323e2633313; +https://leakix.net)"
64.227.32.66 - - [09/Nov/2025:08:58:36 +0530] "POST /graphql/api HTTP/1.1" 404 196 "-" "Mozilla/5.0 (l9scan/2.0.337313e2634313e2334323e2633313; +https://leakix.net)"
209.97.180.8 - - [09/Nov/2025:08:58:36 +0530] "POST /api HTTP/1.1" 404 196 "-" "Mozilla/5.0 (l9scan/2.0.337313e2634313e2334323e2633313; +https://leakix.net)"
64.227.32.66 - - [09/Nov/2025:08:58:36 +0530] "POST /api/gql HTTP/1.1" 404 196 "-" "Mozilla/5.0 (l9scan/2.0.337313e2634313e2334323e2633313; +https://leakix.net)"
147.182.149.75 - - [09/Nov/2025:08:58:36 +0530] "GET / HTTP/1.1" 403 199 "-" "-"
64.227.32.66 - - [09/Nov/2025:08:58:36 +0530] "GET /swagger-ui.html HTTP/1.1" 404 196 "-" "Mozilla/5.0 (l9scan/2.0.337313e2634313e2334323e2633313; +https://leakix.net)"
64.227.32.66 - - [09/Nov/2025:08:58:36 +0530] "GET /swagger/index.html HTTP/1.1" 404 196 "-" "Mozilla/5.0 (l9scan/2.0.337313e2634313e2334323e2633313; +https://leakix.net)"
64.227.32.66 - - [09/Nov/2025:08:58:36 +0530] "GET /swagger/swagger-ui.html HTTP/1.1" 404 196 "-" "Mozilla/5.0 (l9scan/2.0.337313e2634313e2334323e2633313; +https://leakix.net)"
209.97.180.8 - - [09/Nov/2025:08:58:36 +0530] "POST /api/graphql HTTP/1.1" 404 196 "-" "Mozilla/5.0 (l9scan/2.0.337313e2634313e2334323e2633313; +https://leakix.net)"
64.227.32.66 - - [09/Nov/2025:08:58:36 +0530] "GET /webjars/swagger-ui/index.html HTTP/1.1" 404 196 "-" "Mozilla/5.0 (l9scan/2.0.337313e2634313e2334323e2633313; +https://leakix.net)"
167.99.182.39 - - [09/Nov/2025:08:58:36 +0530] "GET / HTTP/1.1" 403 199 "-" "-"
64.227.32.66 - - [09/Nov/2025:08:58:37 +0530] "GET /swagger.json HTTP/1.1" 404 196 "-" "Mozilla/5.0 (l9scan/2.0.337313e2634313e2334323e2633313; +https://leakix.net)"
64.227.32.66 - - [09/Nov/2025:08:58:37 +0530] "GET /swagger/v1/swagger.json HTTP/1.1" 404 196 "-" "Mozilla/5.0 (l9scan/2.0.337313e2634313e2334323e2633313; +https://leakix.net)"
209.97.180.8 - - [09/Nov/2025:08:58:37 +0530] "POST /graphql/api HTTP/1.1" 404 196 "-" "Mozilla/5.0 (l9scan/2.0.337313e2634313e2334323e2633313; +https://leakix.net)"
64.227.32.66 - - [09/Nov/2025:08:58:37 +0530] "GET /v2/api-docs HTTP/1.1" 404 196 "-" "Mozilla/5.0 (l9scan/2.0.337313e2634313e2334323e2633313; +https://leakix.net)"
147.182.149.75 - - [09/Nov/2025:08:58:37 +0530] "GET / HTTP/1.1" 403 199 "-" "Mozilla/5.0 (Linux; Android 6.0; HTC One M9 Build/MRA667607) AppleWebKit/537.36 (KHTML, like Gecko) Chrome/52.0.2297.98 Mobile Safari/537.3"
167.99.182.39 - - [09/Nov/2025:08:58:37 +0530] "GET / HTTP/1.1" 403 199 "-" "Mozilla/5.0 (Linux; Android 6.0; HTC One M9 Build/MRA667607) AppleWebKit/537.36 (KHTML, like Gecko) Chrome/52.0.2297.98 Mobile Safari/537.3"
209.97.180.8 - - [09/Nov/2025:08:58:37 +0530] "POST /api/gql HTTP/1.1" 404 196 "-" "Mozilla/5.0 (l9scan/2.0.337313e2634313e2334323e2633313; +https://leakix.net)"
64.227.32.66 - - [09/Nov/2025:08:58:37 +0530] "GET /v3/api-docs HTTP/1.1" 404 196 "-" "Mozilla/5.0 (l9scan/2.0.337313e2634313e2334323e2633313; +https://leakix.net)"
209.97.180.8 - - [09/Nov/2025:08:58:37 +0530] "GET /swagger-ui.html HTTP/1.1" 404 196 "-" "Mozilla/5.0 (l9scan/2.0.337313e2634313e2334323e2633313; +https://leakix.net)"
64.227.32.66 - - [09/Nov/2025:08:58:37 +0530] "GET /api-docs/swagger.json HTTP/1.1" 404 196 "-" "Mozilla/5.0 (l9scan/2.0.337313e2634313e2334323e2633313; +https://leakix.net)"
209.97.180.8 - - [09/Nov/2025:08:58:37 +0530] "GET /swagger/index.html HTTP/1.1" 404 196 "-" "Mozilla/5.0 (l9scan/2.0.337313e2634313e2334323e2633313; +https://leakix.net)"
167.99.182.39 - - [09/Nov/2025:08:58:37 +0530] "POST /graphql HTTP/1.1" 404 196 "-" "Mozilla/5.0 (l9scan/2.0.337313e2634313e2334323e2633313; +https://leakix.net)"
64.227.32.66 - - [09/Nov/2025:08:58:37 +0530] "GET /api/swagger.json HTTP/1.1" 404 196 "-" "Mozilla/5.0 (l9scan/2.0.337313e2634313e2334323e2633313; +https://leakix.net)"
209.97.180.8 - - [09/Nov/2025:08:58:37 +0530] "GET /swagger/swagger-ui.html HTTP/1.1" 404 196 "-" "Mozilla/5.0 (l9scan/2.0.337313e2634313e2334323e2633313; +https://leakix.net)"
64.227.32.66 - - [09/Nov/2025:08:58:37 +0530] "GET /@vite/env HTTP/1.1" 404 196 "-" "Go-http-client/1.1"
64.227.32.66 - - [09/Nov/2025:08:58:37 +0530] "GET /actuator/env HTTP/1.1" 404 196 "-" "Go-http-client/1.1"
64.227.32.66 - - [09/Nov/2025:08:58:37 +0530] "GET /server HTTP/1.1" 404 196 "-" "Go-http-client/1.1"
147.182.149.75 - - [09/Nov/2025:08:58:37 +0530] "POST /graphql HTTP/1.1" 404 196 "-" "Mozilla/5.0 (l9scan/2.0.337313e2634313e2334323e2633313; +https://leakix.net)"
167.99.182.39 - - [09/Nov/2025:08:58:37 +0530] "POST /api HTTP/1.1" 404 196 "-" "Mozilla/5.0 (l9scan/2.0.337313e2634313e2334323e2633313; +https://leakix.net)"
209.97.180.8 - - [09/Nov/2025:08:58:37 +0530] "GET /webjars/swagger-ui/index.html HTTP/1.1" 404 196 "-" "Mozilla/5.0 (l9scan/2.0.337313e2634313e2334323e2633313; +https://leakix.net)"
64.227.32.66 - - [09/Nov/2025:08:58:37 +0530] "GET /.vscode/sftp.json HTTP/1.1" 404 196 "-" "Go-http-client/1.1"
209.97.180.8 - - [09/Nov/2025:08:58:37 +0530] "GET /swagger.json HTTP/1.1" 404 196 "-" "Mozilla/5.0 (l9scan/2.0.337313e2634313e2334323e2633313; +https://leakix.net)"
64.227.32.66 - - [09/Nov/2025:08:58:37 +0530] "GET /about HTTP/1.1" 404 196 "-" "Go-http-client/1.1"
64.227.32.66 - - [09/Nov/2025:08:58:37 +0530] "GET /debug/default/view?panel=config HTTP/1.1" 404 196 "-" "Go-http-client/1.1"
209.97.180.8 - - [09/Nov/2025:08:58:37 +0530] "GET /swagger/v1/swagger.json HTTP/1.1" 404 196 "-" "Mozilla/5.0 (l9scan/2.0.337313e2634313e2334323e2633313; +https://leakix.net)"
64.227.32.66 - - [09/Nov/2025:08:58:37 +0530] "GET /v2/_catalog HTTP/1.1" 404 196 "-" "Go-http-client/1.1"
209.97.180.8 - - [09/Nov/2025:08:58:37 +0530] "GET /v2/api-docs HTTP/1.1" 404 196 "-" "Mozilla/5.0 (l9scan/2.0.337313e2634313e2334323e2633313; +https://leakix.net)"
64.227.32.66 - - [09/Nov/2025:08:58:37 +0530] "GET /ecp/Current/exporttool/microsoft.exchange.ediscovery.exporttool.application HTTP/1.1" 404 196 "-" "Go-http-client/1.1"
167.99.182.39 - - [09/Nov/2025:08:58:37 +0530] "POST /api/graphql HTTP/1.1" 404 196 "-" "Mozilla/5.0 (l9scan/2.0.337313e2634313e2334323e2633313; +https://leakix.net)"
209.97.180.8 - - [09/Nov/2025:08:58:37 +0530] "GET /v3/api-docs HTTP/1.1" 404 196 "-" "Mozilla/5.0 (l9scan/2.0.337313e2634313e2334323e2633313; +https://leakix.net)"
64.227.32.66 - - [09/Nov/2025:08:58:37 +0530] "GET /server-status HTTP/1.1" 403 199 "-" "Go-http-client/1.1"
209.97.180.8 - - [09/Nov/2025:08:58:37 +0530] "GET /api-docs/swagger.json HTTP/1.1" 404 196 "-" "Mozilla/5.0 (l9scan/2.0.337313e2634313e2334323e2633313; +https://leakix.net)"
64.227.32.66 - - [09/Nov/2025:08:58:37 +0530] "GET /login.action HTTP/1.1" 404 196 "-" "Go-http-client/1.1"
147.182.149.75 - - [09/Nov/2025:08:58:37 +0530] "POST /api HTTP/1.1" 404 196 "-" "Mozilla/5.0 (l9scan/2.0.337313e2634313e2334323e2633313; +https://leakix.net)"
167.99.182.39 - - [09/Nov/2025:08:58:37 +0530] "POST /graphql/api HTTP/1.1" 404 196 "-" "Mozilla/5.0 (l9scan/2.0.337313e2634313e2334323e2633313; +https://leakix.net)"
64.227.32.66 - - [09/Nov/2025:08:58:37 +0530] "GET /_all_dbs HTTP/1.1" 404 196 "-" "Mozilla/5.0 (l9scan/2.0.337313e2634313e2334323e2633313; +https://leakix.net)"
209.97.180.8 - - [09/Nov/2025:08:58:38 +0530] "GET /api/swagger.json HTTP/1.1" 404 196 "-" "Mozilla/5.0 (l9scan/2.0.337313e2634313e2334323e2633313; +https://leakix.net)"
64.227.32.66 - - [09/Nov/2025:08:58:38 +0530] "GET /.DS_Store HTTP/1.1" 404 196 "-" "Go-http-client/1.1"
64.227.32.66 - - [09/Nov/2025:08:58:38 +0530] "GET /.env HTTP/1.1" 403 199 "-" "Go-http-client/1.1"
209.97.180.8 - - [09/Nov/2025:08:58:38 +0530] "GET /@vite/env HTTP/1.1" 404 196 "-" "Go-http-client/1.1"
64.227.32.66 - - [09/Nov/2025:08:58:38 +0530] "GET /.git/config HTTP/1.1" 403 199 "-" "Go-http-client/1.1"
64.227.32.66 - - [09/Nov/2025:08:58:38 +0530] "GET /s/337313e2634313e2334323e2633313/_/;/META-INF/maven/com.atlassian.jira/jira-webapp-dist/pom.properties HTTP/1.1" 404 196 "-" "Go-http-client/1.1"
209.97.180.8 - - [09/Nov/2025:08:58:38 +0530] "GET /actuator/env HTTP/1.1" 404 196 "-" "Go-http-client/1.1"
167.99.182.39 - - [09/Nov/2025:08:58:38 +0530] "POST /api/gql HTTP/1.1" 404 196 "-" "Mozilla/5.0 (l9scan/2.0.337313e2634313e2334323e2633313; +https://leakix.net)"
64.227.32.66 - - [09/Nov/2025:08:58:38 +0530] "GET /config.json HTTP/1.1" 404 196 "-" "Go-http-client/1.1"
64.227.32.66 - - [09/Nov/2025:08:58:38 +0530] "GET /telescope/requests HTTP/1.1" 404 196 "-" "Go-http-client/1.1"
209.97.180.8 - - [09/Nov/2025:08:58:38 +0530] "GET /server HTTP/1.1" 404 196 "-" "Go-http-client/1.1"
64.227.32.66 - - [09/Nov/2025:08:58:38 +0530] "GET /info.php HTTP/1.1" 404 16 "-" "Go-http-client/1.1"
64.227.32.66 - - [09/Nov/2025:08:58:38 +0530] "GET /?rest_route=/wp/v2/users/ HTTP/1.1" 403 199 "-" "Go-http-client/1.1"
209.97.180.8 - - [09/Nov/2025:08:58:38 +0530] "GET /.vscode/sftp.json HTTP/1.1" 404 196 "-" "Go-http-client/1.1"
167.99.182.39 - - [09/Nov/2025:08:58:38 +0530] "GET /swagger-ui.html HTTP/1.1" 404 196 "-" "Mozilla/5.0 (l9scan/2.0.337313e2634313e2334323e2633313; +https://leakix.net)"
147.182.149.75 - - [09/Nov/2025:08:58:38 +0530] "POST /api/graphql HTTP/1.1" 404 196 "-" "Mozilla/5.0 (l9scan/2.0.337313e2634313e2334323e2633313; +https://leakix.net)"
209.97.180.8 - - [09/Nov/2025:08:58:38 +0530] "GET /about HTTP/1.1" 404 196 "-" "Go-http-client/1.1"
209.97.180.8 - - [09/Nov/2025:08:58:38 +0530] "GET /debug/default/view?panel=config HTTP/1.1" 404 196 "-" "Go-http-client/1.1"
209.97.180.8 - - [09/Nov/2025:08:58:38 +0530] "GET /v2/_catalog HTTP/1.1" 404 196 "-" "Go-http-client/1.1"
167.99.182.39 - - [09/Nov/2025:08:58:38 +0530] "GET /swagger/index.html HTTP/1.1" 404 196 "-" "Mozilla/5.0 (l9scan/2.0.337313e2634313e2334323e2633313; +https://leakix.net)"
209.97.180.8 - - [09/Nov/2025:08:58:38 +0530] "GET /ecp/Current/exporttool/microsoft.exchange.ediscovery.exporttool.application HTTP/1.1" 404 196 "-" "Go-http-client/1.1"
167.99.182.39 - - [09/Nov/2025:08:58:38 +0530] "GET /swagger/swagger-ui.html HTTP/1.1" 404 196 "-" "Mozilla/5.0 (l9scan/2.0.337313e2634313e2334323e2633313; +https://leakix.net)"
147.182.149.75 - - [09/Nov/2025:08:58:38 +0530] "POST /graphql/api HTTP/1.1" 404 196 "-" "Mozilla/5.0 (l9scan/2.0.337313e2634313e2334323e2633313; +https://leakix.net)"
209.97.180.8 - - [09/Nov/2025:08:58:38 +0530] "GET /server-status HTTP/1.1" 403 199 "-" "Go-http-client/1.1"
209.97.180.8 - - [09/Nov/2025:08:58:38 +0530] "GET /login.action HTTP/1.1" 404 196 "-" "Go-http-client/1.1"
209.97.180.8 - - [09/Nov/2025:08:58:38 +0530] "GET /_all_dbs HTTP/1.1" 404 196 "-" "Mozilla/5.0 (l9scan/2.0.337313e2634313e2334323e2633313; +https://leakix.net)"
167.99.182.39 - - [09/Nov/2025:08:58:38 +0530] "GET /webjars/swagger-ui/index.html HTTP/1.1" 404 196 "-" "Mozilla/5.0 (l9scan/2.0.337313e2634313e2334323e2633313; +https://leakix.net)"
209.97.180.8 - - [09/Nov/2025:08:58:39 +0530] "GET /.DS_Store HTTP/1.1" 404 196 "-" "Go-http-client/1.1"
209.97.180.8 - - [09/Nov/2025:08:58:39 +0530] "GET /.env HTTP/1.1" 403 199 "-" "Go-http-client/1.1"
167.99.182.39 - - [09/Nov/2025:08:58:39 +0530] "GET /swagger.json HTTP/1.1" 404 196 "-" "Mozilla/5.0 (l9scan/2.0.337313e2634313e2334323e2633313; +https://leakix.net)"
147.182.149.75 - - [09/Nov/2025:08:58:39 +0530] "POST /api/gql HTTP/1.1" 404 196 "-" "Mozilla/5.0 (l9scan/2.0.337313e2634313e2334323e2633313; +https://leakix.net)"
209.97.180.8 - - [09/Nov/2025:08:58:39 +0530] "GET /.git/config HTTP/1.1" 403 199 "-" "Go-http-client/1.1"
209.97.180.8 - - [09/Nov/2025:08:58:39 +0530] "GET /s/337313e2634313e2334323e2633313/_/;/META-INF/maven/com.atlassian.jira/jira-webapp-dist/pom.properties HTTP/1.1" 404 196 "-" "Go-http-client/1.1"
209.97.180.8 - - [09/Nov/2025:08:58:39 +0530] "GET /config.json HTTP/1.1" 404 196 "-" "Go-http-client/1.1"
167.99.182.39 - - [09/Nov/2025:08:58:39 +0530] "GET /swagger/v1/swagger.json HTTP/1.1" 404 196 "-" "Mozilla/5.0 (l9scan/2.0.337313e2634313e2334323e2633313; +https://leakix.net)"
209.97.180.8 - - [09/Nov/2025:08:58:39 +0530] "GET /telescope/requests HTTP/1.1" 404 196 "-" "Go-http-client/1.1"
209.97.180.8 - - [09/Nov/2025:08:58:39 +0530] "GET /info.php HTTP/1.1" 404 16 "-" "Go-http-client/1.1"
147.182.149.75 - - [09/Nov/2025:08:58:39 +0530] "GET /swagger-ui.html HTTP/1.1" 404 196 "-" "Mozilla/5.0 (l9scan/2.0.337313e2634313e2334323e2633313; +https://leakix.net)"
167.99.182.39 - - [09/Nov/2025:08:58:39 +0530] "GET /v2/api-docs HTTP/1.1" 404 196 "-" "Mozilla/5.0 (l9scan/2.0.337313e2634313e2334323e2633313; +https://leakix.net)"
209.97.180.8 - - [09/Nov/2025:08:58:39 +0530] "GET /?rest_route=/wp/v2/users/ HTTP/1.1" 403 199 "-" "Go-http-client/1.1"
167.99.182.39 - - [09/Nov/2025:08:58:39 +0530] "GET /v3/api-docs HTTP/1.1" 404 196 "-" "Mozilla/5.0 (l9scan/2.0.337313e2634313e2334323e2633313; +https://leakix.net)"
167.99.182.39 - - [09/Nov/2025:08:58:39 +0530] "GET /api-docs/swagger.json HTTP/1.1" 404 196 "-" "Mozilla/5.0 (l9scan/2.0.337313e2634313e2334323e2633313; +https://leakix.net)"
147.182.149.75 - - [09/Nov/2025:08:58:39 +0530] "GET /swagger/index.html HTTP/1.1" 404 196 "-" "Mozilla/5.0 (l9scan/2.0.337313e2634313e2334323e2633313; +https://leakix.net)"
167.99.182.39 - - [09/Nov/2025:08:58:40 +0530] "GET /api/swagger.json HTTP/1.1" 404 196 "-" "Mozilla/5.0 (l9scan/2.0.337313e2634313e2334323e2633313; +https://leakix.net)"
147.182.149.75 - - [09/Nov/2025:08:58:40 +0530] "GET /swagger/swagger-ui.html HTTP/1.1" 404 196 "-" "Mozilla/5.0 (l9scan/2.0.337313e2634313e2334323e2633313; +https://leakix.net)"
167.99.182.39 - - [09/Nov/2025:08:58:40 +0530] "GET /@vite/env HTTP/1.1" 404 196 "-" "Go-http-client/1.1"
104.252.191.132 - - [09/Nov/2025:08:58:40 +0530] "GET / HTTP/1.1" 403 199 "-" "Mozilla/5.0 (Macintosh; Intel Mac OS X 10_15_7) AppleWebKit/537.36 (KHTML, like Gecko) Chrome/116.0.0.0 Safari/537.36"
167.99.182.39 - - [09/Nov/2025:08:58:40 +0530] "GET /actuator/env HTTP/1.1" 404 196 "-" "Go-http-client/1.1"
147.182.149.75 - - [09/Nov/2025:08:58:40 +0530] "GET /webjars/swagger-ui/index.html HTTP/1.1" 404 196 "-" "Mozilla/5.0 (l9scan/2.0.337313e2634313e2334323e2633313; +https://leakix.net)"
167.99.182.39 - - [09/Nov/2025:08:58:40 +0530] "GET /server HTTP/1.1" 404 196 "-" "Go-http-client/1.1"
167.99.182.39 - - [09/Nov/2025:08:58:41 +0530] "GET /.vscode/sftp.json HTTP/1.1" 404 196 "-" "Go-http-client/1.1"
147.182.149.75 - - [09/Nov/2025:08:58:41 +0530] "GET /swagger.json HTTP/1.1" 404 196 "-" "Mozilla/5.0 (l9scan/2.0.337313e2634313e2334323e2633313; +https://leakix.net)"
167.99.182.39 - - [09/Nov/2025:08:58:41 +0530] "GET /about HTTP/1.1" 404 196 "-" "Go-http-client/1.1"
167.99.182.39 - - [09/Nov/2025:08:58:41 +0530] "GET /debug/default/view?panel=config HTTP/1.1" 404 196 "-" "Go-http-client/1.1"
147.182.149.75 - - [09/Nov/2025:08:58:41 +0530] "GET /swagger/v1/swagger.json HTTP/1.1" 404 196 "-" "Mozilla/5.0 (l9scan/2.0.337313e2634313e2334323e2633313; +https://leakix.net)"
167.99.182.39 - - [09/Nov/2025:08:58:41 +0530] "GET /v2/_catalog HTTP/1.1" 404 196 "-" "Go-http-client/1.1"
167.99.182.39 - - [09/Nov/2025:08:58:41 +0530] "GET /ecp/Current/exporttool/microsoft.exchange.ediscovery.exporttool.application HTTP/1.1" 404 196 "-" "Go-http-client/1.1"
147.182.149.75 - - [09/Nov/2025:08:58:41 +0530] "GET /v2/api-docs HTTP/1.1" 404 196 "-" "Mozilla/5.0 (l9scan/2.0.337313e2634313e2334323e2633313; +https://leakix.net)"
167.99.182.39 - - [09/Nov/2025:08:58:42 +0530] "GET /server-status HTTP/1.1" 403 199 "-" "Go-http-client/1.1"
167.99.182.39 - - [09/Nov/2025:08:58:42 +0530] "GET /login.action HTTP/1.1" 404 196 "-" "Go-http-client/1.1"
147.182.149.75 - - [09/Nov/2025:08:58:42 +0530] "GET /v3/api-docs HTTP/1.1" 404 196 "-" "Mozilla/5.0 (l9scan/2.0.337313e2634313e2334323e2633313; +https://leakix.net)"
167.99.182.39 - - [09/Nov/2025:08:58:42 +0530] "GET /_all_dbs HTTP/1.1" 404 196 "-" "Mozilla/5.0 (l9scan/2.0.337313e2634313e2334323e2633313; +https://leakix.net)"
167.99.182.39 - - [09/Nov/2025:08:58:42 +0530] "GET /.DS_Store HTTP/1.1" 404 196 "-" "Go-http-client/1.1"
147.182.149.75 - - [09/Nov/2025:08:58:42 +0530] "GET /api-docs/swagger.json HTTP/1.1" 404 196 "-" "Mozilla/5.0 (l9scan/2.0.337313e2634313e2334323e2633313; +https://leakix.net)"
167.99.182.39 - - [09/Nov/2025:08:58:42 +0530] "GET /.env HTTP/1.1" 403 199 "-" "Go-http-client/1.1"
167.99.182.39 - - [09/Nov/2025:08:58:43 +0530] "GET /.git/config HTTP/1.1" 403 199 "-" "Go-http-client/1.1"
147.182.149.75 - - [09/Nov/2025:08:58:43 +0530] "GET /api/swagger.json HTTP/1.1" 404 196 "-" "Mozilla/5.0 (l9scan/2.0.337313e2634313e2334323e2633313; +https://leakix.net)"
167.99.182.39 - - [09/Nov/2025:08:58:43 +0530] "GET /s/337313e2634313e2334323e2633313/_/;/META-INF/maven/com.atlassian.jira/jira-webapp-dist/pom.properties HTTP/1.1" 404 196 "-" "Go-http-client/1.1"
167.99.182.39 - - [09/Nov/2025:08:58:43 +0530] "GET /config.json HTTP/1.1" 404 196 "-" "Go-http-client/1.1"
147.182.149.75 - - [09/Nov/2025:08:58:43 +0530] "GET /@vite/env HTTP/1.1" 404 196 "-" "Go-http-client/1.1"
167.99.182.39 - - [09/Nov/2025:08:58:43 +0530] "GET /telescope/requests HTTP/1.1" 404 196 "-" "Go-http-client/1.1"
167.99.182.39 - - [09/Nov/2025:08:58:43 +0530] "GET /info.php HTTP/1.1" 404 16 "-" "Go-http-client/1.1"
147.182.149.75 - - [09/Nov/2025:08:58:44 +0530] "GET /actuator/env HTTP/1.1" 404 196 "-" "Go-http-client/1.1"
167.99.182.39 - - [09/Nov/2025:08:58:44 +0530] "GET /?rest_route=/wp/v2/users/ HTTP/1.1" 403 199 "-" "Go-http-client/1.1"
147.182.149.75 - - [09/Nov/2025:08:58:44 +0530] "GET /server HTTP/1.1" 404 196 "-" "Go-http-client/1.1"
147.182.149.75 - - [09/Nov/2025:08:58:44 +0530] "GET /.vscode/sftp.json HTTP/1.1" 404 196 "-" "Go-http-client/1.1"
147.182.149.75 - - [09/Nov/2025:08:58:45 +0530] "GET /about HTTP/1.1" 404 196 "-" "Go-http-client/1.1"
147.182.149.75 - - [09/Nov/2025:08:58:45 +0530] "GET /debug/default/view?panel=config HTTP/1.1" 404 196 "-" "Go-http-client/1.1"
147.182.149.75 - - [09/Nov/2025:08:58:46 +0530] "GET /v2/_catalog HTTP/1.1" 404 196 "-" "Go-http-client/1.1"
147.182.149.75 - - [09/Nov/2025:08:58:46 +0530] "GET /ecp/Current/exporttool/microsoft.exchange.ediscovery.exporttool.application HTTP/1.1" 404 196 "-" "Go-http-client/1.1"
147.182.149.75 - - [09/Nov/2025:08:58:46 +0530] "GET /server-status HTTP/1.1" 403 199 "-" "Go-http-client/1.1"
147.182.149.75 - - [09/Nov/2025:08:58:47 +0530] "GET /login.action HTTP/1.1" 404 196 "-" "Go-http-client/1.1"
147.182.149.75 - - [09/Nov/2025:08:58:47 +0530] "GET /_all_dbs HTTP/1.1" 404 196 "-" "Mozilla/5.0 (l9scan/2.0.337313e2634313e2334323e2633313; +https://leakix.net)"
147.182.149.75 - - [09/Nov/2025:08:58:48 +0530] "GET /.DS_Store HTTP/1.1" 404 196 "-" "Go-http-client/1.1"
147.182.149.75 - - [09/Nov/2025:08:58:48 +0530] "GET /.env HTTP/1.1" 403 199 "-" "Go-http-client/1.1"
147.182.149.75 - - [09/Nov/2025:08:58:49 +0530] "GET /.git/config HTTP/1.1" 403 199 "-" "Go-http-client/1.1"
147.182.149.75 - - [09/Nov/2025:08:58:49 +0530] "GET /s/337313e2634313e2334323e2633313/_/;/META-INF/maven/com.atlassian.jira/jira-webapp-dist/pom.properties HTTP/1.1" 404 196 "-" "Go-http-client/1.1"
147.182.149.75 - - [09/Nov/2025:08:58:49 +0530] "GET /config.json HTTP/1.1" 404 196 "-" "Go-http-client/1.1"
147.182.149.75 - - [09/Nov/2025:08:58:50 +0530] "GET /telescope/requests HTTP/1.1" 404 196 "-" "Go-http-client/1.1"
147.182.149.75 - - [09/Nov/2025:08:58:50 +0530] "GET /info.php HTTP/1.1" 404 16 "-" "Go-http-client/1.1"
147.182.149.75 - - [09/Nov/2025:08:58:51 +0530] "GET /?rest_route=/wp/v2/users/ HTTP/1.1" 403 199 "-" "Go-http-client/1.1"
195.211.77.140 - - [09/Nov/2025:08:58:57 +0530] "HEAD / HTTP/1.1" 403 - "-" "Mozilla/5.0 (Windows NT 10.0; Win64; x64) AppleWebKit/537.36 (KHTML, like Gecko) Chrome/108.0.0.0 Safari/537.36"
34.122.147.229 - - [09/Nov/2025:08:59:00 +0530] "GET / HTTP/1.1" 403 199 "-" "Mozilla/5.0 (X11; Linux x86_64) AppleWebKit/537.36 (KHTML, like Gecko) HeadlessChrome/125.0.6422.60 Safari/537.36"
205.169.39.151 - - [09/Nov/2025:08:59:08 +0530] "GET / HTTP/1.1" 403 199 "-" "Mozilla/5.0 (Windows NT 6.1; Win64; x64) AppleWebKit/537.36 (KHTML, like Gecko) Chrome/83.0.4103.61 Safari/537.36"
205.169.39.6 - - [09/Nov/2025:09:00:06 +0530] "GET / HTTP/1.1" 403 199 "-" "Mozilla/5.0 (Windows NT 10.0; Win64; x64) AppleWebKit/537.36 (KHTML, like Gecko) Chrome/117.0.5938.132 Safari/537.36"
91.231.89.103 - - [09/Nov/2025:09:19:20 +0530] "GET / HTTP/1.1" 403 199 "-" "Mozilla/5.0 (X11; Ubuntu; Linux x86_64; rv:134.0) Gecko/20100101 Firefox/134.0"
91.196.152.145 - - [09/Nov/2025:09:26:27 +0530] "GET /favicon.ico HTTP/1.1" 404 196 "-" "Mozilla/5.0 (X11; Ubuntu; Linux x86_64; rv:134.0) Gecko/20100101 Firefox/134.0"
91.231.89.101 - - [09/Nov/2025:09:27:20 +0530] "GET / HTTP/1.1" 403 199 "-" "Mozilla/5.0 (X11; Ubuntu; Linux x86_64; rv:134.0) Gecko/20100101 Firefox/134.0"
107.172.195.0 - - [09/Nov/2025:09:50:18 +0530] "GET / HTTP/1.1" 403 199 "-" "Mozilla/5.0 (Windows NT 10.0; Win64; x64) AppleWebKit/537.36 (KHTML, like Gecko) Chrome/116.0.0.0 Safari/537.36"
104.164.173.169 - - [09/Nov/2025:09:50:20 +0530] "GET / HTTP/1.1" 403 199 "-" "Mozilla/5.0 (X11; Linux x86_64) AppleWebKit/537.36 (KHTML, like Gecko) Chrome/117.0.0.0 Safari/537.36"
104.252.191.192 - - [09/Nov/2025:09:50:32 +0530] "GET / HTTP/1.1" 403 199 "-" "Mozilla/5.0 (X11; Linux x86_64) AppleWebKit/537.36 (KHTML, like Gecko) Chrome/116.0.0.0 Safari/537.36"
107.172.195.64 - - [09/Nov/2025:10:09:57 +0530] "GET / HTTP/1.1" 403 199 "-" "Mozilla/5.0 (Macintosh; Intel Mac OS X 10_15_7) AppleWebKit/537.36 (KHTML, like Gecko) Chrome/116.0.0.0 Safari/537.36"
104.252.191.74 - - [09/Nov/2025:10:09:57 +0530] "GET / HTTP/1.1" 403 199 "-" "Mozilla/5.0 (Windows NT 10.0; Win64; x64) AppleWebKit/537.36 (KHTML, like Gecko) Chrome/117.0.0.0 Safari/537.36"
104.164.126.153 - - [09/Nov/2025:10:10:03 +0530] "GET / HTTP/1.1" 403 199 "-" "Mozilla/5.0 (Macintosh; Intel Mac OS X 10_15_7) AppleWebKit/537.36 (KHTML, like Gecko) Chrome/116.0.0.0 Safari/537.36"
103.4.250.18 - - [09/Nov/2025:10:54:54 +0530] "GET / HTTP/1.1" 403 199 "-" "Mozilla/5.0 (X11; Linux x86_64) AppleWebKit/537.36 (KHTML, like Gecko) Chrome/117.0.0.0 Safari/537.36"
107.172.195.11 - - [09/Nov/2025:10:54:54 +0530] "GET / HTTP/1.1" 403 199 "-" "Mozilla/5.0 (Macintosh; Intel Mac OS X 10_15_7) AppleWebKit/537.36 (KHTML, like Gecko) Chrome/116.0.0.0 Safari/537.36"
103.4.250.8 - - [09/Nov/2025:10:55:06 +0530] "GET / HTTP/1.1" 403 199 "-" "Mozilla/5.0 (Windows NT 10.0; Win64; x64) AppleWebKit/537.36 (KHTML, like Gecko) Chrome/116.0.0.0 Safari/537.36"
51.254.204.161 - - [09/Nov/2025:11:05:08 +0530] "GET / HTTP/1.1" 403 199 "-" "Mozilla/5.0"
74.7.230.26 - - [09/Nov/2025:11:10:01 +0530] "GET /robots.txt HTTP/1.1" 404 196 "-" "Mozilla/5.0 (Macintosh; Intel Mac OS X 10_15_7) AppleWebKit/537.36 (KHTML, like Gecko) Chrome/131.0.0.0 Safari/537.36; compatible; OAI-SearchBot/1.0; robots.txt; +https://openai.com/searchbot"
74.7.227.209 - - [09/Nov/2025:11:10:02 +0530] "GET / HTTP/1.1" 403 199 "-" "Mozilla/5.0 AppleWebKit/537.36 (KHTML, like Gecko; compatible; GPTBot/1.2; +https://openai.com/gptbot)"
74.7.230.57 - - [09/Nov/2025:11:11:01 +0530] "GET /robots.txt HTTP/1.1" 404 196 "-" "Mozilla/5.0 (Macintosh; Intel Mac OS X 10_15_7) AppleWebKit/537.36 (KHTML, like Gecko) Chrome/131.0.0.0 Safari/537.36; compatible; OAI-SearchBot/1.0; robots.txt; +https://openai.com/searchbot"
74.7.227.219 - - [09/Nov/2025:11:11:04 +0530] "GET / HTTP/1.1" 403 199 "-" "Mozilla/5.0 AppleWebKit/537.36 (KHTML, like Gecko; compatible; GPTBot/1.2; +https://openai.com/gptbot)"
51.254.204.161 - - [09/Nov/2025:11:13:26 +0530] "GET /a/pl HTTP/1.1" 404 196 "-" "Mozilla/5.0 (Windows NT 6.0) AppleWebKit/537.36 (KHTML, like Gecko) Chrome/40.0.2214.111 Safari/537.36,gzip(gfe)"
51.254.204.161 - - [09/Nov/2025:11:13:26 +0530] "GET /quiz/orlen-quiz/ HTTP/1.1" 404 196 "-" "Mozilla/5.0 (Windows NT 6.0) AppleWebKit/537.36 (KHTML, like Gecko) Chrome/40.0.2214.111 Safari/537.36,gzip(gfe)"
51.254.204.161 - - [09/Nov/2025:11:13:26 +0530] "GET / HTTP/1.1" 403 199 "-" "Mozilla/5.0 (Windows NT 6.0) AppleWebKit/537.36 (KHTML, like Gecko) Chrome/40.0.2214.111 Safari/537.36,gzip(gfe)"
51.254.204.161 - - [09/Nov/2025:12:07:26 +0530] "GET / HTTP/1.1" 403 199 "-" "Mozilla/5.0"
74.7.230.26 - - [09/Nov/2025:12:08:07 +0530] "GET /robots.txt HTTP/1.1" 404 196 "-" "Mozilla/5.0 (Macintosh; Intel Mac OS X 10_15_7) AppleWebKit/537.36 (KHTML, like Gecko) Chrome/131.0.0.0 Safari/537.36; compatible; OAI-SearchBot/1.0; robots.txt; +https://openai.com/searchbot"
74.7.230.57 - - [09/Nov/2025:12:11:34 +0530] "GET /robots.txt HTTP/1.1" 404 196 "-" "Mozilla/5.0 (Macintosh; Intel Mac OS X 10_15_7) AppleWebKit/537.36 (KHTML, like Gecko) Chrome/131.0.0.0 Safari/537.36; compatible; OAI-SearchBot/1.0; robots.txt; +https://openai.com/searchbot"
51.254.204.161 - - [09/Nov/2025:12:14:34 +0530] "GET /a/pl HTTP/1.1" 404 196 "-" "Mozilla/5.0 (Windows NT 6.0) AppleWebKit/537.36 (KHTML, like Gecko) Chrome/40.0.2214.111 Safari/537.36,gzip(gfe)"
51.254.204.161 - - [09/Nov/2025:12:14:34 +0530] "GET /quiz/orlen-quiz/ HTTP/1.1" 404 196 "-" "Mozilla/5.0 (Windows NT 6.0) AppleWebKit/537.36 (KHTML, like Gecko) Chrome/40.0.2214.111 Safari/537.36,gzip(gfe)"
51.254.204.161 - - [09/Nov/2025:12:14:35 +0530] "GET / HTTP/1.1" 403 199 "-" "Mozilla/5.0 (Windows NT 6.0) AppleWebKit/537.36 (KHTML, like Gecko) Chrome/40.0.2214.111 Safari/537.36,gzip(gfe)"
113.118.171.135 - - [09/Nov/2025:13:12:17 +0530] "GET /.git/config HTTP/1.1" 403 199 "-" "Go-http-client/1.1"
113.118.171.135 - - [09/Nov/2025:13:12:18 +0530] "GET /.git/config HTTP/1.1" 403 199 "-" "Go-http-client/1.1"
113.118.171.135 - - [09/Nov/2025:13:12:18 +0530] "GET /.svn/wc.db HTTP/1.1" 403 199 "-" "Go-http-client/1.1"
113.118.171.135 - - [09/Nov/2025:13:12:19 +0530] "GET /.svn/wc.db HTTP/1.1" 403 199 "-" "Go-http-client/1.1"
113.118.171.135 - - [09/Nov/2025:13:12:20 +0530] "GET /@fs/etc/passwd?raw?? HTTP/1.1" 404 196 "-" "Go-http-client/1.1"
113.118.171.135 - - [09/Nov/2025:13:12:21 +0530] "GET /@fs/etc/passwd?raw?? HTTP/1.1" 404 196 "-" "Go-http-client/1.1"
113.118.171.135 - - [09/Nov/2025:13:12:21 +0530] "GET /@fs/proc/self/environ?raw?? HTTP/1.1" 404 196 "-" "Go-http-client/1.1"
113.118.171.135 - - [09/Nov/2025:13:12:22 +0530] "GET /@fs/proc/self/environ?raw?? HTTP/1.1" 404 196 "-" "Go-http-client/1.1"
113.118.171.135 - - [09/Nov/2025:13:12:22 +0530] "GET /actuator HTTP/1.1" 404 196 "-" "Go-http-client/1.1"
113.118.171.135 - - [09/Nov/2025:13:12:23 +0530] "GET /actuator HTTP/1.1" 404 196 "-" "Go-http-client/1.1"
113.118.171.135 - - [09/Nov/2025:13:12:23 +0530] "GET /api/actuator HTTP/1.1" 404 196 "-" "Go-http-client/1.1"
113.118.171.135 - - [09/Nov/2025:13:12:23 +0530] "GET /api/actuator HTTP/1.1" 404 196 "-" "Go-http-client/1.1"
74.7.230.26 - - [09/Nov/2025:13:13:17 +0530] "GET /robots.txt HTTP/1.1" 404 196 "-" "Mozilla/5.0 (Macintosh; Intel Mac OS X 10_15_7) AppleWebKit/537.36 (KHTML, like Gecko) Chrome/131.0.0.0 Safari/537.36; compatible; OAI-SearchBot/1.0; robots.txt; +https://openai.com/searchbot"
113.118.171.135 - - [09/Nov/2025:13:13:44 +0530] "GET /.git/config HTTP/1.1" 403 199 "-" "Go-http-client/1.1"
113.118.171.135 - - [09/Nov/2025:13:13:45 +0530] "GET /.git/config HTTP/1.1" 403 199 "-" "Go-http-client/1.1"
113.118.171.135 - - [09/Nov/2025:13:13:46 +0530] "GET /.svn/wc.db HTTP/1.1" 403 199 "-" "Go-http-client/1.1"
113.118.171.135 - - [09/Nov/2025:13:13:47 +0530] "GET /.svn/wc.db HTTP/1.1" 403 199 "-" "Go-http-client/1.1"
113.118.171.135 - - [09/Nov/2025:13:13:48 +0530] "GET /@fs/etc/passwd?raw?? HTTP/1.1" 404 196 "-" "Go-http-client/1.1"
113.118.171.135 - - [09/Nov/2025:13:13:51 +0530] "GET /@fs/etc/passwd?raw?? HTTP/1.1" 404 196 "-" "Go-http-client/1.1"
113.118.171.135 - - [09/Nov/2025:13:13:51 +0530] "GET /@fs/proc/self/environ?raw?? HTTP/1.1" 404 196 "-" "Go-http-client/1.1"
113.118.171.135 - - [09/Nov/2025:13:13:52 +0530] "GET /@fs/proc/self/environ?raw?? HTTP/1.1" 404 196 "-" "Go-http-client/1.1"
113.118.171.135 - - [09/Nov/2025:13:13:52 +0530] "GET /actuator HTTP/1.1" 404 196 "-" "Go-http-client/1.1"
113.118.171.135 - - [09/Nov/2025:13:13:52 +0530] "GET /actuator HTTP/1.1" 404 196 "-" "Go-http-client/1.1"
113.118.171.135 - - [09/Nov/2025:13:13:53 +0530] "GET /api/actuator HTTP/1.1" 404 196 "-" "Go-http-client/1.1"
113.118.171.135 - - [09/Nov/2025:13:13:53 +0530] "GET /api/actuator HTTP/1.1" 404 196 "-" "Go-http-client/1.1"
74.7.230.57 - - [09/Nov/2025:13:15:30 +0530] "GET /robots.txt HTTP/1.1" 404 196 "-" "Mozilla/5.0 (Macintosh; Intel Mac OS X 10_15_7) AppleWebKit/537.36 (KHTML, like Gecko) Chrome/131.0.0.0 Safari/537.36; compatible; OAI-SearchBot/1.0; robots.txt; +https://openai.com/searchbot"
51.254.204.161 - - [09/Nov/2025:13:35:26 +0530] "GET / HTTP/1.1" 403 199 "-" "Mozilla/5.0"
51.254.204.161 - - [09/Nov/2025:13:35:26 +0530] "GET /a/pl HTTP/1.1" 404 196 "-" "Mozilla/5.0 (Windows NT 6.0) AppleWebKit/537.36 (KHTML, like Gecko) Chrome/40.0.2214.111 Safari/537.36,gzip(gfe)"
51.254.204.161 - - [09/Nov/2025:13:35:27 +0530] "GET /quiz/orlen-quiz/ HTTP/1.1" 404 196 "-" "Mozilla/5.0 (Windows NT 6.0) AppleWebKit/537.36 (KHTML, like Gecko) Chrome/40.0.2214.111 Safari/537.36,gzip(gfe)"
51.254.204.161 - - [09/Nov/2025:13:35:27 +0530] "GET / HTTP/1.1" 403 199 "-" "Mozilla/5.0 (Windows NT 6.0) AppleWebKit/537.36 (KHTML, like Gecko) Chrome/40.0.2214.111 Safari/537.36,gzip(gfe)"
34.132.203.59 - - [09/Nov/2025:13:47:15 +0530] "GET / HTTP/1.1" 403 199 "-" "python-requests/2.32.3"
134.122.53.141 - - [09/Nov/2025:17:43:22 +0530] "GET / HTTP/1.1" 403 199 "-" "Mozilla/5.0 (X11; Linux x86_64) AppleWebKit/537.36 (KHTML, like Gecko) Chrome/139.0.0.0 Safari/537.36"
134.122.53.141 - - [09/Nov/2025:17:43:23 +0530] "GET /favicon.ico HTTP/1.1" 404 196 "http://helpdesk.vichole.com/" "Mozilla/5.0 (X11; Linux x86_64) AppleWebKit/537.36 (KHTML, like Gecko) Chrome/139.0.0.0 Safari/537.36"
134.122.53.141 - - [09/Nov/2025:17:43:23 +0530] "GET / HTTP/1.1" 403 199 "-" "Mozilla/5.0 (X11; Linux x86_64) AppleWebKit/537.36 (KHTML, like Gecko) Chrome/139.0.0.0 Safari/537.36"
134.122.53.141 - - [09/Nov/2025:17:43:24 +0530] "GET /favicon.ico HTTP/1.1" 404 196 "https://helpdesk.vichole.com/" "Mozilla/5.0 (X11; Linux x86_64) AppleWebKit/537.36 (KHTML, like Gecko) Chrome/139.0.0.0 Safari/537.36"
35.245.193.117 - - [09/Nov/2025:21:29:57 +0530] "GET / HTTP/1.1" 403 199 "-" "Mozilla/5.0 (compatible; CMS-Checker/1.0; +https://example.com)"
35.245.193.117 - - [09/Nov/2025:21:29:57 +0530] "GET / HTTP/1.1" 403 199 "-" "Mozilla/5.0 (compatible; CMS-Checker/1.0; +https://example.com)"
176.65.148.212 - - [09/Nov/2025:22:24:51 +0530] "GET /.env HTTP/1.1" 403 199 "-" "Mozilla/5.0 (Windows NT 10.0; Win64; x64) AppleWebKit/537.36 (KHTML, like Gecko) Chrome/134.0.0.0 Safari/537.3"
204.76.203.25 - - [10/Nov/2025:03:50:08 +0530] "GET /.env HTTP/1.1" 403 199 "-" "Mozilla/5.0 (Windows NT 10.0; Win64; x64) AppleWebKit/537.36 (KHTML, like Gecko) Chrome/134.0.0.0 Safari/537.3"
45.130.203.153 - - [10/Nov/2025:05:10:48 +0530] "GET /.git/HEAD HTTP/1.1" 403 199 "-" "Python-urllib/3.10"
45.130.203.154 - - [10/Nov/2025:05:10:48 +0530] "GET /.git/HEAD HTTP/1.1" 403 199 "-" "Python-urllib/3.10"
141.148.153.213 - - [10/Nov/2025:06:00:01 +0530] "GET / HTTP/1.1" 403 199 "-" "Mozilla/5.0 (iPhone; CPU iPhone OS 17_0 like Mac OS X) AppleWebKit/605.1.15 (KHTML, like Gecko) Version/17.0 Mobile/15E148 Safari/604.1"
159.65.52.62 - - [10/Nov/2025:08:03:17 +0530] "GET / HTTP/1.1" 403 199 "-" "Mozilla/5.0 (X11; Linux x86_64; rv:139.0) Gecko/20100101 Firefox/139.0"
159.65.52.62 - - [10/Nov/2025:08:03:17 +0530] "GET /favicon.ico HTTP/1.1" 404 196 "http://www.helpdesk.vichole.com/" "Mozilla/5.0 (X11; Linux x86_64; rv:139.0) Gecko/20100101 Firefox/139.0"
159.65.52.62 - - [10/Nov/2025:08:03:17 +0530] "GET / HTTP/1.1" 403 199 "-" "Mozilla/5.0 (X11; Linux x86_64; rv:139.0) Gecko/20100101 Firefox/139.0"
159.65.52.62 - - [10/Nov/2025:08:03:17 +0530] "GET /favicon.ico HTTP/1.1" 404 196 "https://www.helpdesk.vichole.com/" "Mozilla/5.0 (X11; Linux x86_64; rv:139.0) Gecko/20100101 Firefox/139.0"
3.81.5.69 - - [10/Nov/2025:08:53:54 +0530] "GET /.git/config HTTP/1.1" 403 199 "-" "Mozilla/5.0 (X11; NetBSD) AppleWebKit/537.36 (KHTML, like Gecko) Chrome/27.0.1453.116 Safari/537.36"
3.81.5.69 - - [10/Nov/2025:10:47:09 +0530] "GET / HTTP/1.1" 403 199 "-" "Mozilla/5.0 (Linux; Android 9; Redmi Note 7) AppleWebKit/537.36 (KHTML, like Gecko) Chrome/76.0.3809.89 Mobile Safari/537.36"
195.178.110.223 - - [10/Nov/2025:10:54:26 +0530] "GET /.git/config HTTP/1.1" 403 199 "-" "Mozilla/5.0 (Linux; Android 7.1.1; BBB100-1 Build/NMF26F) AppleWebKit/537.36 (KHTML, like Gecko) Chrome/59.0.3071.125 Mobile Safari/537.36"
3.81.5.69 - - [10/Nov/2025:11:05:45 +0530] "GET / HTTP/1.1" 403 199 "-" "Mozilla/5.0 (Windows NT 6.1) AppleWebKit/537.36 (KHTML, like Gecko) Chrome/41.0.2228.0 Safari/537.36"
195.178.110.223 - - [10/Nov/2025:12:27:59 +0530] "GET /.git/config HTTP/1.1" 403 199 "-" "Mozilla/5.0 (iPhone; CPU iPhone OS 12_4 like Mac OS X) AppleWebKit/605.1.15 (KHTML, like Gecko) GSA/79.0.259819395 Mobile/16G77 Safari/604.1"
74.7.230.26 - - [10/Nov/2025:13:00:02 +0530] "GET /robots.txt HTTP/1.1" 404 196 "-" "Mozilla/5.0 (Macintosh; Intel Mac OS X 10_15_7) AppleWebKit/537.36 (KHTML, like Gecko) Chrome/131.0.0.0 Safari/537.36; compatible; OAI-SearchBot/1.0; robots.txt; +https://openai.com/searchbot"
74.7.230.57 - - [10/Nov/2025:13:07:40 +0530] "GET /robots.txt HTTP/1.1" 404 196 "-" "Mozilla/5.0 (Macintosh; Intel Mac OS X 10_15_7) AppleWebKit/537.36 (KHTML, like Gecko) Chrome/131.0.0.0 Safari/537.36; compatible; OAI-SearchBot/1.0; robots.txt; +https://openai.com/searchbot"
45.144.212.58 - - [10/Nov/2025:15:04:09 +0530] "GET / HTTP/1.1" 403 199 "-" "Mozilla/5.0 (Linux; Android 5.1; Lenovo P70-A) AppleWebKit/537.36 (KHTML, like Gecko) Chrome/76.0.3809.111 Mobile Safari/537.36"
213.209.157.81 - - [10/Nov/2025:15:33:12 +0530] "GET /.git/config HTTP/1.1" 403 199 "-" "Mozilla/5.0 (Linux; Android 8.0.0; moto e5 cruise Build/OCPS27.91-157-12) AppleWebKit/537.36 (KHTML, like Gecko) Chrome/68.0.3440.91 Mobile Safari/537.36"
98.86.225.183 - - [10/Nov/2025:15:45:34 +0530] "GET /.git/config HTTP/1.1" 403 199 "-" "Mozilla/5.0 (Windows NT 6.1; Win64; x64) AppleWebKit/537.36 (KHTML, like Gecko) Chrome/72.0.3626.122 Safari/537.36"
178.128.166.173 - - [10/Nov/2025:16:26:04 +0530] "GET / HTTP/1.1" 403 199 "-" "Mozilla/5.0 (X11; Linux x86_64) AppleWebKit/537.36 (KHTML, like Gecko) Chrome/139.0.0.0 Safari/537.36"
178.128.166.173 - - [10/Nov/2025:16:26:04 +0530] "GET /favicon.ico HTTP/1.1" 404 196 "http://helpdesk.vichole.com/" "Mozilla/5.0 (X11; Linux x86_64) AppleWebKit/537.36 (KHTML, like Gecko) Chrome/139.0.0.0 Safari/537.36"
178.128.166.173 - - [10/Nov/2025:16:26:04 +0530] "GET / HTTP/1.1" 403 199 "-" "Mozilla/5.0 (X11; Linux x86_64; rv:139.0) Gecko/20100101 Firefox/139.0"
178.128.166.173 - - [10/Nov/2025:16:26:05 +0530] "GET /favicon.ico HTTP/1.1" 404 196 "https://helpdesk.vichole.com/" "Mozilla/5.0 (X11; Linux x86_64; rv:139.0) Gecko/20100101 Firefox/139.0"
213.209.157.81 - - [10/Nov/2025:16:59:44 +0530] "GET /.git/config HTTP/1.1" 403 199 "-" "Mozilla/5.0 (Linux; U; Android 2.1; en-us; HTC Legend Build/cupcake) AppleWebKit/530.17 (KHTML, like Gecko) Version/4.0 Mobile Safari/530.17"
34.77.33.12 - - [10/Nov/2025:18:33:30 +0530] "GET / HTTP/1.1" 403 199 "-" "Mozilla/5.0 (compatible; CMS-Checker/1.0; +https://example.com)"
35.185.58.97 - - [10/Nov/2025:19:33:59 +0530] "GET / HTTP/1.1" 403 199 "-" "Mozilla/5.0 (compatible; CMS-Checker/1.0; +https://example.com)"
35.163.46.105 - - [10/Nov/2025:19:47:06 +0530] "GET / HTTP/1.1" 403 199 "-" "Mozilla/5.0 (Linux; Android 9; SM-G975F) AppleWebKit/537.36 (KHTML, like Gecko) Chrome/76.0.3809.111 Mobile Safari/537.36"
184.73.114.32 - - [10/Nov/2025:20:26:03 +0530] "GET /.git/config HTTP/1.1" 403 199 "-" "SonyEricssonS500i/R6BC Browser/NetFront/3.3 Profile/MIDP-2.0 Configuration/CLDC-1.1"
34.124.176.249 - - [10/Nov/2025:20:49:36 +0530] "GET / HTTP/1.1" 403 199 "-" "Mozilla/5.0 (Linux; Android 5.1.1; SM-J111F)"
34.124.176.249 - - [10/Nov/2025:20:49:37 +0530] "GET /wordpress/ HTTP/1.1" 404 196 "-" "Mozilla/5.0 (Linux; Android 5.1.1; SM-J111F)"
34.26.174.48 - - [10/Nov/2025:21:16:13 +0530] "GET / HTTP/1.1" 403 199 "-" "Mozilla/5.0 (compatible; CMS-Checker/1.0; +https://example.com)"
34.29.118.50 - - [10/Nov/2025:21:18:43 +0530] "GET / HTTP/1.1" 403 199 "-" "Mozilla/5.0 (compatible; CMS-Checker/1.0; +https://example.com)"
192.178.15.2 - - [10/Nov/2025:23:20:07 +0530] "GET /public/en/customer/create-ticket/ HTTP/1.1" 200 34129 "-" "Google"
34.82.173.161 - - [10/Nov/2025:23:22:52 +0530] "GET / HTTP/1.1" 403 199 "-" "Mozilla/5.0 (Windows NT 10.0; Win64; x64) AppleWebKit/537.36 (KHTML, like Gecko) Chrome/88.0.4240.193 Safari/537.36"
34.82.173.161 - - [10/Nov/2025:23:22:52 +0530] "GET / HTTP/1.1" 403 199 "-" "Mozilla/5.0 (Windows NT 10.0; Win64; x64) AppleWebKit/537.36 (KHTML, like Gecko) Chrome/88.0.4240.193 Safari/537.36"
34.82.173.161 - - [10/Nov/2025:23:22:53 +0530] "GET /wp-includes/wlwmanifest.xml HTTP/1.1" 404 196 "-" "Mozilla/5.0 (Windows NT 10.0; Win64; x64) AppleWebKit/537.36 (KHTML, like Gecko) Chrome/88.0.4240.193 Safari/537.36"
34.82.173.161 - - [10/Nov/2025:23:22:53 +0530] "GET /xmlrpc.php?rsd HTTP/1.1" 404 16 "-" "Mozilla/5.0 (Windows NT 10.0; Win64; x64) AppleWebKit/537.36 (KHTML, like Gecko) Chrome/88.0.4240.193 Safari/537.36"
34.82.173.161 - - [10/Nov/2025:23:22:53 +0530] "GET / HTTP/1.1" 403 199 "-" "Mozilla/5.0 (Windows NT 10.0; Win64; x64) AppleWebKit/537.36 (KHTML, like Gecko) Chrome/88.0.4240.193 Safari/537.36"
34.82.173.161 - - [10/Nov/2025:23:22:53 +0530] "GET /blog/wp-includes/wlwmanifest.xml HTTP/1.1" 404 196 "-" "Mozilla/5.0 (Windows NT 10.0; Win64; x64) AppleWebKit/537.36 (KHTML, like Gecko) Chrome/88.0.4240.193 Safari/537.36"
34.82.173.161 - - [10/Nov/2025:23:22:53 +0530] "GET /web/wp-includes/wlwmanifest.xml HTTP/1.1" 404 196 "-" "Mozilla/5.0 (Windows NT 10.0; Win64; x64) AppleWebKit/537.36 (KHTML, like Gecko) Chrome/88.0.4240.193 Safari/537.36"
34.82.173.161 - - [10/Nov/2025:23:22:54 +0530] "GET /wordpress/wp-includes/wlwmanifest.xml HTTP/1.1" 404 196 "-" "Mozilla/5.0 (Windows NT 10.0; Win64; x64) AppleWebKit/537.36 (KHTML, like Gecko) Chrome/88.0.4240.193 Safari/537.36"
34.82.173.161 - - [10/Nov/2025:23:22:54 +0530] "GET /website/wp-includes/wlwmanifest.xml HTTP/1.1" 404 196 "-" "Mozilla/5.0 (Windows NT 10.0; Win64; x64) AppleWebKit/537.36 (KHTML, like Gecko) Chrome/88.0.4240.193 Safari/537.36"
34.82.173.161 - - [10/Nov/2025:23:22:54 +0530] "GET /wp/wp-includes/wlwmanifest.xml HTTP/1.1" 404 196 "-" "Mozilla/5.0 (Windows NT 10.0; Win64; x64) AppleWebKit/537.36 (KHTML, like Gecko) Chrome/88.0.4240.193 Safari/537.36"
34.82.173.161 - - [10/Nov/2025:23:22:54 +0530] "GET /news/wp-includes/wlwmanifest.xml HTTP/1.1" 404 196 "-" "Mozilla/5.0 (Windows NT 10.0; Win64; x64) AppleWebKit/537.36 (KHTML, like Gecko) Chrome/88.0.4240.193 Safari/537.36"
34.82.173.161 - - [10/Nov/2025:23:22:55 +0530] "GET /2020/wp-includes/wlwmanifest.xml HTTP/1.1" 404 196 "-" "Mozilla/5.0 (Windows NT 10.0; Win64; x64) AppleWebKit/537.36 (KHTML, like Gecko) Chrome/88.0.4240.193 Safari/537.36"
34.82.173.161 - - [10/Nov/2025:23:22:55 +0530] "GET /2019/wp-includes/wlwmanifest.xml HTTP/1.1" 404 196 "-" "Mozilla/5.0 (Windows NT 10.0; Win64; x64) AppleWebKit/537.36 (KHTML, like Gecko) Chrome/88.0.4240.193 Safari/537.36"
34.82.173.161 - - [10/Nov/2025:23:22:55 +0530] "GET /shop/wp-includes/wlwmanifest.xml HTTP/1.1" 404 196 "-" "Mozilla/5.0 (Windows NT 10.0; Win64; x64) AppleWebKit/537.36 (KHTML, like Gecko) Chrome/88.0.4240.193 Safari/537.36"
34.82.173.161 - - [10/Nov/2025:23:22:55 +0530] "GET /wp1/wp-includes/wlwmanifest.xml HTTP/1.1" 404 196 "-" "Mozilla/5.0 (Windows NT 10.0; Win64; x64) AppleWebKit/537.36 (KHTML, like Gecko) Chrome/88.0.4240.193 Safari/537.36"
34.82.173.161 - - [10/Nov/2025:23:22:56 +0530] "GET /test/wp-includes/wlwmanifest.xml HTTP/1.1" 404 196 "-" "Mozilla/5.0 (Windows NT 10.0; Win64; x64) AppleWebKit/537.36 (KHTML, like Gecko) Chrome/88.0.4240.193 Safari/537.36"
34.82.173.161 - - [10/Nov/2025:23:22:56 +0530] "GET /wp2/wp-includes/wlwmanifest.xml HTTP/1.1" 404 196 "-" "Mozilla/5.0 (Windows NT 10.0; Win64; x64) AppleWebKit/537.36 (KHTML, like Gecko) Chrome/88.0.4240.193 Safari/537.36"
34.82.173.161 - - [10/Nov/2025:23:22:56 +0530] "GET /site/wp-includes/wlwmanifest.xml HTTP/1.1" 404 196 "-" "Mozilla/5.0 (Windows NT 10.0; Win64; x64) AppleWebKit/537.36 (KHTML, like Gecko) Chrome/88.0.4240.193 Safari/537.36"
34.82.173.161 - - [10/Nov/2025:23:22:56 +0530] "GET /cms/wp-includes/wlwmanifest.xml HTTP/1.1" 404 196 "-" "Mozilla/5.0 (Windows NT 10.0; Win64; x64) AppleWebKit/537.36 (KHTML, like Gecko) Chrome/88.0.4240.193 Safari/537.36"
