45.131.155.101 - - [08/Nov/2025:15:43:22 +0530] "GET / HTTP/1.1" 200 6239 "-" "Mozilla/5.0 (X11; Linux x86_64) AppleWebKit/537.36 (KHTML, like Gecko) Chrome/136.0.0.0 Safari/537.36"
54.166.213.72 - - [09/Nov/2025:01:04:33 +0530] "GET /.git/config HTTP/1.1" 404 196 "-" "Mozilla/5.0 (Linux; Android 8.0.0; PRA-LX1) AppleWebKit/537.36 (KHTML, like Gecko) Chrome/75.0.3770.101 Mobile Safari/537.36"
16.16.79.171 - - [09/Nov/2025:03:05:21 +0530] "GET / HTTP/1.1" 200 6239 "-" "-"
54.166.213.72 - - [09/Nov/2025:03:25:19 +0530] "GET /.git/config HTTP/1.1" 404 196 "-" "Mozilla/5.0 (Linux; U; Android 0.5; en-us) AppleWebKit/522  (KHTML, like Gecko) Safari/419.3"
104.210.140.128 - - [09/Nov/2025:06:23:23 +0530] "GET /robots.txt HTTP/1.1" 404 196 "-" "Mozilla/5.0 (Macintosh; Intel Mac OS X 10_15_7) AppleWebKit/537.36 (KHTML, like Gecko) Chrome/131.0.0.0 Safari/537.36; compatible; OAI-SearchBot/1.0; +https://openai.com/searchbot"
104.210.140.138 - - [09/Nov/2025:06:23:24 +0530] "GET /robots.txt HTTP/1.1" 404 196 "-" "Mozilla/5.0 (Macintosh; Intel Mac OS X 10_15_7) AppleWebKit/537.36 (KHTML, like Gecko) Chrome/131.0.0.0 Safari/537.36; compatible; OAI-SearchBot/1.0; +https://openai.com/searchbot"
104.210.140.132 - - [09/Nov/2025:06:25:43 +0530] "GET /robots.txt HTTP/1.1" 404 196 "-" "Mozilla/5.0 (Macintosh; Intel Mac OS X 10_15_7) AppleWebKit/537.36 (KHTML, like Gecko) Chrome/131.0.0.0 Safari/537.36; compatible; OAI-SearchBot/1.0; +https://openai.com/searchbot"
104.210.140.130 - - [09/Nov/2025:06:25:45 +0530] "GET /robots.txt HTTP/1.1" 404 196 "-" "Mozilla/5.0 (Macintosh; Intel Mac OS X 10_15_7) AppleWebKit/537.36 (KHTML, like Gecko) Chrome/131.0.0.0 Safari/537.36; compatible; OAI-SearchBot/1.0; +https://openai.com/searchbot"
45.131.155.100 - - [09/Nov/2025:07:48:16 +0530] "GET / HTTP/1.1" 200 6239 "-" "Mozilla/5.0 (X11; Linux x86_64) AppleWebKit/537.36 (KHTML, like Gecko) Chrome/131.0.0.0 Safari/537.36"
158.69.227.165 - - [09/Nov/2025:08:58:09 +0530] "GET /.well-known/acme-challenge/adc1623f5cac5114695b84364cbb9668key HTTP/1.0" 200 33 "-" "-"
23.178.112.212 - - [09/Nov/2025:08:58:15 +0530] "GET /.well-known/acme-challenge/7pD_Arzm0fva0nNVtKp7IsI1WNo32G3vaTZlC8OO2ao HTTP/1.1" 200 87 "-" "Mozilla/5.0 (compatible; Let's Encrypt validation server; +https://www.letsencrypt.org)"
16.170.172.18 - - [09/Nov/2025:08:58:16 +0530] "GET /.well-known/acme-challenge/7pD_Arzm0fva0nNVtKp7IsI1WNo32G3vaTZlC8OO2ao HTTP/1.1" 200 87 "-" "Mozilla/5.0 (compatible; Let's Encrypt validation server; +https://www.letsencrypt.org)"
18.222.194.125 - - [09/Nov/2025:08:58:16 +0530] "GET /.well-known/acme-challenge/7pD_Arzm0fva0nNVtKp7IsI1WNo32G3vaTZlC8OO2ao HTTP/1.1" 200 87 "-" "Mozilla/5.0 (compatible; Let's Encrypt validation server; +https://www.letsencrypt.org)"
35.86.155.247 - - [09/Nov/2025:08:58:16 +0530] "GET /.well-known/acme-challenge/7pD_Arzm0fva0nNVtKp7IsI1WNo32G3vaTZlC8OO2ao HTTP/1.1" 200 87 "-" "Mozilla/5.0 (compatible; Let's Encrypt validation server; +https://www.letsencrypt.org)"
18.140.238.222 - - [09/Nov/2025:08:58:16 +0530] "GET /.well-known/acme-challenge/7pD_Arzm0fva0nNVtKp7IsI1WNo32G3vaTZlC8OO2ao HTTP/1.1" 200 87 "-" "Mozilla/5.0 (compatible; Let's Encrypt validation server; +https://www.letsencrypt.org)"
23.178.112.210 - - [09/Nov/2025:08:58:22 +0530] "GET /.well-known/acme-challenge/6PrDAOKIl9agZABorau5ICE-v0W1ujyqU62YonqTDnk HTTP/1.1" 200 87 "-" "Mozilla/5.0 (compatible; Let's Encrypt validation server; +https://www.letsencrypt.org)"
16.16.219.102 - - [09/Nov/2025:08:58:22 +0530] "GET /.well-known/acme-challenge/6PrDAOKIl9agZABorau5ICE-v0W1ujyqU62YonqTDnk HTTP/1.1" 200 87 "-" "Mozilla/5.0 (compatible; Let's Encrypt validation server; +https://www.letsencrypt.org)"
3.12.198.47 - - [09/Nov/2025:08:58:22 +0530] "GET /.well-known/acme-challenge/6PrDAOKIl9agZABorau5ICE-v0W1ujyqU62YonqTDnk HTTP/1.1" 200 87 "-" "Mozilla/5.0 (compatible; Let's Encrypt validation server; +https://www.letsencrypt.org)"
35.92.187.46 - - [09/Nov/2025:08:58:22 +0530] "GET /.well-known/acme-challenge/6PrDAOKIl9agZABorau5ICE-v0W1ujyqU62YonqTDnk HTTP/1.1" 200 87 "-" "Mozilla/5.0 (compatible; Let's Encrypt validation server; +https://www.letsencrypt.org)"
13.250.6.24 - - [09/Nov/2025:08:58:22 +0530] "GET /.well-known/acme-challenge/6PrDAOKIl9agZABorau5ICE-v0W1ujyqU62YonqTDnk HTTP/1.1" 200 87 "-" "Mozilla/5.0 (compatible; Let's Encrypt validation server; +https://www.letsencrypt.org)"
103.4.251.246 - - [09/Nov/2025:08:58:34 +0530] "GET / HTTP/1.1" 200 6239 "-" "Mozilla/5.0 (Macintosh; Intel Mac OS X 10_15_7) AppleWebKit/537.36 (KHTML, like Gecko) Chrome/116.0.0.0 Safari/537.36"
107.172.195.213 - - [09/Nov/2025:08:58:34 +0530] "GET / HTTP/1.1" 200 6239 "-" "Mozilla/5.0 (Windows NT 10.0; Win64; x64) AppleWebKit/537.36 (KHTML, like Gecko) Chrome/116.0.0.0 Safari/537.36"
46.101.111.185 - - [09/Nov/2025:08:58:36 +0530] "GET / HTTP/1.1" 200 6239 "-" "-"
46.101.111.185 - - [09/Nov/2025:08:58:36 +0530] "GET / HTTP/1.1" 200 6239 "-" "-"
46.101.111.185 - - [09/Nov/2025:08:58:36 +0530] "GET / HTTP/1.1" 200 6239 "-" "Mozilla/5.0 (Linux; Android 6.0; HTC One M9 Build/MRA667607) AppleWebKit/537.36 (KHTML, like Gecko) Chrome/52.0.2297.98 Mobile Safari/537.3"
46.101.111.185 - - [09/Nov/2025:08:58:36 +0530] "GET / HTTP/1.1" 200 6239 "-" "Mozilla/5.0 (Linux; Android 6.0; HTC One M9 Build/MRA667607) AppleWebKit/537.36 (KHTML, like Gecko) Chrome/52.0.2297.98 Mobile Safari/537.3"
46.101.111.185 - - [09/Nov/2025:08:58:36 +0530] "POST /graphql HTTP/1.1" 404 196 "-" "Mozilla/5.0 (l9scan/2.0.337313e2634313e2334323e2633313; +https://leakix.net)"
46.101.111.185 - - [09/Nov/2025:08:58:37 +0530] "POST /api HTTP/1.1" 404 196 "-" "Mozilla/5.0 (l9scan/2.0.337313e2634313e2334323e2633313; +https://leakix.net)"
46.101.111.185 - - [09/Nov/2025:08:58:37 +0530] "POST /graphql HTTP/1.1" 404 196 "-" "Mozilla/5.0 (l9scan/2.0.337313e2634313e2334323e2633313; +https://leakix.net)"
46.101.111.185 - - [09/Nov/2025:08:58:37 +0530] "POST /api/graphql HTTP/1.1" 404 196 "-" "Mozilla/5.0 (l9scan/2.0.337313e2634313e2334323e2633313; +https://leakix.net)"
46.101.111.185 - - [09/Nov/2025:08:58:37 +0530] "POST /graphql/api HTTP/1.1" 404 196 "-" "Mozilla/5.0 (l9scan/2.0.337313e2634313e2334323e2633313; +https://leakix.net)"
46.101.111.185 - - [09/Nov/2025:08:58:37 +0530] "POST /api HTTP/1.1" 404 196 "-" "Mozilla/5.0 (l9scan/2.0.337313e2634313e2334323e2633313; +https://leakix.net)"
46.101.111.185 - - [09/Nov/2025:08:58:37 +0530] "POST /api/gql HTTP/1.1" 404 196 "-" "Mozilla/5.0 (l9scan/2.0.337313e2634313e2334323e2633313; +https://leakix.net)"
46.101.111.185 - - [09/Nov/2025:08:58:37 +0530] "GET /swagger-ui.html HTTP/1.1" 404 196 "-" "Mozilla/5.0 (l9scan/2.0.337313e2634313e2334323e2633313; +https://leakix.net)"
46.101.111.185 - - [09/Nov/2025:08:58:37 +0530] "POST /api/graphql HTTP/1.1" 404 196 "-" "Mozilla/5.0 (l9scan/2.0.337313e2634313e2334323e2633313; +https://leakix.net)"
46.101.111.185 - - [09/Nov/2025:08:58:37 +0530] "GET /swagger/index.html HTTP/1.1" 404 196 "-" "Mozilla/5.0 (l9scan/2.0.337313e2634313e2334323e2633313; +https://leakix.net)"
46.101.111.185 - - [09/Nov/2025:08:58:37 +0530] "POST /graphql/api HTTP/1.1" 404 196 "-" "Mozilla/5.0 (l9scan/2.0.337313e2634313e2334323e2633313; +https://leakix.net)"
157.245.204.205 - - [09/Nov/2025:08:58:37 +0530] "GET / HTTP/1.1" 200 6239 "-" "-"
157.245.204.205 - - [09/Nov/2025:08:58:37 +0530] "GET / HTTP/1.1" 200 6239 "-" "-"
46.101.111.185 - - [09/Nov/2025:08:58:37 +0530] "GET /swagger/swagger-ui.html HTTP/1.1" 404 196 "-" "Mozilla/5.0 (l9scan/2.0.337313e2634313e2334323e2633313; +https://leakix.net)"
46.101.111.185 - - [09/Nov/2025:08:58:37 +0530] "GET /webjars/swagger-ui/index.html HTTP/1.1" 404 196 "-" "Mozilla/5.0 (l9scan/2.0.337313e2634313e2334323e2633313; +https://leakix.net)"
46.101.111.185 - - [09/Nov/2025:08:58:37 +0530] "POST /api/gql HTTP/1.1" 404 196 "-" "Mozilla/5.0 (l9scan/2.0.337313e2634313e2334323e2633313; +https://leakix.net)"
46.101.111.185 - - [09/Nov/2025:08:58:37 +0530] "GET /swagger.json HTTP/1.1" 404 196 "-" "Mozilla/5.0 (l9scan/2.0.337313e2634313e2334323e2633313; +https://leakix.net)"
46.101.111.185 - - [09/Nov/2025:08:58:37 +0530] "GET /swagger-ui.html HTTP/1.1" 404 196 "-" "Mozilla/5.0 (l9scan/2.0.337313e2634313e2334323e2633313; +https://leakix.net)"
46.101.111.185 - - [09/Nov/2025:08:58:37 +0530] "GET /swagger/v1/swagger.json HTTP/1.1" 404 196 "-" "Mozilla/5.0 (l9scan/2.0.337313e2634313e2334323e2633313; +https://leakix.net)"
157.245.204.205 - - [09/Nov/2025:08:58:37 +0530] "GET / HTTP/1.1" 200 6239 "-" "Mozilla/5.0 (Linux; Android 6.0; HTC One M9 Build/MRA667607) AppleWebKit/537.36 (KHTML, like Gecko) Chrome/52.0.2297.98 Mobile Safari/537.3"
46.101.111.185 - - [09/Nov/2025:08:58:37 +0530] "GET /swagger/index.html HTTP/1.1" 404 196 "-" "Mozilla/5.0 (l9scan/2.0.337313e2634313e2334323e2633313; +https://leakix.net)"
46.101.111.185 - - [09/Nov/2025:08:58:37 +0530] "GET /v2/api-docs HTTP/1.1" 404 196 "-" "Mozilla/5.0 (l9scan/2.0.337313e2634313e2334323e2633313; +https://leakix.net)"
46.101.111.185 - - [09/Nov/2025:08:58:37 +0530] "GET /v3/api-docs HTTP/1.1" 404 196 "-" "Mozilla/5.0 (l9scan/2.0.337313e2634313e2334323e2633313; +https://leakix.net)"
46.101.111.185 - - [09/Nov/2025:08:58:37 +0530] "GET /swagger/swagger-ui.html HTTP/1.1" 404 196 "-" "Mozilla/5.0 (l9scan/2.0.337313e2634313e2334323e2633313; +https://leakix.net)"
46.101.111.185 - - [09/Nov/2025:08:58:38 +0530] "GET /api-docs/swagger.json HTTP/1.1" 404 196 "-" "Mozilla/5.0 (l9scan/2.0.337313e2634313e2334323e2633313; +https://leakix.net)"
46.101.111.185 - - [09/Nov/2025:08:58:38 +0530] "GET /api/swagger.json HTTP/1.1" 404 196 "-" "Mozilla/5.0 (l9scan/2.0.337313e2634313e2334323e2633313; +https://leakix.net)"
46.101.111.185 - - [09/Nov/2025:08:58:38 +0530] "GET /webjars/swagger-ui/index.html HTTP/1.1" 404 196 "-" "Mozilla/5.0 (l9scan/2.0.337313e2634313e2334323e2633313; +https://leakix.net)"
157.245.204.205 - - [09/Nov/2025:08:58:38 +0530] "POST /graphql HTTP/1.1" 404 196 "-" "Mozilla/5.0 (l9scan/2.0.337313e2634313e2334323e2633313; +https://leakix.net)"
46.101.111.185 - - [09/Nov/2025:08:58:38 +0530] "GET /@vite/env HTTP/1.1" 404 196 "-" "Go-http-client/1.1"
157.245.204.205 - - [09/Nov/2025:08:58:38 +0530] "GET / HTTP/1.1" 200 6239 "-" "Mozilla/5.0 (Linux; Android 6.0; HTC One M9 Build/MRA667607) AppleWebKit/537.36 (KHTML, like Gecko) Chrome/52.0.2297.98 Mobile Safari/537.3"
46.101.111.185 - - [09/Nov/2025:08:58:38 +0530] "GET /actuator/env HTTP/1.1" 404 196 "-" "Go-http-client/1.1"
46.101.111.185 - - [09/Nov/2025:08:58:38 +0530] "GET /swagger.json HTTP/1.1" 404 196 "-" "Mozilla/5.0 (l9scan/2.0.337313e2634313e2334323e2633313; +https://leakix.net)"
46.101.111.185 - - [09/Nov/2025:08:58:38 +0530] "GET /server HTTP/1.1" 404 196 "-" "Go-http-client/1.1"
46.101.111.185 - - [09/Nov/2025:08:58:38 +0530] "GET /.vscode/sftp.json HTTP/1.1" 404 196 "-" "Go-http-client/1.1"
46.101.111.185 - - [09/Nov/2025:08:58:38 +0530] "GET /swagger/v1/swagger.json HTTP/1.1" 404 196 "-" "Mozilla/5.0 (l9scan/2.0.337313e2634313e2334323e2633313; +https://leakix.net)"
46.101.111.185 - - [09/Nov/2025:08:58:38 +0530] "GET /about HTTP/1.1" 404 196 "-" "Go-http-client/1.1"
46.101.111.185 - - [09/Nov/2025:08:58:38 +0530] "GET /debug/default/view?panel=config HTTP/1.1" 404 196 "-" "Go-http-client/1.1"
46.101.111.185 - - [09/Nov/2025:08:58:38 +0530] "GET /v2/api-docs HTTP/1.1" 404 196 "-" "Mozilla/5.0 (l9scan/2.0.337313e2634313e2334323e2633313; +https://leakix.net)"
46.101.111.185 - - [09/Nov/2025:08:58:38 +0530] "GET /v2/_catalog HTTP/1.1" 404 196 "-" "Go-http-client/1.1"
46.101.111.185 - - [09/Nov/2025:08:58:38 +0530] "GET /ecp/Current/exporttool/microsoft.exchange.ediscovery.exporttool.application HTTP/1.1" 404 196 "-" "Go-http-client/1.1"
46.101.111.185 - - [09/Nov/2025:08:58:38 +0530] "GET /v3/api-docs HTTP/1.1" 404 196 "-" "Mozilla/5.0 (l9scan/2.0.337313e2634313e2334323e2633313; +https://leakix.net)"
157.245.204.205 - - [09/Nov/2025:08:58:38 +0530] "POST /api HTTP/1.1" 404 196 "-" "Mozilla/5.0 (l9scan/2.0.337313e2634313e2334323e2633313; +https://leakix.net)"
46.101.111.185 - - [09/Nov/2025:08:58:38 +0530] "GET /api-docs/swagger.json HTTP/1.1" 404 196 "-" "Mozilla/5.0 (l9scan/2.0.337313e2634313e2334323e2633313; +https://leakix.net)"
46.101.111.185 - - [09/Nov/2025:08:58:38 +0530] "GET /server-status HTTP/1.1" 403 199 "-" "Go-http-client/1.1"
46.101.111.185 - - [09/Nov/2025:08:58:38 +0530] "GET /login.action HTTP/1.1" 404 196 "-" "Go-http-client/1.1"
46.101.111.185 - - [09/Nov/2025:08:58:38 +0530] "GET /api/swagger.json HTTP/1.1" 404 196 "-" "Mozilla/5.0 (l9scan/2.0.337313e2634313e2334323e2633313; +https://leakix.net)"
46.101.111.185 - - [09/Nov/2025:08:58:38 +0530] "GET /_all_dbs HTTP/1.1" 404 196 "-" "Mozilla/5.0 (l9scan/2.0.337313e2634313e2334323e2633313; +https://leakix.net)"
46.101.111.185 - - [09/Nov/2025:08:58:38 +0530] "GET /.DS_Store HTTP/1.1" 404 196 "-" "Go-http-client/1.1"
46.101.111.185 - - [09/Nov/2025:08:58:38 +0530] "GET /@vite/env HTTP/1.1" 404 196 "-" "Go-http-client/1.1"
46.101.111.185 - - [09/Nov/2025:08:58:38 +0530] "GET /.env HTTP/1.1" 404 196 "-" "Go-http-client/1.1"
46.101.111.185 - - [09/Nov/2025:08:58:38 +0530] "GET /.git/config HTTP/1.1" 404 196 "-" "Go-http-client/1.1"
46.101.111.185 - - [09/Nov/2025:08:58:38 +0530] "GET /actuator/env HTTP/1.1" 404 196 "-" "Go-http-client/1.1"
46.101.111.185 - - [09/Nov/2025:08:58:38 +0530] "GET /s/337313e2634313e2334323e2633313/_/;/META-INF/maven/com.atlassian.jira/jira-webapp-dist/pom.properties HTTP/1.1" 404 196 "-" "Go-http-client/1.1"
46.101.111.185 - - [09/Nov/2025:08:58:38 +0530] "GET /config.json HTTP/1.1" 404 196 "-" "Go-http-client/1.1"
157.245.204.205 - - [09/Nov/2025:08:58:38 +0530] "POST /graphql HTTP/1.1" 404 196 "-" "Mozilla/5.0 (l9scan/2.0.337313e2634313e2334323e2633313; +https://leakix.net)"
157.245.204.205 - - [09/Nov/2025:08:58:38 +0530] "POST /api/graphql HTTP/1.1" 404 196 "-" "Mozilla/5.0 (l9scan/2.0.337313e2634313e2334323e2633313; +https://leakix.net)"
46.101.111.185 - - [09/Nov/2025:08:58:38 +0530] "GET /server HTTP/1.1" 404 196 "-" "Go-http-client/1.1"
46.101.111.185 - - [09/Nov/2025:08:58:38 +0530] "GET /telescope/requests HTTP/1.1" 404 196 "-" "Go-http-client/1.1"
46.101.111.185 - - [09/Nov/2025:08:58:38 +0530] "GET /.vscode/sftp.json HTTP/1.1" 404 196 "-" "Go-http-client/1.1"
46.101.111.185 - - [09/Nov/2025:08:58:38 +0530] "GET /info.php HTTP/1.1" 404 16 "-" "Go-http-client/1.1"
46.101.111.185 - - [09/Nov/2025:08:58:39 +0530] "GET /about HTTP/1.1" 404 196 "-" "Go-http-client/1.1"
46.101.111.185 - - [09/Nov/2025:08:58:39 +0530] "GET /?rest_route=/wp/v2/users/ HTTP/1.1" 200 6239 "-" "Go-http-client/1.1"
46.101.111.185 - - [09/Nov/2025:08:58:39 +0530] "GET /debug/default/view?panel=config HTTP/1.1" 404 196 "-" "Go-http-client/1.1"
46.101.111.185 - - [09/Nov/2025:08:58:39 +0530] "GET /v2/_catalog HTTP/1.1" 404 196 "-" "Go-http-client/1.1"
157.245.204.205 - - [09/Nov/2025:08:58:39 +0530] "POST /graphql/api HTTP/1.1" 404 196 "-" "Mozilla/5.0 (l9scan/2.0.337313e2634313e2334323e2633313; +https://leakix.net)"
46.101.111.185 - - [09/Nov/2025:08:58:39 +0530] "GET /ecp/Current/exporttool/microsoft.exchange.ediscovery.exporttool.application HTTP/1.1" 404 196 "-" "Go-http-client/1.1"
46.101.111.185 - - [09/Nov/2025:08:58:39 +0530] "GET /server-status HTTP/1.1" 403 199 "-" "Go-http-client/1.1"
46.101.111.185 - - [09/Nov/2025:08:58:39 +0530] "GET /login.action HTTP/1.1" 404 196 "-" "Go-http-client/1.1"
46.101.111.185 - - [09/Nov/2025:08:58:39 +0530] "GET /_all_dbs HTTP/1.1" 404 196 "-" "Mozilla/5.0 (l9scan/2.0.337313e2634313e2334323e2633313; +https://leakix.net)"
46.101.111.185 - - [09/Nov/2025:08:58:39 +0530] "GET /.DS_Store HTTP/1.1" 404 196 "-" "Go-http-client/1.1"
46.101.111.185 - - [09/Nov/2025:08:58:39 +0530] "GET /.env HTTP/1.1" 404 196 "-" "Go-http-client/1.1"
46.101.111.185 - - [09/Nov/2025:08:58:39 +0530] "GET /.git/config HTTP/1.1" 404 196 "-" "Go-http-client/1.1"
46.101.111.185 - - [09/Nov/2025:08:58:39 +0530] "GET /s/337313e2634313e2334323e2633313/_/;/META-INF/maven/com.atlassian.jira/jira-webapp-dist/pom.properties HTTP/1.1" 404 196 "-" "Go-http-client/1.1"
46.101.111.185 - - [09/Nov/2025:08:58:39 +0530] "GET /config.json HTTP/1.1" 404 196 "-" "Go-http-client/1.1"
46.101.111.185 - - [09/Nov/2025:08:58:39 +0530] "GET /telescope/requests HTTP/1.1" 404 196 "-" "Go-http-client/1.1"
46.101.111.185 - - [09/Nov/2025:08:58:39 +0530] "GET /info.php HTTP/1.1" 404 16 "-" "Go-http-client/1.1"
157.245.204.205 - - [09/Nov/2025:08:58:39 +0530] "POST /api/gql HTTP/1.1" 404 196 "-" "Mozilla/5.0 (l9scan/2.0.337313e2634313e2334323e2633313; +https://leakix.net)"
46.101.111.185 - - [09/Nov/2025:08:58:39 +0530] "GET /?rest_route=/wp/v2/users/ HTTP/1.1" 200 6239 "-" "Go-http-client/1.1"
157.245.204.205 - - [09/Nov/2025:08:58:39 +0530] "POST /api HTTP/1.1" 404 196 "-" "Mozilla/5.0 (l9scan/2.0.337313e2634313e2334323e2633313; +https://leakix.net)"
157.245.204.205 - - [09/Nov/2025:08:58:39 +0530] "GET /swagger-ui.html HTTP/1.1" 404 196 "-" "Mozilla/5.0 (l9scan/2.0.337313e2634313e2334323e2633313; +https://leakix.net)"
157.245.204.205 - - [09/Nov/2025:08:58:40 +0530] "GET /swagger/index.html HTTP/1.1" 404 196 "-" "Mozilla/5.0 (l9scan/2.0.337313e2634313e2334323e2633313; +https://leakix.net)"
157.245.204.205 - - [09/Nov/2025:08:58:40 +0530] "POST /api/graphql HTTP/1.1" 404 196 "-" "Mozilla/5.0 (l9scan/2.0.337313e2634313e2334323e2633313; +https://leakix.net)"
157.245.204.205 - - [09/Nov/2025:08:58:40 +0530] "GET /swagger/swagger-ui.html HTTP/1.1" 404 196 "-" "Mozilla/5.0 (l9scan/2.0.337313e2634313e2334323e2633313; +https://leakix.net)"
157.245.204.205 - - [09/Nov/2025:08:58:40 +0530] "GET /webjars/swagger-ui/index.html HTTP/1.1" 404 196 "-" "Mozilla/5.0 (l9scan/2.0.337313e2634313e2334323e2633313; +https://leakix.net)"
157.245.204.205 - - [09/Nov/2025:08:58:40 +0530] "POST /graphql/api HTTP/1.1" 404 196 "-" "Mozilla/5.0 (l9scan/2.0.337313e2634313e2334323e2633313; +https://leakix.net)"
157.245.204.205 - - [09/Nov/2025:08:58:41 +0530] "GET /swagger.json HTTP/1.1" 404 196 "-" "Mozilla/5.0 (l9scan/2.0.337313e2634313e2334323e2633313; +https://leakix.net)"
157.245.204.205 - - [09/Nov/2025:08:58:41 +0530] "GET /swagger/v1/swagger.json HTTP/1.1" 404 196 "-" "Mozilla/5.0 (l9scan/2.0.337313e2634313e2334323e2633313; +https://leakix.net)"
107.172.195.213 - - [09/Nov/2025:08:58:41 +0530] "GET / HTTP/1.1" 200 6239 "-" "Mozilla/5.0 (X11; Linux x86_64) AppleWebKit/537.36 (KHTML, like Gecko) Chrome/116.0.0.0 Safari/537.36"
157.245.204.205 - - [09/Nov/2025:08:58:41 +0530] "POST /api/gql HTTP/1.1" 404 196 "-" "Mozilla/5.0 (l9scan/2.0.337313e2634313e2334323e2633313; +https://leakix.net)"
157.245.204.205 - - [09/Nov/2025:08:58:41 +0530] "GET /v2/api-docs HTTP/1.1" 404 196 "-" "Mozilla/5.0 (l9scan/2.0.337313e2634313e2334323e2633313; +https://leakix.net)"
157.245.204.205 - - [09/Nov/2025:08:58:42 +0530] "GET /v3/api-docs HTTP/1.1" 404 196 "-" "Mozilla/5.0 (l9scan/2.0.337313e2634313e2334323e2633313; +https://leakix.net)"
157.245.204.205 - - [09/Nov/2025:08:58:42 +0530] "GET /swagger-ui.html HTTP/1.1" 404 196 "-" "Mozilla/5.0 (l9scan/2.0.337313e2634313e2334323e2633313; +https://leakix.net)"
157.245.204.205 - - [09/Nov/2025:08:58:42 +0530] "GET /api-docs/swagger.json HTTP/1.1" 404 196 "-" "Mozilla/5.0 (l9scan/2.0.337313e2634313e2334323e2633313; +https://leakix.net)"
157.245.204.205 - - [09/Nov/2025:08:58:42 +0530] "GET /api/swagger.json HTTP/1.1" 404 196 "-" "Mozilla/5.0 (l9scan/2.0.337313e2634313e2334323e2633313; +https://leakix.net)"
157.245.204.205 - - [09/Nov/2025:08:58:43 +0530] "GET /swagger/index.html HTTP/1.1" 404 196 "-" "Mozilla/5.0 (l9scan/2.0.337313e2634313e2334323e2633313; +https://leakix.net)"
157.245.204.205 - - [09/Nov/2025:08:58:43 +0530] "GET /@vite/env HTTP/1.1" 404 196 "-" "Go-http-client/1.1"
157.245.204.205 - - [09/Nov/2025:08:58:43 +0530] "GET /actuator/env HTTP/1.1" 404 196 "-" "Go-http-client/1.1"
157.245.204.205 - - [09/Nov/2025:08:58:43 +0530] "GET /swagger/swagger-ui.html HTTP/1.1" 404 196 "-" "Mozilla/5.0 (l9scan/2.0.337313e2634313e2334323e2633313; +https://leakix.net)"
157.245.204.205 - - [09/Nov/2025:08:58:44 +0530] "GET /server HTTP/1.1" 404 196 "-" "Go-http-client/1.1"
157.245.204.205 - - [09/Nov/2025:08:58:44 +0530] "GET /.vscode/sftp.json HTTP/1.1" 404 196 "-" "Go-http-client/1.1"
157.245.204.205 - - [09/Nov/2025:08:58:44 +0530] "GET /webjars/swagger-ui/index.html HTTP/1.1" 404 196 "-" "Mozilla/5.0 (l9scan/2.0.337313e2634313e2334323e2633313; +https://leakix.net)"
157.245.204.205 - - [09/Nov/2025:08:58:44 +0530] "GET /about HTTP/1.1" 404 196 "-" "Go-http-client/1.1"
157.245.204.205 - - [09/Nov/2025:08:58:45 +0530] "GET /debug/default/view?panel=config HTTP/1.1" 404 196 "-" "Go-http-client/1.1"
157.245.204.205 - - [09/Nov/2025:08:58:45 +0530] "GET /swagger.json HTTP/1.1" 404 196 "-" "Mozilla/5.0 (l9scan/2.0.337313e2634313e2334323e2633313; +https://leakix.net)"
157.245.204.205 - - [09/Nov/2025:08:58:45 +0530] "GET /v2/_catalog HTTP/1.1" 404 196 "-" "Go-http-client/1.1"
157.245.204.205 - - [09/Nov/2025:08:58:45 +0530] "GET /ecp/Current/exporttool/microsoft.exchange.ediscovery.exporttool.application HTTP/1.1" 404 196 "-" "Go-http-client/1.1"
157.245.204.205 - - [09/Nov/2025:08:58:45 +0530] "GET /swagger/v1/swagger.json HTTP/1.1" 404 196 "-" "Mozilla/5.0 (l9scan/2.0.337313e2634313e2334323e2633313; +https://leakix.net)"
157.245.204.205 - - [09/Nov/2025:08:58:46 +0530] "GET /server-status HTTP/1.1" 403 199 "-" "Go-http-client/1.1"
157.245.204.205 - - [09/Nov/2025:08:58:46 +0530] "GET /v2/api-docs HTTP/1.1" 404 196 "-" "Mozilla/5.0 (l9scan/2.0.337313e2634313e2334323e2633313; +https://leakix.net)"
157.245.204.205 - - [09/Nov/2025:08:58:46 +0530] "GET /login.action HTTP/1.1" 404 196 "-" "Go-http-client/1.1"
157.245.204.205 - - [09/Nov/2025:08:58:47 +0530] "GET /_all_dbs HTTP/1.1" 404 196 "-" "Mozilla/5.0 (l9scan/2.0.337313e2634313e2334323e2633313; +https://leakix.net)"
157.245.204.205 - - [09/Nov/2025:08:58:47 +0530] "GET /.DS_Store HTTP/1.1" 404 196 "-" "Go-http-client/1.1"
157.245.204.205 - - [09/Nov/2025:08:58:47 +0530] "GET /v3/api-docs HTTP/1.1" 404 196 "-" "Mozilla/5.0 (l9scan/2.0.337313e2634313e2334323e2633313; +https://leakix.net)"
157.245.204.205 - - [09/Nov/2025:08:58:47 +0530] "GET /.env HTTP/1.1" 404 196 "-" "Go-http-client/1.1"
157.245.204.205 - - [09/Nov/2025:08:58:48 +0530] "GET /.git/config HTTP/1.1" 404 196 "-" "Go-http-client/1.1"
157.245.204.205 - - [09/Nov/2025:08:58:48 +0530] "GET /api-docs/swagger.json HTTP/1.1" 404 196 "-" "Mozilla/5.0 (l9scan/2.0.337313e2634313e2334323e2633313; +https://leakix.net)"
157.245.204.205 - - [09/Nov/2025:08:58:48 +0530] "GET /s/337313e2634313e2334323e2633313/_/;/META-INF/maven/com.atlassian.jira/jira-webapp-dist/pom.properties HTTP/1.1" 404 196 "-" "Go-http-client/1.1"
107.172.195.213 - - [09/Nov/2025:08:58:48 +0530] "GET / HTTP/1.1" 200 6239 "-" "Mozilla/5.0 (X11; Linux x86_64) AppleWebKit/537.36 (KHTML, like Gecko) Chrome/116.0.0.0 Safari/537.36"
107.172.195.213 - - [09/Nov/2025:08:58:48 +0530] "GET /polyfills.7bd47851bffa3901.js HTTP/1.1" 200 34800 "-" "Mozilla/5.0 (X11; Linux x86_64) AppleWebKit/537.36 (KHTML, like Gecko) Chrome/116.0.0.0 Safari/537.36"
157.245.204.205 - - [09/Nov/2025:08:58:48 +0530] "GET /config.json HTTP/1.1" 404 196 "-" "Go-http-client/1.1"
107.172.195.213 - - [09/Nov/2025:08:58:48 +0530] "GET /scripts.270eb9eda7aa487c.js HTTP/1.1" 200 167266 "-" "Mozilla/5.0 (X11; Linux x86_64) AppleWebKit/537.36 (KHTML, like Gecko) Chrome/116.0.0.0 Safari/537.36"
157.245.204.205 - - [09/Nov/2025:08:58:48 +0530] "GET /api/swagger.json HTTP/1.1" 404 196 "-" "Mozilla/5.0 (l9scan/2.0.337313e2634313e2334323e2633313; +https://leakix.net)"
107.172.195.213 - - [09/Nov/2025:08:58:48 +0530] "GET /main.4dc964c68f8e6d9a.js HTTP/1.1" 200 323965 "-" "Mozilla/5.0 (X11; Linux x86_64) AppleWebKit/537.36 (KHTML, like Gecko) Chrome/116.0.0.0 Safari/537.36"
157.245.204.205 - - [09/Nov/2025:08:58:49 +0530] "GET /telescope/requests HTTP/1.1" 404 196 "-" "Go-http-client/1.1"
157.245.204.205 - - [09/Nov/2025:08:58:49 +0530] "GET /info.php HTTP/1.1" 404 16 "-" "Go-http-client/1.1"
157.245.204.205 - - [09/Nov/2025:08:58:49 +0530] "GET /@vite/env HTTP/1.1" 404 196 "-" "Go-http-client/1.1"
157.245.204.205 - - [09/Nov/2025:08:58:49 +0530] "GET /?rest_route=/wp/v2/users/ HTTP/1.1" 200 6239 "-" "Go-http-client/1.1"
157.245.204.205 - - [09/Nov/2025:08:58:50 +0530] "GET /actuator/env HTTP/1.1" 404 196 "-" "Go-http-client/1.1"
157.245.204.205 - - [09/Nov/2025:08:58:51 +0530] "GET /server HTTP/1.1" 404 196 "-" "Go-http-client/1.1"
157.245.204.205 - - [09/Nov/2025:08:58:51 +0530] "GET /.vscode/sftp.json HTTP/1.1" 404 196 "-" "Go-http-client/1.1"
157.245.204.205 - - [09/Nov/2025:08:58:52 +0530] "GET /about HTTP/1.1" 404 196 "-" "Go-http-client/1.1"
157.245.204.205 - - [09/Nov/2025:08:58:53 +0530] "GET /debug/default/view?panel=config HTTP/1.1" 404 196 "-" "Go-http-client/1.1"
157.245.204.205 - - [09/Nov/2025:08:58:53 +0530] "GET /v2/_catalog HTTP/1.1" 404 196 "-" "Go-http-client/1.1"
157.245.204.205 - - [09/Nov/2025:08:58:54 +0530] "GET /ecp/Current/exporttool/microsoft.exchange.ediscovery.exporttool.application HTTP/1.1" 404 196 "-" "Go-http-client/1.1"
157.245.204.205 - - [09/Nov/2025:08:58:55 +0530] "GET /server-status HTTP/1.1" 403 199 "-" "Go-http-client/1.1"
195.211.77.140 - - [09/Nov/2025:08:58:55 +0530] "HEAD / HTTP/1.1" 200 - "-" "Mozilla/5.0 (Windows NT 10.0; Win64; x64) AppleWebKit/537.36 (KHTML, like Gecko) Chrome/108.0.0.0 Safari/537.36"
157.245.204.205 - - [09/Nov/2025:08:58:56 +0530] "GET /login.action HTTP/1.1" 404 196 "-" "Go-http-client/1.1"
157.245.204.205 - - [09/Nov/2025:08:58:57 +0530] "GET /_all_dbs HTTP/1.1" 404 196 "-" "Mozilla/5.0 (l9scan/2.0.337313e2634313e2334323e2633313; +https://leakix.net)"
157.245.204.205 - - [09/Nov/2025:08:58:57 +0530] "GET /.DS_Store HTTP/1.1" 404 196 "-" "Go-http-client/1.1"
157.245.204.205 - - [09/Nov/2025:08:58:58 +0530] "GET /.env HTTP/1.1" 404 196 "-" "Go-http-client/1.1"
157.245.204.205 - - [09/Nov/2025:08:58:59 +0530] "GET /.git/config HTTP/1.1" 404 196 "-" "Go-http-client/1.1"
157.245.204.205 - - [09/Nov/2025:08:58:59 +0530] "GET /s/337313e2634313e2334323e2633313/_/;/META-INF/maven/com.atlassian.jira/jira-webapp-dist/pom.properties HTTP/1.1" 404 196 "-" "Go-http-client/1.1"
157.245.204.205 - - [09/Nov/2025:08:59:00 +0530] "GET /config.json HTTP/1.1" 404 196 "-" "Go-http-client/1.1"
104.197.69.115 - - [09/Nov/2025:08:59:00 +0530] "GET / HTTP/1.1" 200 6239 "-" "Mozilla/5.0 (X11; Linux x86_64) AppleWebKit/537.36 (KHTML, like Gecko) HeadlessChrome/125.0.6422.60 Safari/537.36"
157.245.204.205 - - [09/Nov/2025:08:59:01 +0530] "GET /telescope/requests HTTP/1.1" 404 196 "-" "Go-http-client/1.1"
157.245.204.205 - - [09/Nov/2025:08:59:01 +0530] "GET /info.php HTTP/1.1" 404 16 "-" "Go-http-client/1.1"
157.245.204.205 - - [09/Nov/2025:08:59:02 +0530] "GET /?rest_route=/wp/v2/users/ HTTP/1.1" 200 6239 "-" "Go-http-client/1.1"
195.211.77.142 - - [09/Nov/2025:08:59:02 +0530] "GET / HTTP/1.1" 200 6239 "-" "Mozilla/5.0 (Windows NT 10.0; Win64; x64) AppleWebKit/537.36 (KHTML, like Gecko) Chrome/108.0.0.0 Safari/537.36"
104.197.69.115 - - [09/Nov/2025:08:59:03 +0530] "GET /runtime.dea07913373ada6b.js HTTP/1.1" 200 3243 "http://manage.cerill.com/" "Mozilla/5.0 (X11; Linux x86_64) AppleWebKit/537.36 (KHTML, like Gecko) HeadlessChrome/125.0.6422.60 Safari/537.36"
34.122.147.229 - - [09/Nov/2025:08:59:03 +0530] "GET /polyfills.7bd47851bffa3901.js HTTP/1.1" 200 34800 "http://manage.cerill.com/" "Mozilla/5.0 (X11; Linux x86_64) AppleWebKit/537.36 (KHTML, like Gecko) HeadlessChrome/125.0.6422.60 Safari/537.36"
34.122.147.229 - - [09/Nov/2025:08:59:03 +0530] "GET /scripts.270eb9eda7aa487c.js HTTP/1.1" 200 167266 "http://manage.cerill.com/" "Mozilla/5.0 (X11; Linux x86_64) AppleWebKit/537.36 (KHTML, like Gecko) HeadlessChrome/125.0.6422.60 Safari/537.36"
104.197.69.115 - - [09/Nov/2025:08:59:03 +0530] "GET /main.4dc964c68f8e6d9a.js HTTP/1.1" 200 323965 "http://manage.cerill.com/" "Mozilla/5.0 (X11; Linux x86_64) AppleWebKit/537.36 (KHTML, like Gecko) HeadlessChrome/125.0.6422.60 Safari/537.36"
104.197.69.115 - - [09/Nov/2025:08:59:03 +0530] "GET /styles.132d1542fc0093f8.css HTTP/1.1" 200 361514 "http://manage.cerill.com/" "Mozilla/5.0 (X11; Linux x86_64) AppleWebKit/537.36 (KHTML, like Gecko) HeadlessChrome/125.0.6422.60 Safari/537.36"
104.197.69.115 - - [09/Nov/2025:08:59:09 +0530] "GET /50.43d8230da17bd9ad.js HTTP/1.1" 200 2746 "http://manage.cerill.com/" "Mozilla/5.0 (X11; Linux x86_64) AppleWebKit/537.36 (KHTML, like Gecko) HeadlessChrome/125.0.6422.60 Safari/537.36"
205.169.39.148 - - [09/Nov/2025:08:59:09 +0530] "GET / HTTP/1.1" 200 6239 "-" "Mozilla/5.0 (Windows NT 6.1; Win64; x64) AppleWebKit/537.36 (KHTML, like Gecko) Chrome/83.0.4103.61 Safari/537.36"
104.197.69.115 - - [09/Nov/2025:08:59:09 +0530] "GET /105.2b49cb6b50241e90.js HTTP/1.1" 200 39718 "http://manage.cerill.com/" "Mozilla/5.0 (X11; Linux x86_64) AppleWebKit/537.36 (KHTML, like Gecko) HeadlessChrome/125.0.6422.60 Safari/537.36"
104.197.69.115 - - [09/Nov/2025:08:59:09 +0530] "GET /548.2e5bc684bdeca4ef.js HTTP/1.1" 200 2800 "http://manage.cerill.com/" "Mozilla/5.0 (X11; Linux x86_64) AppleWebKit/537.36 (KHTML, like Gecko) HeadlessChrome/125.0.6422.60 Safari/537.36"
205.169.39.20 - - [09/Nov/2025:08:59:10 +0530] "GET / HTTP/1.1" 200 6239 "-" "Mozilla/5.0 (Windows NT 10.0) AppleWebKit/537.36 (KHTML, like Gecko) Chrome/106.0.0.0 Safari/537.36"
104.197.69.115 - - [09/Nov/2025:08:59:10 +0530] "GET /assets/custom/images/logo.png HTTP/1.1" 200 6982 "http://manage.cerill.com/" "Mozilla/5.0 (X11; Linux x86_64) AppleWebKit/537.36 (KHTML, like Gecko) HeadlessChrome/125.0.6422.60 Safari/537.36"
205.169.39.148 - - [09/Nov/2025:08:59:09 +0530] "GET /scripts.270eb9eda7aa487c.js HTTP/1.1" 200 167266 "http://manage.cerill.com/" "Mozilla/5.0 (Windows NT 6.1; Win64; x64) AppleWebKit/537.36 (KHTML, like Gecko) Chrome/83.0.4103.61 Safari/537.36"
104.197.69.115 - - [09/Nov/2025:08:59:10 +0530] "GET /bg1.97cd960503345f83.jpg HTTP/1.1" 200 134237 "http://manage.cerill.com/styles.132d1542fc0093f8.css" "Mozilla/5.0 (X11; Linux x86_64) AppleWebKit/537.36 (KHTML, like Gecko) HeadlessChrome/125.0.6422.60 Safari/537.36"
205.169.39.148 - - [09/Nov/2025:08:59:14 +0530] "GET / HTTP/1.1" 200 6239 "-" "Mozilla/5.0 (Windows NT 10.0; Win64; x64) AppleWebKit/537.36 (KHTML, like Gecko) Chrome/79.0.3945.79 Safari/537.36"
205.169.39.148 - - [09/Nov/2025:08:59:14 +0530] "GET /runtime.dea07913373ada6b.js HTTP/1.1" 200 3243 "http://manage.cerill.com/" "Mozilla/5.0 (Windows NT 10.0; Win64; x64) AppleWebKit/537.36 (KHTML, like Gecko) Chrome/79.0.3945.79 Safari/537.36"
205.169.39.148 - - [09/Nov/2025:08:59:15 +0530] "GET /polyfills.7bd47851bffa3901.js HTTP/1.1" 200 34800 "http://manage.cerill.com/" "Mozilla/5.0 (Windows NT 10.0; Win64; x64) AppleWebKit/537.36 (KHTML, like Gecko) Chrome/79.0.3945.79 Safari/537.36"
205.169.39.148 - - [09/Nov/2025:08:59:15 +0530] "GET /scripts.270eb9eda7aa487c.js HTTP/1.1" 200 167266 "http://manage.cerill.com/" "Mozilla/5.0 (Windows NT 10.0; Win64; x64) AppleWebKit/537.36 (KHTML, like Gecko) Chrome/79.0.3945.79 Safari/537.36"
205.169.39.148 - - [09/Nov/2025:08:59:15 +0530] "GET /styles.132d1542fc0093f8.css HTTP/1.1" 200 361514 "http://manage.cerill.com/" "Mozilla/5.0 (Windows NT 10.0; Win64; x64) AppleWebKit/537.36 (KHTML, like Gecko) Chrome/79.0.3945.79 Safari/537.36"
205.169.39.148 - - [09/Nov/2025:08:59:15 +0530] "GET /main.4dc964c68f8e6d9a.js HTTP/1.1" 200 323965 "http://manage.cerill.com/" "Mozilla/5.0 (Windows NT 10.0; Win64; x64) AppleWebKit/537.36 (KHTML, like Gecko) Chrome/79.0.3945.79 Safari/537.36"
205.169.39.8 - - [09/Nov/2025:08:59:29 +0530] "GET /main.4dc964c68f8e6d9a.js HTTP/1.1" 200 323965 "-" "Mozilla/5.0 (Windows NT 10.0) AppleWebKit/537.36 (KHTML, like Gecko) Chrome/106.0.0.0 Safari/537.36"
34.116.247.33 - - [09/Nov/2025:08:59:51 +0530] "GET / HTTP/1.1" 200 6239 "-" "Mozilla/5.0 (iPhone13,2; U; CPU iPhone OS 14_0 like Mac OS X) AppleWebKit/602.1.50 (KHTML, like Gecko) Version/10.0 Mobile/15E148 Safari/602.1"
34.116.247.33 - - [09/Nov/2025:08:59:52 +0530] "GET /runtime.dea07913373ada6b.js HTTP/1.1" 200 3243 "http://manage.cerill.com/" "Mozilla/5.0 (iPhone13,2; U; CPU iPhone OS 14_0 like Mac OS X) AppleWebKit/602.1.50 (KHTML, like Gecko) Version/10.0 Mobile/15E148 Safari/602.1"
34.116.247.33 - - [09/Nov/2025:08:59:52 +0530] "GET /polyfills.7bd47851bffa3901.js HTTP/1.1" 200 34800 "http://manage.cerill.com/" "Mozilla/5.0 (iPhone13,2; U; CPU iPhone OS 14_0 like Mac OS X) AppleWebKit/602.1.50 (KHTML, like Gecko) Version/10.0 Mobile/15E148 Safari/602.1"
34.116.247.33 - - [09/Nov/2025:08:59:52 +0530] "GET /main.4dc964c68f8e6d9a.js HTTP/1.1" 200 323965 "http://manage.cerill.com/" "Mozilla/5.0 (iPhone13,2; U; CPU iPhone OS 14_0 like Mac OS X) AppleWebKit/602.1.50 (KHTML, like Gecko) Version/10.0 Mobile/15E148 Safari/602.1"
34.116.247.33 - - [09/Nov/2025:08:59:53 +0530] "GET /scripts.270eb9eda7aa487c.js HTTP/1.1" 200 167266 "http://manage.cerill.com/" "Mozilla/5.0 (iPhone13,2; U; CPU iPhone OS 14_0 like Mac OS X) AppleWebKit/602.1.50 (KHTML, like Gecko) Version/10.0 Mobile/15E148 Safari/602.1"
34.116.247.33 - - [09/Nov/2025:08:59:54 +0530] "GET /styles.132d1542fc0093f8.css HTTP/1.1" 200 361514 "http://manage.cerill.com/" "Mozilla/5.0 (iPhone13,2; U; CPU iPhone OS 14_0 like Mac OS X) AppleWebKit/602.1.50 (KHTML, like Gecko) Version/10.0 Mobile/15E148 Safari/602.1"
34.116.247.33 - - [09/Nov/2025:08:59:58 +0530] "GET /50.43d8230da17bd9ad.js HTTP/1.1" 200 2746 "http://manage.cerill.com/" "Mozilla/5.0 (iPhone13,2; U; CPU iPhone OS 14_0 like Mac OS X) AppleWebKit/602.1.50 (KHTML, like Gecko) Version/10.0 Mobile/15E148 Safari/602.1"
34.116.247.33 - - [09/Nov/2025:08:59:59 +0530] "GET /105.2b49cb6b50241e90.js HTTP/1.1" 200 39718 "http://manage.cerill.com/" "Mozilla/5.0 (iPhone13,2; U; CPU iPhone OS 14_0 like Mac OS X) AppleWebKit/602.1.50 (KHTML, like Gecko) Version/10.0 Mobile/15E148 Safari/602.1"
34.116.247.33 - - [09/Nov/2025:08:59:59 +0530] "GET /548.2e5bc684bdeca4ef.js HTTP/1.1" 200 2800 "http://manage.cerill.com/" "Mozilla/5.0 (iPhone13,2; U; CPU iPhone OS 14_0 like Mac OS X) AppleWebKit/602.1.50 (KHTML, like Gecko) Version/10.0 Mobile/15E148 Safari/602.1"
34.116.247.33 - - [09/Nov/2025:08:59:59 +0530] "GET /assets/custom/images/logo.png HTTP/1.1" 200 6982 "http://manage.cerill.com/" "Mozilla/5.0 (iPhone13,2; U; CPU iPhone OS 14_0 like Mac OS X) AppleWebKit/602.1.50 (KHTML, like Gecko) Version/10.0 Mobile/15E148 Safari/602.1"
34.116.247.33 - - [09/Nov/2025:08:59:59 +0530] "GET /bg1.97cd960503345f83.jpg HTTP/1.1" 200 134237 "http://manage.cerill.com/styles.132d1542fc0093f8.css" "Mozilla/5.0 (iPhone13,2; U; CPU iPhone OS 14_0 like Mac OS X) AppleWebKit/602.1.50 (KHTML, like Gecko) Version/10.0 Mobile/15E148 Safari/602.1"
205.169.39.25 - - [09/Nov/2025:09:00:17 +0530] "GET /50.43d8230da17bd9ad.js HTTP/1.1" 200 2746 "-" "Mozilla/5.0 (Windows NT 10.0) AppleWebKit/537.36 (KHTML, like Gecko) Chrome/106.0.0.0 Safari/537.36"
194.32.122.13 - - [09/Nov/2025:09:00:18 +0530] "GET / HTTP/1.1" 200 6239 "-" "Mozilla/5.0 (X11; Linux x86_64) AppleWebKit/537.36 (KHTML, like Gecko) Chrome/137.0.0.0 Safari/537.36"
194.32.122.13 - - [09/Nov/2025:09:00:19 +0530] "GET /favicon.ico HTTP/1.1" 404 196 "-" "Mozilla/5.0 (X11; Linux x86_64) AppleWebKit/537.36 (KHTML, like Gecko) Chrome/136.0.0.0 Safari/537.36"
188.241.177.148 - - [09/Nov/2025:09:00:20 +0530] "GET / HTTP/1.1" 200 6239 "-" "Mozilla/5.0 (X11; Linux x86_64) AppleWebKit/537.36 (KHTML, like Gecko) Chrome/137.0.0.0 Safari/537.36"
91.231.89.37 - - [09/Nov/2025:09:21:45 +0530] "GET / HTTP/1.1" 200 6239 "-" "Mozilla/5.0 (X11; Ubuntu; Linux x86_64; rv:134.0) Gecko/20100101 Firefox/134.0"
91.231.89.124 - - [09/Nov/2025:09:22:40 +0530] "GET / HTTP/1.1" 200 6239 "-" "Mozilla/5.0 (X11; Ubuntu; Linux x86_64; rv:134.0) Gecko/20100101 Firefox/134.0"
91.196.152.227 - - [09/Nov/2025:09:29:19 +0530] "GET /favicon.ico HTTP/1.1" 404 196 "-" "Mozilla/5.0 (X11; Ubuntu; Linux x86_64; rv:134.0) Gecko/20100101 Firefox/134.0"
91.196.152.42 - - [09/Nov/2025:09:30:29 +0530] "GET /favicon.ico HTTP/1.1" 404 196 "-" "Mozilla/5.0 (X11; Ubuntu; Linux x86_64; rv:134.0) Gecko/20100101 Firefox/134.0"
205.169.39.57 - - [09/Nov/2025:09:51:18 +0530] "GET / HTTP/1.1" 200 6239 "-" "Mozilla/5.0 (Windows NT 10.0; Win64; x64) AppleWebKit/537.36 (KHTML, like Gecko) Chrome/117.0.5938.132 Safari/537.36"
205.169.39.57 - - [09/Nov/2025:09:51:22 +0530] "GET /runtime.dea07913373ada6b.js HTTP/1.1" 200 3243 "http://manage.cerill.com/" "Mozilla/5.0 (Windows NT 10.0; Win64; x64) AppleWebKit/537.36 (KHTML, like Gecko) Chrome/117.0.5938.132 Safari/537.36"
205.169.39.57 - - [09/Nov/2025:09:51:22 +0530] "GET /polyfills.7bd47851bffa3901.js HTTP/1.1" 200 34800 "http://manage.cerill.com/" "Mozilla/5.0 (Windows NT 10.0; Win64; x64) AppleWebKit/537.36 (KHTML, like Gecko) Chrome/117.0.5938.132 Safari/537.36"
205.169.39.57 - - [09/Nov/2025:09:51:22 +0530] "GET /main.4dc964c68f8e6d9a.js HTTP/1.1" 200 323965 "http://manage.cerill.com/" "Mozilla/5.0 (Windows NT 10.0; Win64; x64) AppleWebKit/537.36 (KHTML, like Gecko) Chrome/117.0.5938.132 Safari/537.36"
205.169.39.57 - - [09/Nov/2025:09:51:22 +0530] "GET /styles.132d1542fc0093f8.css HTTP/1.1" 200 361514 "http://manage.cerill.com/" "Mozilla/5.0 (Windows NT 10.0; Win64; x64) AppleWebKit/537.36 (KHTML, like Gecko) Chrome/117.0.5938.132 Safari/537.36"
104.252.191.199 - - [09/Nov/2025:09:51:23 +0530] "GET / HTTP/1.1" 200 6239 "-" "Mozilla/5.0 (X11; Linux x86_64) AppleWebKit/537.36 (KHTML, like Gecko) Chrome/117.0.0.0 Safari/537.36"
104.164.126.60 - - [09/Nov/2025:09:51:23 +0530] "GET / HTTP/1.1" 200 6239 "-" "Mozilla/5.0 (Macintosh; Intel Mac OS X 10_15_7) AppleWebKit/537.36 (KHTML, like Gecko) Chrome/117.0.0.0 Safari/537.36"
205.169.39.57 - - [09/Nov/2025:09:51:22 +0530] "GET /scripts.270eb9eda7aa487c.js HTTP/1.1" 200 167266 "http://manage.cerill.com/" "Mozilla/5.0 (Windows NT 10.0; Win64; x64) AppleWebKit/537.36 (KHTML, like Gecko) Chrome/117.0.5938.132 Safari/537.36"
205.169.39.57 - - [09/Nov/2025:09:51:24 +0530] "GET /50.43d8230da17bd9ad.js HTTP/1.1" 200 2746 "http://manage.cerill.com/" "Mozilla/5.0 (Windows NT 10.0; Win64; x64) AppleWebKit/537.36 (KHTML, like Gecko) Chrome/117.0.5938.132 Safari/537.36"
205.169.39.57 - - [09/Nov/2025:09:51:24 +0530] "GET /105.2b49cb6b50241e90.js HTTP/1.1" 200 39718 "http://manage.cerill.com/" "Mozilla/5.0 (Windows NT 10.0; Win64; x64) AppleWebKit/537.36 (KHTML, like Gecko) Chrome/117.0.5938.132 Safari/537.36"
205.169.39.57 - - [09/Nov/2025:09:51:24 +0530] "GET /548.2e5bc684bdeca4ef.js HTTP/1.1" 200 2800 "http://manage.cerill.com/" "Mozilla/5.0 (Windows NT 10.0; Win64; x64) AppleWebKit/537.36 (KHTML, like Gecko) Chrome/117.0.5938.132 Safari/537.36"
205.169.39.57 - - [09/Nov/2025:09:51:24 +0530] "GET /assets/custom/images/logo.png HTTP/1.1" 200 6982 "http://manage.cerill.com/" "Mozilla/5.0 (Windows NT 10.0; Win64; x64) AppleWebKit/537.36 (KHTML, like Gecko) Chrome/117.0.5938.132 Safari/537.36"
205.169.39.57 - - [09/Nov/2025:09:51:24 +0530] "GET /bg1.97cd960503345f83.jpg HTTP/1.1" 200 134237 "http://manage.cerill.com/styles.132d1542fc0093f8.css" "Mozilla/5.0 (Windows NT 10.0; Win64; x64) AppleWebKit/537.36 (KHTML, like Gecko) Chrome/117.0.5938.132 Safari/537.36"
104.164.126.60 - - [09/Nov/2025:09:51:36 +0530] "GET / HTTP/1.1" 200 6239 "-" "Mozilla/5.0 (X11; Linux x86_64) AppleWebKit/537.36 (KHTML, like Gecko) Chrome/116.0.0.0 Safari/537.36"
104.164.126.60 - - [09/Nov/2025:09:51:50 +0530] "GET /runtime.dea07913373ada6b.js HTTP/1.1" 200 3243 "-" "Mozilla/5.0 (X11; Linux x86_64) AppleWebKit/537.36 (KHTML, like Gecko) Chrome/116.0.0.0 Safari/537.36"
104.164.126.60 - - [09/Nov/2025:09:51:51 +0530] "GET /polyfills.7bd47851bffa3901.js HTTP/1.1" 200 34800 "-" "Mozilla/5.0 (X11; Linux x86_64) AppleWebKit/537.36 (KHTML, like Gecko) Chrome/116.0.0.0 Safari/537.36"
104.164.126.60 - - [09/Nov/2025:09:51:51 +0530] "GET /scripts.270eb9eda7aa487c.js HTTP/1.1" 200 167266 "-" "Mozilla/5.0 (X11; Linux x86_64) AppleWebKit/537.36 (KHTML, like Gecko) Chrome/116.0.0.0 Safari/537.36"
104.164.126.60 - - [09/Nov/2025:09:51:52 +0530] "GET /main.4dc964c68f8e6d9a.js HTTP/1.1" 200 323965 "-" "Mozilla/5.0 (X11; Linux x86_64) AppleWebKit/537.36 (KHTML, like Gecko) Chrome/116.0.0.0 Safari/537.36"
104.164.126.60 - - [09/Nov/2025:09:51:53 +0530] "GET / HTTP/1.1" 200 6239 "-" "Mozilla/5.0 (X11; Linux x86_64) AppleWebKit/537.36 (KHTML, like Gecko) Chrome/116.0.0.0 Safari/537.36"
146.70.185.32 - - [09/Nov/2025:10:52:30 +0530] "HEAD / HTTP/1.1" 200 - "-" "Mozilla/5.0 (Windows NT 10.0; Win64; x64) AppleWebKit/537.36 (KHTML, like Gecko) Chrome/58.0.3029.110 Safari/537.3"
74.7.230.11 - - [09/Nov/2025:11:08:25 +0530] "GET /robots.txt HTTP/1.1" 404 196 "-" "Mozilla/5.0 (Macintosh; Intel Mac OS X 10_15_7) AppleWebKit/537.36 (KHTML, like Gecko) Chrome/131.0.0.0 Safari/537.36; compatible; OAI-SearchBot/1.0; robots.txt; +https://openai.com/searchbot"
74.7.230.14 - - [09/Nov/2025:11:10:37 +0530] "GET /robots.txt HTTP/1.1" 404 196 "-" "Mozilla/5.0 (Macintosh; Intel Mac OS X 10_15_7) AppleWebKit/537.36 (KHTML, like Gecko) Chrome/131.0.0.0 Safari/537.36; compatible; OAI-SearchBot/1.0; robots.txt; +https://openai.com/searchbot"
74.7.230.11 - - [09/Nov/2025:12:09:51 +0530] "GET /robots.txt HTTP/1.1" 404 196 "-" "Mozilla/5.0 (Macintosh; Intel Mac OS X 10_15_7) AppleWebKit/537.36 (KHTML, like Gecko) Chrome/131.0.0.0 Safari/537.36; compatible; OAI-SearchBot/1.0; robots.txt; +https://openai.com/searchbot"
74.7.230.14 - - [09/Nov/2025:12:11:09 +0530] "GET /robots.txt HTTP/1.1" 404 196 "-" "Mozilla/5.0 (Macintosh; Intel Mac OS X 10_15_7) AppleWebKit/537.36 (KHTML, like Gecko) Chrome/131.0.0.0 Safari/537.36; compatible; OAI-SearchBot/1.0; robots.txt; +https://openai.com/searchbot"
176.65.148.212 - - [09/Nov/2025:15:41:29 +0530] "GET /.env HTTP/1.1" 404 196 "-" "Mozilla/5.0 (Windows NT 10.0; Win64; x64) AppleWebKit/537.36 (KHTML, like Gecko) Chrome/134.0.0.0 Safari/537.3"
3.85.61.56 - - [09/Nov/2025:16:29:59 +0530] "GET /.git/config HTTP/1.1" 404 196 "-" "grub-client-1.5.3; (grub-client-1.5.3; Crawl your own stuff with http://grub.org)"
185.220.100.247 - - [09/Nov/2025:17:00:34 +0530] "GET / HTTP/1.1" 200 6239 "-" "Mozilla/5.0 (iPhone; CPU iPhone OS 18_0_1 like Mac OS X) AppleWebKit/605.1.15 (KHTML, like Gecko) Mobile/15E148 YaBrowser/25.8.5.527.10 YaApp_iOS/2508.5 YaApp_iOS_Browser/2508.5 Safari/604.1 SA/3"
195.132.35.238 - - [09/Nov/2025:17:00:34 +0530] "GET / HTTP/1.1" 200 6239 "-" "Mozilla/5.0 (Windows NT 10.0; Win64; x64) AppleWebKit/537.36 (KHTML, like Gecko) Chrome/140.0.0.0 Safari/537.36"
159.203.144.167 - - [09/Nov/2025:17:00:35 +0530] "GET / HTTP/1.1" 200 6239 "-" "Mozilla/5.0 (iPhone; CPU iPhone OS 16_0 like Mac OS X) AppleWebKit/605.1.15 (KHTML, like Gecko) Version/16.0 Mobile/15E148 Safari/604.1"
195.132.35.238 - - [09/Nov/2025:17:01:44 +0530] "GET /favicon.ico HTTP/1.1" 404 196 "-" "Mozilla/5.0 (Windows NT 10.0; Win64; x64) AppleWebKit/537.36 (KHTML, like Gecko) Chrome/140.0.0.0 Safari/537.36"
35.236.254.163 - - [09/Nov/2025:21:25:39 +0530] "GET / HTTP/1.1" 200 6239 "-" "Mozilla/5.0 (compatible; CMS-Checker/1.0; +https://example.com)"
35.236.254.163 - - [09/Nov/2025:21:25:39 +0530] "GET / HTTP/1.1" 200 6239 "-" "Mozilla/5.0 (compatible; CMS-Checker/1.0; +https://example.com)"
204.76.203.25 - - [10/Nov/2025:00:30:59 +0530] "GET /.env HTTP/1.1" 404 196 "-" "Mozilla/5.0 (Windows NT 10.0; Win64; x64) AppleWebKit/537.36 (KHTML, like Gecko) Chrome/134.0.0.0 Safari/537.3"
167.94.146.48 - - [10/Nov/2025:00:40:40 +0530] "GET / HTTP/1.1" 200 6239 "-" "Mozilla/5.0 (compatible; CensysInspect/1.1; +https://about.censys.io/)"
167.94.146.48 - - [10/Nov/2025:00:40:40 +0530] "GET /favicon.ico HTTP/1.1" 404 196 "-" "Mozilla/5.0 (compatible; CensysInspect/1.1; +https://about.censys.io/)"
66.132.153.124 - - [10/Nov/2025:03:16:26 +0530] "GET / HTTP/1.1" 200 6239 "-" "Mozilla/5.0 (compatible; CensysInspect/1.1; +https://about.censys.io/)"
66.132.153.124 - - [10/Nov/2025:03:16:27 +0530] "GET /favicon.ico HTTP/1.1" 404 196 "-" "Mozilla/5.0 (compatible; CensysInspect/1.1; +https://about.censys.io/)"
104.210.140.140 - - [10/Nov/2025:03:37:50 +0530] "GET /robots.txt HTTP/1.1" 404 196 "-" "Mozilla/5.0 (Macintosh; Intel Mac OS X 10_15_7) AppleWebKit/537.36 (KHTML, like Gecko) Chrome/131.0.0.0 Safari/537.36; compatible; OAI-SearchBot/1.0; +https://openai.com/searchbot"
104.210.140.141 - - [10/Nov/2025:03:37:50 +0530] "GET /robots.txt HTTP/1.1" 404 196 "-" "Mozilla/5.0 (Macintosh; Intel Mac OS X 10_15_7) AppleWebKit/537.36 (KHTML, like Gecko) Chrome/131.0.0.0 Safari/537.36; compatible; OAI-SearchBot/1.0; +https://openai.com/searchbot"
104.210.140.143 - - [10/Nov/2025:03:40:34 +0530] "GET /robots.txt HTTP/1.1" 404 196 "-" "Mozilla/5.0 (Macintosh; Intel Mac OS X 10_15_7) AppleWebKit/537.36 (KHTML, like Gecko) Chrome/131.0.0.0 Safari/537.36; compatible; OAI-SearchBot/1.0; +https://openai.com/searchbot"
104.210.140.128 - - [10/Nov/2025:03:40:34 +0530] "GET /robots.txt HTTP/1.1" 404 196 "-" "Mozilla/5.0 (Macintosh; Intel Mac OS X 10_15_7) AppleWebKit/537.36 (KHTML, like Gecko) Chrome/131.0.0.0 Safari/537.36; compatible; OAI-SearchBot/1.0; +https://openai.com/searchbot"
45.130.203.140 - - [10/Nov/2025:05:33:05 +0530] "GET /.git/HEAD HTTP/1.1" 404 196 "-" "Python-urllib/3.10"
45.130.203.164 - - [10/Nov/2025:05:33:05 +0530] "GET /.git/HEAD HTTP/1.1" 404 196 "-" "Python-urllib/3.10"
138.197.121.176 - - [10/Nov/2025:06:19:36 +0530] "GET / HTTP/1.1" 200 6239 "-" "Mozilla/5.0 (X11; Linux x86_64) AppleWebKit/537.36 (KHTML, like Gecko) Chrome/139.0.0.0 Safari/537.36"
138.197.121.176 - - [10/Nov/2025:06:19:36 +0530] "GET /favicon.ico HTTP/1.1" 404 196 "http://manage.cerill.com/" "Mozilla/5.0 (X11; Linux x86_64) AppleWebKit/537.36 (KHTML, like Gecko) Chrome/139.0.0.0 Safari/537.36"
138.197.121.176 - - [10/Nov/2025:06:19:37 +0530] "GET / HTTP/1.1" 200 6239 "-" "Mozilla/5.0 (X11; Linux x86_64) AppleWebKit/537.36 (KHTML, like Gecko) Chrome/139.0.0.0 Safari/537.36"
138.197.121.176 - - [10/Nov/2025:06:19:39 +0530] "GET /favicon.ico HTTP/1.1" 404 196 "https://manage.cerill.com/" "Mozilla/5.0 (X11; Linux x86_64) AppleWebKit/537.36 (KHTML, like Gecko) Chrome/139.0.0.0 Safari/537.36"
3.81.5.69 - - [10/Nov/2025:09:57:20 +0530] "GET /.git/config HTTP/1.1" 404 196 "-" "Mozilla/5.0 (X11; Linux x86_64) AppleWebKit/535.1 (KHTML, like Gecko) Chrome/13.0.782.20 Safari/535.1"
195.178.110.223 - - [10/Nov/2025:10:55:36 +0530] "GET /.git/config HTTP/1.1" 404 196 "-" "Mozilla/5.0 (Macintosh; Intel Mac OS X 10_14_5) AppleWebKit/537.36 (KHTML, like Gecko) Chrome/75.0.3770.142 Safari/537.36"
195.178.110.223 - - [10/Nov/2025:11:43:33 +0530] "GET /.git/config HTTP/1.1" 404 196 "-" "Mozilla/5.0 (iPhone; CPU iPhone OS 12_2 like Mac OS X) AppleWebKit/605.1.15 (KHTML, like Gecko) Version/12.1 Mobile/15E148 Safari/604.1"
3.81.5.69 - - [10/Nov/2025:11:51:38 +0530] "GET / HTTP/1.1" 200 6239 "-" "Mozilla/4.8 [en] (X11; U; SunOS; 5.7 sun4u)"
3.81.5.69 - - [10/Nov/2025:11:52:06 +0530] "GET /polyfills.7bd47851bffa3901.js HTTP/1.1" 200 34800 "-" "Mozilla/5.0 (iPod; U; CPU iPhone OS 2_2_1 like Mac OS X; en-us) AppleWebKit/525.18.1 (KHTML, like Gecko) Version/3.1.1 Mobile/5H11a Safari/525.20"
3.81.5.69 - - [10/Nov/2025:11:52:06 +0530] "GET /main.4dc964c68f8e6d9a.js HTTP/1.1" 200 323965 "-" "Mozilla/5.0 (Linux; Android 9; Nokia 7.1) AppleWebKit/537.36 (KHTML, like Gecko) Chrome/72.0.3626.121 Mobile Safari/537.36"
3.81.5.69 - - [10/Nov/2025:11:52:06 +0530] "GET /runtime.dea07913373ada6b.js HTTP/1.1" 200 3243 "-" "Mozilla/5.0 (Linux; Android 9; SM-G973U1) AppleWebKit/537.36 (KHTML, like Gecko) Chrome/76.0.3809.111 Mobile Safari/537.36"
3.81.5.69 - - [10/Nov/2025:11:52:06 +0530] "GET /scripts.270eb9eda7aa487c.js HTTP/1.1" 200 167266 "-" "Mozilla/5.0 (Windows NT 10.0; Win64; x64) AppleWebKit/537.36 (KHTML, like Gecko) Chrome/76.0.3809.100 Safari/537.36"
3.81.5.69 - - [10/Nov/2025:12:34:01 +0530] "GET / HTTP/1.1" 200 6239 "-" "SuperBot/4.4.0.60 (Windows XP)"
3.81.5.69 - - [10/Nov/2025:12:34:31 +0530] "GET /polyfills.7bd47851bffa3901.js HTTP/1.1" 200 34800 "-" "Mozilla/5.0 (X11; Linux x86_64) AppleWebKit/537.36 (KHTML, like Gecko) Chrome/67.0.3396.99 Safari/537.36"
3.81.5.69 - - [10/Nov/2025:12:34:31 +0530] "GET /runtime.dea07913373ada6b.js HTTP/1.1" 200 3243 "-" "Mozilla/5.0 (Macintosh; Intel Mac OS X 10_13_6) AppleWebKit/605.1.15 (KHTML, like Gecko) Version/12.1.2 Safari/605.1.15"
3.81.5.69 - - [10/Nov/2025:12:34:31 +0530] "GET /scripts.270eb9eda7aa487c.js HTTP/1.1" 200 167266 "-" "Mozilla/5.0 (Macintosh; Intel Mac OS X 10_14_6) AppleWebKit/605.1.15 (KHTML, like Gecko) Version/13.1 Safari/605.1.15"
3.81.5.69 - - [10/Nov/2025:12:34:31 +0530] "GET /main.4dc964c68f8e6d9a.js HTTP/1.1" 200 323965 "-" "Mozilla/5.0 (Macintosh; Intel Mac OS X 10.6; rv:2.0b6pre) Gecko/20100907 Firefox/4.0b6pre Camino/2.2a1pre"
74.7.230.11 - - [10/Nov/2025:13:01:35 +0530] "GET /robots.txt HTTP/1.1" 404 196 "-" "Mozilla/5.0 (Macintosh; Intel Mac OS X 10_15_7) AppleWebKit/537.36 (KHTML, like Gecko) Chrome/131.0.0.0 Safari/537.36; compatible; OAI-SearchBot/1.0; robots.txt; +https://openai.com/searchbot"
74.7.227.205 - - [10/Nov/2025:13:01:36 +0530] "GET / HTTP/1.1" 200 6239 "-" "Mozilla/5.0 AppleWebKit/537.36 (KHTML, like Gecko; compatible; GPTBot/1.2; +https://openai.com/gptbot)"
74.7.230.14 - - [10/Nov/2025:13:07:46 +0530] "GET /robots.txt HTTP/1.1" 404 196 "-" "Mozilla/5.0 (Macintosh; Intel Mac OS X 10_15_7) AppleWebKit/537.36 (KHTML, like Gecko) Chrome/131.0.0.0 Safari/537.36; compatible; OAI-SearchBot/1.0; robots.txt; +https://openai.com/searchbot"
74.7.227.14 - - [10/Nov/2025:13:07:48 +0530] "GET / HTTP/1.1" 200 6239 "-" "Mozilla/5.0 AppleWebKit/537.36 (KHTML, like Gecko; compatible; GPTBot/1.2; +https://openai.com/gptbot)"
98.86.225.183 - - [10/Nov/2025:16:34:31 +0530] "GET /.git/config HTTP/1.1" 404 196 "-" "Mozilla/5.0 (X11; Linux i686; rv:12.0) Gecko/20120502 Firefox/12.0 SeaMonkey/2.9.1"
