103.110.250.49 - - [11/Nov/2025:09:40:05 +0530] "GET /ngsw.json?ngsw-cache-bust=0.08794356890054178 HTTP/1.1" 200 12508 "https://my.cerill.com/ngsw-worker.js" "Mozilla/5.0 (Windows NT 10.0; Win64; x64) AppleWebKit/537.36 (KHTML, like Gecko) Chrome/142.0.0.0 Safari/537.36"
103.110.250.49 - - [11/Nov/2025:09:48:15 +0530] "GET /ngsw.json?ngsw-cache-bust=0.6281475136032991 HTTP/1.1" 200 12508 "https://my.cerill.com/ngsw-worker.js" "Mozilla/5.0 (Windows NT 10.0; Win64; x64) AppleWebKit/537.36 (KHTML, like Gecko) Chrome/142.0.0.0 Safari/537.36"
103.110.250.49 - - [11/Nov/2025:09:49:01 +0530] "GET /ngsw.json?ngsw-cache-bust=0.8381856167078438 HTTP/1.1" 200 12508 "https://my.cerill.com/ngsw-worker.js" "Mozilla/5.0 (Windows NT 10.0; Win64; x64) AppleWebKit/537.36 (KHTML, like Gecko) Chrome/142.0.0.0 Safari/537.36"
145.220.91.19 - - [11/Nov/2025:09:55:18 +0530] "GET / HTTP/1.1" 200 8166 "-" "Mozilla/5.0 (Macintosh; Intel Mac OS X 10.15; rv:122.0) Gecko/20100101 Firefox/122.0"
103.165.77.203 - - [11/Nov/2025:10:04:20 +0530] "GET /ngsw.json?ngsw-cache-bust=0.33888527302819593 HTTP/1.1" 200 12508 "https://my.cerill.com/ngsw-worker.js" "Mozilla/5.0 (Windows NT 10.0; Win64; x64) AppleWebKit/537.36 (KHTML, like Gecko) Chrome/109.0.0.0 Safari/537.36"
103.165.77.203 - - [11/Nov/2025:10:05:11 +0530] "GET /ngsw.json?ngsw-cache-bust=0.31643112951312435 HTTP/1.1" 200 12508 "https://my.cerill.com/ngsw-worker.js" "Mozilla/5.0 (Windows NT 10.0; Win64; x64) AppleWebKit/537.36 (KHTML, like Gecko) Chrome/109.0.0.0 Safari/537.36"
103.110.250.49 - - [11/Nov/2025:10:06:51 +0530] "GET /ngsw.json?ngsw-cache-bust=0.7111342390839563 HTTP/1.1" 200 12508 "https://my.cerill.com/ngsw-worker.js" "Mozilla/5.0 (Windows NT 10.0; Win64; x64) AppleWebKit/537.36 (KHTML, like Gecko) Chrome/142.0.0.0 Safari/537.36"
103.110.250.49 - - [11/Nov/2025:10:08:36 +0530] "GET /ngsw.json?ngsw-cache-bust=0.11995068334803982 HTTP/1.1" 200 12508 "https://my.cerill.com/ngsw-worker.js" "Mozilla/5.0 (Windows NT 10.0; Win64; x64) AppleWebKit/537.36 (KHTML, like Gecko) Chrome/142.0.0.0 Safari/537.36"
103.165.77.203 - - [11/Nov/2025:10:10:45 +0530] "GET /ngsw.json?ngsw-cache-bust=0.4495732344763581 HTTP/1.1" 200 12508 "https://my.cerill.com/ngsw-worker.js" "Mozilla/5.0 (Windows NT 10.0; Win64; x64) AppleWebKit/537.36 (KHTML, like Gecko) Chrome/109.0.0.0 Safari/537.36"
103.165.77.203 - - [11/Nov/2025:10:21:20 +0530] "GET /ngsw.json?ngsw-cache-bust=0.8533192019034233 HTTP/1.1" 200 12508 "https://my.cerill.com/ngsw-worker.js" "Mozilla/5.0 (Windows NT 10.0; Win64; x64) AppleWebKit/537.36 (KHTML, like Gecko) Chrome/109.0.0.0 Safari/537.36"
103.110.250.49 - - [11/Nov/2025:10:21:21 +0530] "GET /ngsw-worker.js HTTP/1.1" 304 - "https://my.cerill.com/ngsw-worker.js" "Mozilla/5.0 (Windows NT 10.0; Win64; x64) AppleWebKit/537.36 (KHTML, like Gecko) Chrome/142.0.0.0 Safari/537.36"
103.110.250.49 - - [11/Nov/2025:10:21:25 +0530] "GET /ngsw.json?ngsw-cache-bust=0.6018545367389464 HTTP/1.1" 200 12508 "https://my.cerill.com/ngsw-worker.js" "Mozilla/5.0 (Windows NT 10.0; Win64; x64) AppleWebKit/537.36 (KHTML, like Gecko) Chrome/142.0.0.0 Safari/537.36"
103.110.250.49 - - [11/Nov/2025:10:21:25 +0530] "GET /ngsw.json?ngsw-cache-bust=0.19306613087539326 HTTP/1.1" 200 12508 "https://my.cerill.com/ngsw-worker.js" "Mozilla/5.0 (Windows NT 10.0; Win64; x64) AppleWebKit/537.36 (KHTML, like Gecko) Chrome/142.0.0.0 Safari/537.36"
110.224.77.245 - - [11/Nov/2025:10:34:26 +0530] "GET /ngsw-worker.js HTTP/1.1" 304 - "https://my.cerill.com/ngsw-worker.js" "Mozilla/5.0 (Linux; Android 10; K) AppleWebKit/537.36 (KHTML, like Gecko) Chrome/142.0.0.0 Mobile Safari/537.36"
110.224.77.245 - - [11/Nov/2025:10:34:28 +0530] "GET /styles.5bca02722b6d25c8.css HTTP/1.1" 304 - "https://my.cerill.com/" "Mozilla/5.0 (Linux; Android 10; K) AppleWebKit/537.36 (KHTML, like Gecko) Chrome/142.0.0.0 Mobile Safari/537.36"
110.224.77.245 - - [11/Nov/2025:10:34:35 +0530] "GET /ngsw.json?ngsw-cache-bust=0.22848341088897206 HTTP/1.1" 200 12508 "https://my.cerill.com/ngsw-worker.js" "Mozilla/5.0 (Linux; Android 10; K) AppleWebKit/537.36 (KHTML, like Gecko) Chrome/142.0.0.0 Mobile Safari/537.36"
110.224.77.245 - - [11/Nov/2025:10:34:36 +0530] "GET /ngsw.json?ngsw-cache-bust=0.455334058180456 HTTP/1.1" 200 12508 "https://my.cerill.com/ngsw-worker.js" "Mozilla/5.0 (Linux; Android 10; K) AppleWebKit/537.36 (KHTML, like Gecko) Chrome/142.0.0.0 Mobile Safari/537.36"
103.165.77.203 - - [11/Nov/2025:10:48:11 +0530] "GET /ngsw.json?ngsw-cache-bust=0.9566575361770082 HTTP/1.1" 200 12508 "https://my.cerill.com/ngsw-worker.js" "Mozilla/5.0 (Windows NT 10.0; Win64; x64) AppleWebKit/537.36 (KHTML, like Gecko) Chrome/109.0.0.0 Safari/537.36"
103.110.250.49 - - [11/Nov/2025:10:48:12 +0530] "GET /ngsw.json?ngsw-cache-bust=0.6479693053555725 HTTP/1.1" 200 12508 "https://my.cerill.com/ngsw-worker.js" "Mozilla/5.0 (Windows NT 10.0; Win64; x64) AppleWebKit/537.36 (KHTML, like Gecko) Chrome/142.0.0.0 Safari/537.36"
103.110.250.49 - - [11/Nov/2025:10:50:43 +0530] "GET /ngsw.json?ngsw-cache-bust=0.029631307092151893 HTTP/1.1" 200 12508 "https://my.cerill.com/ngsw-worker.js" "Mozilla/5.0 (Windows NT 10.0; Win64; x64) AppleWebKit/537.36 (KHTML, like Gecko) Chrome/142.0.0.0 Safari/537.36"
103.165.77.203 - - [11/Nov/2025:10:51:23 +0530] "GET /ngsw.json?ngsw-cache-bust=0.025136754469484268 HTTP/1.1" 200 12508 "https://my.cerill.com/ngsw-worker.js" "Mozilla/5.0 (Windows NT 10.0; Win64; x64) AppleWebKit/537.36 (KHTML, like Gecko) Chrome/109.0.0.0 Safari/537.36"
103.110.250.49 - - [11/Nov/2025:10:51:29 +0530] "GET /ngsw.json?ngsw-cache-bust=0.4118942183695228 HTTP/1.1" 200 12508 "https://my.cerill.com/ngsw-worker.js" "Mozilla/5.0 (Windows NT 10.0; Win64; x64) AppleWebKit/537.36 (KHTML, like Gecko) Chrome/142.0.0.0 Safari/537.36"
103.110.250.49 - - [11/Nov/2025:10:52:42 +0530] "GET /ngsw.json?ngsw-cache-bust=0.5573791032257455 HTTP/1.1" 200 12508 "https://my.cerill.com/ngsw-worker.js" "Mozilla/5.0 (Windows NT 10.0; Win64; x64) AppleWebKit/537.36 (KHTML, like Gecko) Chrome/142.0.0.0 Safari/537.36"
103.110.250.49 - - [11/Nov/2025:10:53:35 +0530] "GET /ngsw.json?ngsw-cache-bust=0.39003405240679223 HTTP/1.1" 200 12508 "https://my.cerill.com/ngsw-worker.js" "Mozilla/5.0 (Windows NT 10.0; Win64; x64) AppleWebKit/537.36 (KHTML, like Gecko) Chrome/142.0.0.0 Safari/537.36"
103.110.250.49 - - [11/Nov/2025:10:53:47 +0530] "GET /ngsw-worker.js HTTP/1.1" 304 - "https://my.cerill.com/ngsw-worker.js" "Mozilla/5.0 (Windows NT 10.0; Win64; x64) AppleWebKit/537.36 (KHTML, like Gecko) Chrome/142.0.0.0 Safari/537.36"
103.110.250.49 - - [11/Nov/2025:10:53:50 +0530] "GET /ngsw.json?ngsw-cache-bust=0.8029812386878626 HTTP/1.1" 200 12508 "https://my.cerill.com/ngsw-worker.js" "Mozilla/5.0 (Windows NT 10.0; Win64; x64) AppleWebKit/537.36 (KHTML, like Gecko) Chrome/142.0.0.0 Safari/537.36"
103.110.250.49 - - [11/Nov/2025:10:55:10 +0530] "GET /ngsw.json?ngsw-cache-bust=0.9586562244503127 HTTP/1.1" 200 12508 "https://my.cerill.com/ngsw-worker.js" "Mozilla/5.0 (Windows NT 10.0; Win64; x64) AppleWebKit/537.36 (KHTML, like Gecko) Chrome/142.0.0.0 Safari/537.36"
103.110.250.49 - - [11/Nov/2025:10:56:07 +0530] "GET /ngsw-worker.js HTTP/1.1" 304 - "https://my.cerill.com/ngsw-worker.js" "Mozilla/5.0 (Windows NT 10.0; Win64; x64) AppleWebKit/537.36 (KHTML, like Gecko) Chrome/142.0.0.0 Safari/537.36"
103.110.250.49 - - [11/Nov/2025:10:56:10 +0530] "GET /ngsw.json?ngsw-cache-bust=0.5569305191376688 HTTP/1.1" 200 12508 "https://my.cerill.com/ngsw-worker.js" "Mozilla/5.0 (Windows NT 10.0; Win64; x64) AppleWebKit/537.36 (KHTML, like Gecko) Chrome/142.0.0.0 Safari/537.36"
103.165.77.203 - - [11/Nov/2025:11:22:28 +0530] "GET /ngsw.json?ngsw-cache-bust=0.9131927824553896 HTTP/1.1" 200 12508 "https://my.cerill.com/ngsw-worker.js" "Mozilla/5.0 (Windows NT 10.0; Win64; x64) AppleWebKit/537.36 (KHTML, like Gecko) Chrome/109.0.0.0 Safari/537.36"
152.56.69.51 - - [11/Nov/2025:11:26:27 +0530] "GET /ngsw-worker.js HTTP/1.1" 304 - "https://my.cerill.com/ngsw-worker.js" "Mozilla/5.0 (Windows NT 10.0; Win64; x64) AppleWebKit/537.36 (KHTML, like Gecko) Chrome/142.0.0.0 Safari/537.36"
152.56.69.51 - - [11/Nov/2025:11:26:39 +0530] "GET /ngsw.json?ngsw-cache-bust=0.931283201768668 HTTP/1.1" 200 12508 "https://my.cerill.com/ngsw-worker.js" "Mozilla/5.0 (Windows NT 10.0; Win64; x64) AppleWebKit/537.36 (KHTML, like Gecko) Chrome/142.0.0.0 Safari/537.36"
152.56.69.51 - - [11/Nov/2025:11:26:40 +0530] "GET /ngsw.json?ngsw-cache-bust=0.38983862884366716 HTTP/1.1" 200 12508 "https://my.cerill.com/ngsw-worker.js" "Mozilla/5.0 (Windows NT 10.0; Win64; x64) AppleWebKit/537.36 (KHTML, like Gecko) Chrome/142.0.0.0 Safari/537.36"
152.56.69.51 - - [11/Nov/2025:11:28:25 +0530] "GET /ngsw-worker.js HTTP/1.1" 304 - "https://my.cerill.com/ngsw-worker.js" "Mozilla/5.0 (Windows NT 10.0; Win64; x64) AppleWebKit/537.36 (KHTML, like Gecko) Chrome/142.0.0.0 Safari/537.36"
152.56.69.51 - - [11/Nov/2025:11:28:40 +0530] "GET /ngsw.json?ngsw-cache-bust=0.7217797227317369 HTTP/1.1" 200 12508 "https://my.cerill.com/ngsw-worker.js" "Mozilla/5.0 (Windows NT 10.0; Win64; x64) AppleWebKit/537.36 (KHTML, like Gecko) Chrome/142.0.0.0 Safari/537.36"
152.56.69.51 - - [11/Nov/2025:11:32:12 +0530] "GET /ngsw.json?ngsw-cache-bust=0.9581946445754131 HTTP/1.1" 200 12508 "https://my.cerill.com/ngsw-worker.js" "Mozilla/5.0 (Windows NT 10.0; Win64; x64) AppleWebKit/537.36 (KHTML, like Gecko) Chrome/142.0.0.0 Safari/537.36"
103.110.250.49 - - [11/Nov/2025:11:34:55 +0530] "GET /ngsw.json?ngsw-cache-bust=0.7831727075944164 HTTP/1.1" 200 12508 "https://my.cerill.com/ngsw-worker.js" "Mozilla/5.0 (Windows NT 10.0; Win64; x64) AppleWebKit/537.36 (KHTML, like Gecko) Chrome/142.0.0.0 Safari/537.36"
103.110.250.49 - - [11/Nov/2025:11:41:03 +0530] "GET /ngsw.json?ngsw-cache-bust=0.07171650459930723 HTTP/1.1" 200 12508 "https://my.cerill.com/ngsw-worker.js" "Mozilla/5.0 (Windows NT 10.0; Win64; x64) AppleWebKit/537.36 (KHTML, like Gecko) Chrome/142.0.0.0 Safari/537.36"
152.56.69.51 - - [11/Nov/2025:11:42:39 +0530] "GET /ngsw.json?ngsw-cache-bust=0.04253636827564089 HTTP/1.1" 200 12508 "https://my.cerill.com/ngsw-worker.js" "Mozilla/5.0 (Windows NT 10.0; Win64; x64) AppleWebKit/537.36 (KHTML, like Gecko) Chrome/142.0.0.0 Safari/537.36"
152.56.69.51 - - [11/Nov/2025:11:43:19 +0530] "GET /ngsw-worker.js HTTP/1.1" 304 - "https://my.cerill.com/ngsw-worker.js" "Mozilla/5.0 (Windows NT 10.0; Win64; x64) AppleWebKit/537.36 (KHTML, like Gecko) Chrome/142.0.0.0 Safari/537.36"
152.56.69.51 - - [11/Nov/2025:11:43:26 +0530] "GET /ngsw.json?ngsw-cache-bust=0.6577431702818226 HTTP/1.1" 200 12508 "https://my.cerill.com/ngsw-worker.js" "Mozilla/5.0 (Windows NT 10.0; Win64; x64) AppleWebKit/537.36 (KHTML, like Gecko) Chrome/142.0.0.0 Safari/537.36"
152.56.69.51 - - [11/Nov/2025:11:43:27 +0530] "GET /ngsw.json?ngsw-cache-bust=0.03950414348027975 HTTP/1.1" 200 12508 "https://my.cerill.com/ngsw-worker.js" "Mozilla/5.0 (Windows NT 10.0; Win64; x64) AppleWebKit/537.36 (KHTML, like Gecko) Chrome/142.0.0.0 Safari/537.36"
152.56.69.51 - - [11/Nov/2025:11:45:31 +0530] "GET /ngsw.json?ngsw-cache-bust=0.0610322684658583 HTTP/1.1" 200 12508 "https://my.cerill.com/ngsw-worker.js" "Mozilla/5.0 (Windows NT 10.0; Win64; x64) AppleWebKit/537.36 (KHTML, like Gecko) Chrome/142.0.0.0 Safari/537.36"
152.56.69.51 - - [11/Nov/2025:11:46:46 +0530] "GET /ngsw-worker.js HTTP/1.1" 304 - "https://my.cerill.com/ngsw-worker.js" "Mozilla/5.0 (Windows NT 10.0; Win64; x64) AppleWebKit/537.36 (KHTML, like Gecko) Chrome/142.0.0.0 Safari/537.36"
152.56.69.51 - - [11/Nov/2025:11:46:50 +0530] "GET /ngsw.json?ngsw-cache-bust=0.4882267920553872 HTTP/1.1" 200 12508 "https://my.cerill.com/ngsw-worker.js" "Mozilla/5.0 (Windows NT 10.0; Win64; x64) AppleWebKit/537.36 (KHTML, like Gecko) Chrome/142.0.0.0 Safari/537.36"
103.165.77.203 - - [11/Nov/2025:11:47:01 +0530] "GET /ngsw.json?ngsw-cache-bust=0.8499954201524826 HTTP/1.1" 200 12508 "https://my.cerill.com/ngsw-worker.js" "Mozilla/5.0 (Windows NT 10.0; Win64; x64) AppleWebKit/537.36 (KHTML, like Gecko) Chrome/109.0.0.0 Safari/537.36"
152.56.69.51 - - [11/Nov/2025:11:47:05 +0530] "GET /ngsw-worker.js HTTP/1.1" 304 - "https://my.cerill.com/ngsw-worker.js" "Mozilla/5.0 (Windows NT 10.0; Win64; x64) AppleWebKit/537.36 (KHTML, like Gecko) Chrome/142.0.0.0 Safari/537.36"
152.56.69.51 - - [11/Nov/2025:11:47:09 +0530] "GET /ngsw.json?ngsw-cache-bust=0.6756514159876997 HTTP/1.1" 200 12508 "https://my.cerill.com/ngsw-worker.js" "Mozilla/5.0 (Windows NT 10.0; Win64; x64) AppleWebKit/537.36 (KHTML, like Gecko) Chrome/142.0.0.0 Safari/537.36"
103.165.77.203 - - [11/Nov/2025:11:47:44 +0530] "GET /ngsw-worker.js HTTP/1.1" 304 - "https://my.cerill.com/ngsw-worker.js" "Mozilla/5.0 (Windows NT 10.0; Win64; x64) AppleWebKit/537.36 (KHTML, like Gecko) Chrome/109.0.0.0 Safari/537.36"
103.165.77.203 - - [11/Nov/2025:11:47:48 +0530] "GET /ngsw.json?ngsw-cache-bust=0.9958596921588421 HTTP/1.1" 200 12508 "https://my.cerill.com/ngsw-worker.js" "Mozilla/5.0 (Windows NT 10.0; Win64; x64) AppleWebKit/537.36 (KHTML, like Gecko) Chrome/109.0.0.0 Safari/537.36"
152.56.69.51 - - [11/Nov/2025:11:47:53 +0530] "GET /ngsw.json?ngsw-cache-bust=0.8330581667905445 HTTP/1.1" 200 12508 "https://my.cerill.com/ngsw-worker.js" "Mozilla/5.0 (Windows NT 10.0; Win64; x64) AppleWebKit/537.36 (KHTML, like Gecko) Chrome/142.0.0.0 Safari/537.36"
103.165.77.203 - - [11/Nov/2025:11:48:33 +0530] "GET /ngsw.json?ngsw-cache-bust=0.13555372844588875 HTTP/1.1" 200 12508 "https://my.cerill.com/ngsw-worker.js" "Mozilla/5.0 (Windows NT 10.0; Win64; x64) AppleWebKit/537.36 (KHTML, like Gecko) Chrome/109.0.0.0 Safari/537.36"
103.165.77.203 - - [11/Nov/2025:11:48:49 +0530] "GET /ngsw-worker.js HTTP/1.1" 304 - "https://my.cerill.com/ngsw-worker.js" "Mozilla/5.0 (Windows NT 10.0; Win64; x64) AppleWebKit/537.36 (KHTML, like Gecko) Chrome/109.0.0.0 Safari/537.36"
103.165.77.203 - - [11/Nov/2025:11:48:52 +0530] "GET /ngsw.json?ngsw-cache-bust=0.46453274125994093 HTTP/1.1" 200 12508 "https://my.cerill.com/ngsw-worker.js" "Mozilla/5.0 (Windows NT 10.0; Win64; x64) AppleWebKit/537.36 (KHTML, like Gecko) Chrome/109.0.0.0 Safari/537.36"
152.56.69.51 - - [11/Nov/2025:11:49:03 +0530] "GET /ngsw.json?ngsw-cache-bust=0.45039545831034855 HTTP/1.1" 200 12508 "https://my.cerill.com/ngsw-worker.js" "Mozilla/5.0 (Windows NT 10.0; Win64; x64) AppleWebKit/537.36 (KHTML, like Gecko) Chrome/142.0.0.0 Safari/537.36"
103.165.77.203 - - [11/Nov/2025:11:49:59 +0530] "GET /ngsw.json?ngsw-cache-bust=0.046044684540880176 HTTP/1.1" 200 12508 "https://my.cerill.com/ngsw-worker.js" "Mozilla/5.0 (Windows NT 10.0; Win64; x64) AppleWebKit/537.36 (KHTML, like Gecko) Chrome/109.0.0.0 Safari/537.36"
45.148.10.245 - - [11/Nov/2025:11:50:35 +0530] "GET / HTTP/1.1" 200 8166 "-" "Go-http-client/1.1"
45.148.10.245 - - [11/Nov/2025:11:50:35 +0530] "GET / HTTP/1.1" 200 8166 "-" "Go-http-client/1.1"
45.148.10.245 - - [11/Nov/2025:11:50:40 +0530] "GET /runtime.bcfacb1707b4e27e.js HTTP/1.1" 200 4472 "-" "Go-http-client/1.1"
45.148.10.245 - - [11/Nov/2025:11:50:40 +0530] "GET /infophp.php HTTP/1.1" 404 16 "-" "Go-http-client/1.1"
45.148.10.245 - - [11/Nov/2025:11:50:40 +0530] "GET /polyfills.831c296c51eb72f7.js HTTP/1.1" 200 34843 "-" "Go-http-client/1.1"
45.148.10.245 - - [11/Nov/2025:11:50:40 +0530] "GET /phpinfo.php HTTP/1.1" 404 16 "-" "Go-http-client/1.1"
45.148.10.245 - - [11/Nov/2025:11:50:41 +0530] "GET /info.php HTTP/1.1" 404 16 "-" "Go-http-client/1.1"
45.148.10.245 - - [11/Nov/2025:11:50:41 +0530] "GET /test.php HTTP/1.1" 404 16 "-" "Go-http-client/1.1"
45.148.10.245 - - [11/Nov/2025:11:50:41 +0530] "GET /scripts.b538351bb7336a90.js HTTP/1.1" 200 228453 "-" "Go-http-client/1.1"
45.148.10.245 - - [11/Nov/2025:11:50:41 +0530] "GET /php_info.php HTTP/1.1" 404 16 "-" "Go-http-client/1.1"
45.148.10.245 - - [11/Nov/2025:11:50:41 +0530] "GET /pinfo.php HTTP/1.1" 404 16 "-" "Go-http-client/1.1"
45.148.10.245 - - [11/Nov/2025:11:50:41 +0530] "GET /i.php HTTP/1.1" 404 16 "-" "Go-http-client/1.1"
45.148.10.245 - - [11/Nov/2025:11:50:41 +0530] "GET /main.fad73ec275fb78f6.js HTTP/1.1" 200 722170 "-" "Go-http-client/1.1"
45.148.10.245 - - [11/Nov/2025:11:50:46 +0530] "GET /.git/config HTTP/1.1" 404 196 "-" "Go-http-client/1.1"
45.148.10.245 - - [11/Nov/2025:11:50:46 +0530] "GET /phpversion.php HTTP/1.1" 404 16 "-" "Go-http-client/1.1"
45.148.10.245 - - [11/Nov/2025:11:50:46 +0530] "GET /dev.php HTTP/1.1" 404 16 "-" "Go-http-client/1.1"
45.148.10.245 - - [11/Nov/2025:11:50:46 +0530] "GET /uptime.php HTTP/1.1" 404 16 "-" "Go-http-client/1.1"
45.148.10.245 - - [11/Nov/2025:11:50:46 +0530] "GET /server-status HTTP/1.1" 403 199 "-" "Go-http-client/1.1"
45.148.10.245 - - [11/Nov/2025:11:50:46 +0530] "GET /nginx_status HTTP/1.1" 404 196 "-" "Go-http-client/1.1"
45.148.10.245 - - [11/Nov/2025:11:50:46 +0530] "GET /status HTTP/1.1" 404 196 "-" "Go-http-client/1.1"
45.148.10.245 - - [11/Nov/2025:11:50:46 +0530] "GET /_profiler/ HTTP/1.1" 404 196 "-" "Go-http-client/1.1"
45.148.10.245 - - [11/Nov/2025:11:50:46 +0530] "GET /_profiler/phpinfo HTTP/1.1" 404 196 "-" "Go-http-client/1.1"
45.148.10.245 - - [11/Nov/2025:11:50:52 +0530] "GET /app_dev.php/_profiler HTTP/1.1" 404 16 "-" "Go-http-client/1.1"
45.148.10.245 - - [11/Nov/2025:11:50:57 +0530] "GET /phpinfo HTTP/1.1" 404 196 "-" "Go-http-client/1.1"
45.148.10.245 - - [11/Nov/2025:11:50:57 +0530] "GET /version HTTP/1.1" 404 196 "-" "Go-http-client/1.1"
45.148.10.245 - - [11/Nov/2025:11:50:57 +0530] "GET /version.php HTTP/1.1" 404 16 "-" "Go-http-client/1.1"
45.148.10.245 - - [11/Nov/2025:11:51:02 +0530] "GET /health HTTP/1.1" 404 196 "-" "Go-http-client/1.1"
45.148.10.245 - - [11/Nov/2025:11:51:02 +0530] "GET /probe.php HTTP/1.1" 404 16 "-" "Go-http-client/1.1"
45.148.10.245 - - [11/Nov/2025:11:51:02 +0530] "GET /check.php HTTP/1.1" 404 16 "-" "Go-http-client/1.1"
45.148.10.245 - - [11/Nov/2025:11:51:02 +0530] "GET /temp.php HTTP/1.1" 404 16 "-" "Go-http-client/1.1"
45.148.10.245 - - [11/Nov/2025:11:51:02 +0530] "GET /asdf.php HTTP/1.1" 404 16 "-" "Go-http-client/1.1"
45.148.10.245 - - [11/Nov/2025:11:51:02 +0530] "GET /x.php HTTP/1.1" 404 16 "-" "Go-http-client/1.1"
45.148.10.245 - - [11/Nov/2025:11:51:07 +0530] "GET /server-info HTTP/1.1" 404 196 "-" "Go-http-client/1.1"
45.148.10.245 - - [11/Nov/2025:11:51:07 +0530] "GET /time.php HTTP/1.1" 404 16 "-" "Go-http-client/1.1"
45.148.10.245 - - [11/Nov/2025:11:51:07 +0530] "GET /old_phpinfo.php HTTP/1.1" 404 16 "-" "Go-http-client/1.1"
45.148.10.245 - - [11/Nov/2025:11:51:08 +0530] "GET /infos.php HTTP/1.1" 404 16 "-" "Go-http-client/1.1"
45.148.10.245 - - [11/Nov/2025:11:51:08 +0530] "GET /linusadmin-phpinfo.php HTTP/1.1" 404 16 "-" "Go-http-client/1.1"
45.148.10.245 - - [11/Nov/2025:11:51:08 +0530] "GET /php-info.php HTTP/1.1" 404 16 "-" "Go-http-client/1.1"
45.148.10.245 - - [11/Nov/2025:11:51:08 +0530] "GET /dashboard/phpinfo.php HTTP/1.1" 404 196 "-" "Go-http-client/1.1"
45.148.10.245 - - [11/Nov/2025:11:51:08 +0530] "GET /phpinfo.php3 HTTP/1.1" 404 196 "-" "Go-http-client/1.1"
45.148.10.245 - - [11/Nov/2025:11:51:08 +0530] "GET /phpinfo.php4 HTTP/1.1" 404 196 "-" "Go-http-client/1.1"
45.148.10.245 - - [11/Nov/2025:11:51:13 +0530] "GET /phpinfo.php5 HTTP/1.1" 404 196 "-" "Go-http-client/1.1"
45.148.10.245 - - [11/Nov/2025:11:51:13 +0530] "GET /phpinfos.php HTTP/1.1" 404 16 "-" "Go-http-client/1.1"
45.148.10.245 - - [11/Nov/2025:11:51:13 +0530] "GET /_profiler/phpinfo.php HTTP/1.1" 404 196 "-" "Go-http-client/1.1"
45.148.10.245 - - [11/Nov/2025:11:51:13 +0530] "GET /public/client/planinfo HTTP/1.1" 404 196 "-" "Go-http-client/1.1"
103.165.77.203 - - [11/Nov/2025:11:51:16 +0530] "GET /ngsw.json?ngsw-cache-bust=0.3125980016538359 HTTP/1.1" 200 12508 "https://my.cerill.com/ngsw-worker.js" "Mozilla/5.0 (Windows NT 10.0; Win64; x64) AppleWebKit/537.36 (KHTML, like Gecko) Chrome/109.0.0.0 Safari/537.36"
103.165.77.203 - - [11/Nov/2025:11:51:16 +0530] "GET /ngsw.json?ngsw-cache-bust=0.17072619595107819 HTTP/1.1" 200 12508 "https://my.cerill.com/ngsw-worker.js" "Mozilla/5.0 (Windows NT 10.0; Win64; x64) AppleWebKit/537.36 (KHTML, like Gecko) Chrome/109.0.0.0 Safari/537.36"
45.148.10.245 - - [11/Nov/2025:11:51:18 +0530] "GET /aws.yml HTTP/1.1" 404 196 "-" "Go-http-client/1.1"
103.165.77.203 - - [11/Nov/2025:11:51:19 +0530] "GET /ngsw-worker.js HTTP/1.1" 304 - "https://my.cerill.com/ngsw-worker.js" "Mozilla/5.0 (Windows NT 10.0; Win64; x64) AppleWebKit/537.36 (KHTML, like Gecko) Chrome/109.0.0.0 Safari/537.36"
45.148.10.245 - - [11/Nov/2025:11:51:23 +0530] "GET /config/aws.yml HTTP/1.1" 404 196 "-" "Go-http-client/1.1"
45.148.10.245 - - [11/Nov/2025:11:51:23 +0530] "GET /symfony/_profiler/phpinfo HTTP/1.1" 404 196 "-" "Go-http-client/1.1"
45.148.10.245 - - [11/Nov/2025:11:51:23 +0530] "GET /phpinfo HTTP/1.1" 404 196 "-" "Go-http-client/1.1"
45.148.10.245 - - [11/Nov/2025:11:51:23 +0530] "GET /.production HTTP/1.1" 404 196 "-" "Go-http-client/1.1"
45.148.10.245 - - [11/Nov/2025:11:51:24 +0530] "GET /.aws/config HTTP/1.1" 404 196 "-" "Go-http-client/1.1"
45.148.10.245 - - [11/Nov/2025:11:51:24 +0530] "GET /.aws/credentials HTTP/1.1" 404 196 "-" "Go-http-client/1.1"
45.148.10.245 - - [11/Nov/2025:11:51:24 +0530] "GET /config.js HTTP/1.1" 404 196 "-" "Go-http-client/1.1"
45.148.10.245 - - [11/Nov/2025:11:51:24 +0530] "GET /helpers/utility.js HTTP/1.1" 404 196 "-" "Go-http-client/1.1"
45.148.10.245 - - [11/Nov/2025:11:51:24 +0530] "GET /config/config.json HTTP/1.1" 404 196 "-" "Go-http-client/1.1"
45.148.10.245 - - [11/Nov/2025:11:51:24 +0530] "GET /wp-config.php.bak HTTP/1.1" 404 196 "-" "Go-http-client/1.1"
45.148.10.245 - - [11/Nov/2025:11:51:24 +0530] "GET /wp-config.php HTTP/1.1" 404 16 "-" "Go-http-client/1.1"
152.56.69.51 - - [11/Nov/2025:11:51:33 +0530] "GET /ngsw-worker.js HTTP/1.1" 304 - "https://my.cerill.com/ngsw-worker.js" "Mozilla/5.0 (Windows NT 10.0; Win64; x64) AppleWebKit/537.36 (KHTML, like Gecko) Chrome/142.0.0.0 Safari/537.36"
152.56.69.51 - - [11/Nov/2025:11:51:37 +0530] "GET /ngsw.json?ngsw-cache-bust=0.7126139032041122 HTTP/1.1" 200 12508 "https://my.cerill.com/ngsw-worker.js" "Mozilla/5.0 (Windows NT 10.0; Win64; x64) AppleWebKit/537.36 (KHTML, like Gecko) Chrome/142.0.0.0 Safari/537.36"
45.148.10.245 - - [11/Nov/2025:11:52:04 +0530] "GET /.ssh/sftp-config.json HTTP/1.1" 404 196 "-" "Go-http-client/1.1"
45.148.10.245 - - [11/Nov/2025:11:52:09 +0530] "GET /sftp-config.json HTTP/1.1" 404 196 "-" "Go-http-client/1.1"
45.148.10.245 - - [11/Nov/2025:11:52:09 +0530] "GET /sftp.json HTTP/1.1" 404 196 "-" "Go-http-client/1.1"
45.148.10.245 - - [11/Nov/2025:11:52:09 +0530] "GET /prevlaravel/sftp-config.json HTTP/1.1" 404 196 "-" "Go-http-client/1.1"
45.148.10.245 - - [11/Nov/2025:11:52:09 +0530] "GET /index.php/phpinfo HTTP/1.1" 404 16 "-" "Go-http-client/1.1"
45.148.10.245 - - [11/Nov/2025:11:52:09 +0530] "GET /application/config/constants.php/ HTTP/1.1" 404 196 "-" "Go-http-client/1.1"
45.148.10.245 - - [11/Nov/2025:11:52:09 +0530] "GET /dev/phpinfo.php HTTP/1.1" 404 196 "-" "Go-http-client/1.1"
45.148.10.245 - - [11/Nov/2025:11:52:09 +0530] "GET /test2.php HTTP/1.1" 404 16 "-" "Go-http-client/1.1"
45.148.10.245 - - [11/Nov/2025:11:52:14 +0530] "GET /test1.php HTTP/1.1" 404 16 "-" "Go-http-client/1.1"
45.148.10.245 - - [11/Nov/2025:11:52:15 +0530] "GET /frontend_dev.php/$ HTTP/1.1" 404 16 "-" "Go-http-client/1.1"
45.148.10.245 - - [11/Nov/2025:11:52:15 +0530] "GET /login/index.php HTTP/1.1" 404 196 "-" "Go-http-client/1.1"
45.148.10.245 - - [11/Nov/2025:11:52:15 +0530] "GET /install/index.php HTTP/1.1" 404 196 "-" "Go-http-client/1.1"
45.148.10.245 - - [11/Nov/2025:11:52:15 +0530] "GET /config.php HTTP/1.1" 404 16 "-" "Go-http-client/1.1"
45.148.10.245 - - [11/Nov/2025:11:52:15 +0530] "GET /php.php HTTP/1.1" 404 16 "-" "Go-http-client/1.1"
45.148.10.245 - - [11/Nov/2025:11:52:20 +0530] "GET /config/php.ini HTTP/1.1" 404 196 "-" "Go-http-client/1.1"
45.148.10.245 - - [11/Nov/2025:11:52:20 +0530] "GET /app_dev.php/_profiler/phpinfo HTTP/1.1" 404 16 "-" "Go-http-client/1.1"
45.148.10.245 - - [11/Nov/2025:11:52:20 +0530] "GET /secured/phpinfo.php HTTP/1.1" 404 196 "-" "Go-http-client/1.1"
45.148.10.245 - - [11/Nov/2025:11:52:20 +0530] "GET /config/config.php HTTP/1.1" 404 196 "-" "Go-http-client/1.1"
45.148.10.245 - - [11/Nov/2025:11:52:20 +0530] "GET /?phpinfo=1 HTTP/1.1" 200 8166 "-" "Go-http-client/1.1"
45.148.10.245 - - [11/Nov/2025:11:52:20 +0530] "GET /appsettings.json HTTP/1.1" 404 196 "-" "Go-http-client/1.1"
45.148.10.245 - - [11/Nov/2025:11:52:20 +0530] "GET /config/default.json HTTP/1.1" 404 196 "-" "Go-http-client/1.1"
45.148.10.245 - - [11/Nov/2025:11:52:25 +0530] "GET /config/aws.json HTTP/1.1" 404 196 "-" "Go-http-client/1.1"
103.165.77.203 - - [11/Nov/2025:11:52:40 +0530] "GET /ngsw.json?ngsw-cache-bust=0.46312922339359974 HTTP/1.1" 200 12508 "https://my.cerill.com/ngsw-worker.js" "Mozilla/5.0 (Windows NT 10.0; Win64; x64) AppleWebKit/537.36 (KHTML, like Gecko) Chrome/109.0.0.0 Safari/537.36"
45.148.10.245 - - [11/Nov/2025:11:52:50 +0530] "GET /settings.json HTTP/1.1" 404 196 "-" "Go-http-client/1.1"
103.165.77.203 - - [11/Nov/2025:11:53:11 +0530] "GET /ngsw-worker.js HTTP/1.1" 304 - "https://my.cerill.com/ngsw-worker.js" "Mozilla/5.0 (Windows NT 10.0; Win64; x64) AppleWebKit/537.36 (KHTML, like Gecko) Chrome/109.0.0.0 Safari/537.36"
103.165.77.203 - - [11/Nov/2025:11:53:15 +0530] "GET /ngsw.json?ngsw-cache-bust=0.19924641390389985 HTTP/1.1" 200 12508 "https://my.cerill.com/ngsw-worker.js" "Mozilla/5.0 (Windows NT 10.0; Win64; x64) AppleWebKit/537.36 (KHTML, like Gecko) Chrome/109.0.0.0 Safari/537.36"
98.84.1.175 - - [11/Nov/2025:11:53:22 +0530] "GET / HTTP/1.1" 200 8166 "-" "RecordedFuture Global Inventory Crawler"
45.148.10.245 - - [11/Nov/2025:11:53:45 +0530] "GET /appsettings.Test.json HTTP/1.1" 404 196 "-" "Go-http-client/1.1"
45.148.10.245 - - [11/Nov/2025:11:53:50 +0530] "GET /launchSettings.json HTTP/1.1" 404 196 "-" "Go-http-client/1.1"
45.148.10.245 - - [11/Nov/2025:11:53:51 +0530] "GET /bundleconfig.json HTTP/1.1" 404 196 "-" "Go-http-client/1.1"
45.148.10.245 - - [11/Nov/2025:11:53:51 +0530] "GET /angular.json HTTP/1.1" 404 196 "-" "Go-http-client/1.1"
45.148.10.245 - - [11/Nov/2025:11:53:51 +0530] "GET /tsconfig.json HTTP/1.1" 404 196 "-" "Go-http-client/1.1"
45.148.10.245 - - [11/Nov/2025:11:53:51 +0530] "GET /tsconfig.app.json HTTP/1.1" 404 196 "-" "Go-http-client/1.1"
45.148.10.245 - - [11/Nov/2025:11:53:51 +0530] "GET /tsconfig.spec.json HTTP/1.1" 404 196 "-" "Go-http-client/1.1"
45.148.10.245 - - [11/Nov/2025:11:53:51 +0530] "GET /config/test.json HTTP/1.1" 404 196 "-" "Go-http-client/1.1"
45.148.10.245 - - [11/Nov/2025:11:53:51 +0530] "GET /appsettings.Staging.json HTTP/1.1" 404 196 "-" "Go-http-client/1.1"
45.148.10.245 - - [11/Nov/2025:11:53:51 +0530] "GET /hosting.json HTTP/1.1" 404 196 "-" "Go-http-client/1.1"
45.148.10.245 - - [11/Nov/2025:11:53:51 +0530] "GET /config/settings.json HTTP/1.1" 404 196 "-" "Go-http-client/1.1"
45.148.10.245 - - [11/Nov/2025:11:53:51 +0530] "GET /meteor.settings.json HTTP/1.1" 404 196 "-" "Go-http-client/1.1"
45.148.10.245 - - [11/Nov/2025:11:53:51 +0530] "GET /Properties/launchSettings.json HTTP/1.1" 404 196 "-" "Go-http-client/1.1"
45.148.10.245 - - [11/Nov/2025:11:53:51 +0530] "GET /appsettings.QA.json HTTP/1.1" 404 196 "-" "Go-http-client/1.1"
45.148.10.245 - - [11/Nov/2025:11:53:51 +0530] "GET /appsettings.Local.json HTTP/1.1" 404 196 "-" "Go-http-client/1.1"
45.148.10.245 - - [11/Nov/2025:11:53:51 +0530] "GET /src/config/config.json HTTP/1.1" 404 196 "-" "Go-http-client/1.1"
45.148.10.245 - - [11/Nov/2025:11:53:51 +0530] "GET /src/settings.json HTTP/1.1" 404 196 "-" "Go-http-client/1.1"
45.148.10.245 - - [11/Nov/2025:11:53:51 +0530] "GET /private/config.json HTTP/1.1" 404 196 "-" "Go-http-client/1.1"
45.148.10.245 - - [11/Nov/2025:11:53:51 +0530] "GET /config/dev.json HTTP/1.1" 404 196 "-" "Go-http-client/1.1"
45.148.10.245 - - [11/Nov/2025:11:53:51 +0530] "GET /config/prod.json HTTP/1.1" 404 196 "-" "Go-http-client/1.1"
45.148.10.245 - - [11/Nov/2025:11:54:07 +0530] "GET /config/local.json HTTP/1.1" 404 196 "-" "Go-http-client/1.1"
45.148.10.245 - - [11/Nov/2025:11:54:07 +0530] "GET /conf/application.json HTTP/1.1" 404 196 "-" "Go-http-client/1.1"
45.148.10.245 - - [11/Nov/2025:11:54:07 +0530] "GET /.docker/config.json HTTP/1.1" 404 196 "-" "Go-http-client/1.1"
45.148.10.245 - - [11/Nov/2025:11:54:12 +0530] "GET /config/daemon.json HTTP/1.1" 404 196 "-" "Go-http-client/1.1"
45.148.10.245 - - [11/Nov/2025:11:54:12 +0530] "GET /.env HTTP/1.1" 404 196 "-" "Go-http-client/1.1"
45.148.10.245 - - [11/Nov/2025:11:54:12 +0530] "GET /public/.env HTTP/1.1" 404 196 "-" "Go-http-client/1.1"
45.148.10.245 - - [11/Nov/2025:11:54:12 +0530] "GET /laravel/.env HTTP/1.1" 404 196 "-" "Go-http-client/1.1"
45.148.10.245 - - [11/Nov/2025:11:54:12 +0530] "GET /laravel/core/.env HTTP/1.1" 404 196 "-" "Go-http-client/1.1"
45.148.10.245 - - [11/Nov/2025:11:54:17 +0530] "GET /beta/.env HTTP/1.1" 404 196 "-" "Go-http-client/1.1"
45.148.10.245 - - [11/Nov/2025:11:54:22 +0530] "GET /kyc/.env HTTP/1.1" 404 196 "-" "Go-http-client/1.1"
45.148.10.245 - - [11/Nov/2025:11:54:27 +0530] "GET /admin/.env HTTP/1.1" 404 196 "-" "Go-http-client/1.1"
45.148.10.245 - - [11/Nov/2025:11:54:27 +0530] "GET /prod/.env HTTP/1.1" 404 196 "-" "Go-http-client/1.1"
45.148.10.245 - - [11/Nov/2025:11:54:27 +0530] "GET /api/.env HTTP/1.1" 404 196 "-" "Go-http-client/1.1"
45.148.10.245 - - [11/Nov/2025:11:54:27 +0530] "GET /.docker/laravel/app/.env HTTP/1.1" 404 196 "-" "Go-http-client/1.1"
45.148.10.245 - - [11/Nov/2025:11:54:27 +0530] "GET /.docker/.env HTTP/1.1" 404 196 "-" "Go-http-client/1.1"
45.148.10.245 - - [11/Nov/2025:11:54:28 +0530] "GET /.gitlab-ci/.env HTTP/1.1" 404 196 "-" "Go-http-client/1.1"
45.148.10.245 - - [11/Nov/2025:11:54:28 +0530] "GET /.vscode/.env HTTP/1.1" 404 196 "-" "Go-http-client/1.1"
45.148.10.245 - - [11/Nov/2025:11:54:28 +0530] "GET /web/.env HTTP/1.1" 404 196 "-" "Go-http-client/1.1"
45.148.10.245 - - [11/Nov/2025:11:54:28 +0530] "GET /app/.env HTTP/1.1" 404 196 "-" "Go-http-client/1.1"
45.148.10.245 - - [11/Nov/2025:11:54:28 +0530] "GET /crm/.env HTTP/1.1" 404 196 "-" "Go-http-client/1.1"
45.148.10.245 - - [11/Nov/2025:11:54:33 +0530] "GET /backend/.env HTTP/1.1" 404 196 "-" "Go-http-client/1.1"
45.148.10.245 - - [11/Nov/2025:11:54:48 +0530] "GET /application/.env HTTP/1.1" 404 196 "-" "Go-http-client/1.1"
45.148.10.245 - - [11/Nov/2025:11:54:53 +0530] "GET /admin-app/.env HTTP/1.1" 404 196 "-" "Go-http-client/1.1"
45.148.10.245 - - [11/Nov/2025:11:54:53 +0530] "GET /mailer/.env HTTP/1.1" 404 196 "-" "Go-http-client/1.1"
45.148.10.245 - - [11/Nov/2025:11:54:53 +0530] "GET /shared/.env HTTP/1.1" 404 196 "-" "Go-http-client/1.1"
45.148.10.245 - - [11/Nov/2025:11:54:58 +0530] "GET /.env.project HTTP/1.1" 404 196 "-" "Go-http-client/1.1"
45.148.10.245 - - [11/Nov/2025:11:54:58 +0530] "GET /apps/.env HTTP/1.1" 404 196 "-" "Go-http-client/1.1"
45.148.10.245 - - [11/Nov/2025:11:55:08 +0530] "GET /.env.config HTTP/1.1" 404 196 "-" "Go-http-client/1.1"
45.148.10.245 - - [11/Nov/2025:11:55:08 +0530] "GET /.env.dev HTTP/1.1" 404 196 "-" "Go-http-client/1.1"
45.148.10.245 - - [11/Nov/2025:11:55:08 +0530] "GET /.env.dev.local HTTP/1.1" 404 196 "-" "Go-http-client/1.1"
45.148.10.245 - - [11/Nov/2025:11:55:09 +0530] "GET /.env.development.local HTTP/1.1" 404 196 "-" "Go-http-client/1.1"
45.148.10.245 - - [11/Nov/2025:11:55:09 +0530] "GET /.env.docker HTTP/1.1" 404 196 "-" "Go-http-client/1.1"
45.148.10.245 - - [11/Nov/2025:11:55:09 +0530] "GET /.env.docker.dev HTTP/1.1" 404 196 "-" "Go-http-client/1.1"
45.148.10.245 - - [11/Nov/2025:11:55:09 +0530] "GET /.env.local HTTP/1.1" 404 196 "-" "Go-http-client/1.1"
45.148.10.245 - - [11/Nov/2025:11:55:09 +0530] "GET /.env.prod HTTP/1.1" 404 196 "-" "Go-http-client/1.1"
45.148.10.245 - - [11/Nov/2025:11:55:09 +0530] "GET /.env.prod.local HTTP/1.1" 404 196 "-" "Go-http-client/1.1"
45.148.10.245 - - [11/Nov/2025:11:55:09 +0530] "GET /.env.production HTTP/1.1" 404 196 "-" "Go-http-client/1.1"
45.148.10.245 - - [11/Nov/2025:11:55:09 +0530] "GET /.env.production.local HTTP/1.1" 404 196 "-" "Go-http-client/1.1"
45.148.10.245 - - [11/Nov/2025:11:55:09 +0530] "GET /.env.stage HTTP/1.1" 404 196 "-" "Go-http-client/1.1"
45.148.10.245 - - [11/Nov/2025:11:55:09 +0530] "GET /.env.travis HTTP/1.1" 404 196 "-" "Go-http-client/1.1"
45.148.10.245 - - [11/Nov/2025:11:55:24 +0530] "GET /config/env.php HTTP/1.1" 404 196 "-" "Go-http-client/1.1"
45.148.10.245 - - [11/Nov/2025:11:55:24 +0530] "GET /app/etc/env.local.php HTTP/1.1" 404 196 "-" "Go-http-client/1.1"
45.148.10.245 - - [11/Nov/2025:11:55:24 +0530] "GET /.env.php HTTP/1.1" 404 16 "-" "Go-http-client/1.1"
45.148.10.245 - - [11/Nov/2025:11:55:34 +0530] "GET /env.json HTTP/1.1" 404 196 "-" "Go-http-client/1.1"
152.56.69.51 - - [11/Nov/2025:11:55:36 +0530] "GET /ngsw.json?ngsw-cache-bust=0.9924545484508671 HTTP/1.1" 200 12508 "https://my.cerill.com/ngsw-worker.js" "Mozilla/5.0 (Windows NT 10.0; Win64; x64) AppleWebKit/537.36 (KHTML, like Gecko) Chrome/142.0.0.0 Safari/537.36"
45.148.10.245 - - [11/Nov/2025:11:55:39 +0530] "GET /config/env.json HTTP/1.1" 404 196 "-" "Go-http-client/1.1"
45.148.10.245 - - [11/Nov/2025:11:55:40 +0530] "GET /src/config/environment.json HTTP/1.1" 404 196 "-" "Go-http-client/1.1"
45.148.10.245 - - [11/Nov/2025:11:55:55 +0530] "GET /private/env.json HTTP/1.1" 404 196 "-" "Go-http-client/1.1"
152.56.69.51 - - [11/Nov/2025:11:57:19 +0530] "GET /ngsw.json?ngsw-cache-bust=0.9769482901987074 HTTP/1.1" 200 12508 "https://my.cerill.com/ngsw-worker.js" "Mozilla/5.0 (Windows NT 10.0; Win64; x64) AppleWebKit/537.36 (KHTML, like Gecko) Chrome/142.0.0.0 Safari/537.36"
152.56.69.51 - - [11/Nov/2025:11:58:41 +0530] "GET /ngsw-worker.js HTTP/1.1" 304 - "https://my.cerill.com/ngsw-worker.js" "Mozilla/5.0 (Windows NT 10.0; Win64; x64) AppleWebKit/537.36 (KHTML, like Gecko) Chrome/142.0.0.0 Safari/537.36"
152.56.69.51 - - [11/Nov/2025:11:58:45 +0530] "GET /ngsw.json?ngsw-cache-bust=0.9416483084360987 HTTP/1.1" 200 12508 "https://my.cerill.com/ngsw-worker.js" "Mozilla/5.0 (Windows NT 10.0; Win64; x64) AppleWebKit/537.36 (KHTML, like Gecko) Chrome/142.0.0.0 Safari/537.36"
152.56.69.51 - - [11/Nov/2025:11:59:53 +0530] "GET /ngsw-worker.js HTTP/1.1" 304 - "https://my.cerill.com/ngsw-worker.js" "Mozilla/5.0 (Windows NT 10.0; Win64; x64) AppleWebKit/537.36 (KHTML, like Gecko) Chrome/142.0.0.0 Safari/537.36"
152.56.69.51 - - [11/Nov/2025:11:59:57 +0530] "GET /ngsw.json?ngsw-cache-bust=0.8627648837054165 HTTP/1.1" 200 12508 "https://my.cerill.com/ngsw-worker.js" "Mozilla/5.0 (Windows NT 10.0; Win64; x64) AppleWebKit/537.36 (KHTML, like Gecko) Chrome/142.0.0.0 Safari/537.36"
152.56.69.51 - - [11/Nov/2025:11:59:57 +0530] "GET /ngsw.json?ngsw-cache-bust=0.0777940793590376 HTTP/1.1" 200 12508 "https://my.cerill.com/ngsw-worker.js" "Mozilla/5.0 (Windows NT 10.0; Win64; x64) AppleWebKit/537.36 (KHTML, like Gecko) Chrome/142.0.0.0 Safari/537.36"
103.165.77.203 - - [11/Nov/2025:12:01:47 +0530] "GET /ngsw.json?ngsw-cache-bust=0.09875731964184764 HTTP/1.1" 200 12508 "https://my.cerill.com/ngsw-worker.js" "Mozilla/5.0 (Windows NT 10.0; Win64; x64) AppleWebKit/537.36 (KHTML, like Gecko) Chrome/109.0.0.0 Safari/537.36"
152.56.69.51 - - [11/Nov/2025:12:04:23 +0530] "GET /ngsw.json?ngsw-cache-bust=0.056870311883229885 HTTP/1.1" 200 12508 "https://my.cerill.com/ngsw-worker.js" "Mozilla/5.0 (Windows NT 10.0; Win64; x64) AppleWebKit/537.36 (KHTML, like Gecko) Chrome/142.0.0.0 Safari/537.36"
103.110.250.49 - - [11/Nov/2025:12:07:12 +0530] "GET /ngsw-worker.js HTTP/1.1" 304 - "https://my.cerill.com/ngsw-worker.js" "Mozilla/5.0 (Windows NT 10.0; Win64; x64) AppleWebKit/537.36 (KHTML, like Gecko) Chrome/142.0.0.0 Safari/537.36"
103.110.250.49 - - [11/Nov/2025:12:07:15 +0530] "GET /ngsw.json?ngsw-cache-bust=0.3072036616960443 HTTP/1.1" 200 12508 "https://my.cerill.com/ngsw-worker.js" "Mozilla/5.0 (Windows NT 10.0; Win64; x64) AppleWebKit/537.36 (KHTML, like Gecko) Chrome/142.0.0.0 Safari/537.36"
103.110.250.49 - - [11/Nov/2025:12:07:16 +0530] "GET /ngsw.json?ngsw-cache-bust=0.04621207712100395 HTTP/1.1" 200 12508 "https://my.cerill.com/ngsw-worker.js" "Mozilla/5.0 (Windows NT 10.0; Win64; x64) AppleWebKit/537.36 (KHTML, like Gecko) Chrome/142.0.0.0 Safari/537.36"
152.56.69.51 - - [11/Nov/2025:12:09:45 +0530] "GET /ngsw.json?ngsw-cache-bust=0.499357425669381 HTTP/1.1" 200 12508 "https://my.cerill.com/ngsw-worker.js" "Mozilla/5.0 (Windows NT 10.0; Win64; x64) AppleWebKit/537.36 (KHTML, like Gecko) Chrome/142.0.0.0 Safari/537.36"
152.56.69.51 - - [11/Nov/2025:12:10:52 +0530] "GET /ngsw.json?ngsw-cache-bust=0.027089993825940795 HTTP/1.1" 200 12508 "https://my.cerill.com/ngsw-worker.js" "Mozilla/5.0 (Windows NT 10.0; Win64; x64) AppleWebKit/537.36 (KHTML, like Gecko) Chrome/142.0.0.0 Safari/537.36"
103.110.250.49 - - [11/Nov/2025:12:10:55 +0530] "GET /ngsw.json?ngsw-cache-bust=0.11772751043485208 HTTP/1.1" 200 12508 "https://my.cerill.com/ngsw-worker.js" "Mozilla/5.0 (Windows NT 10.0; Win64; x64) AppleWebKit/537.36 (KHTML, like Gecko) Chrome/142.0.0.0 Safari/537.36"
103.110.250.49 - - [11/Nov/2025:12:11:25 +0530] "GET /ngsw-worker.js HTTP/1.1" 304 - "https://my.cerill.com/ngsw-worker.js" "Mozilla/5.0 (Windows NT 10.0; Win64; x64) AppleWebKit/537.36 (KHTML, like Gecko) Chrome/142.0.0.0 Safari/537.36"
103.110.250.49 - - [11/Nov/2025:12:11:29 +0530] "GET /ngsw.json?ngsw-cache-bust=0.8450134364086417 HTTP/1.1" 200 12508 "https://my.cerill.com/ngsw-worker.js" "Mozilla/5.0 (Windows NT 10.0; Win64; x64) AppleWebKit/537.36 (KHTML, like Gecko) Chrome/142.0.0.0 Safari/537.36"
103.110.250.49 - - [11/Nov/2025:12:13:23 +0530] "GET /ngsw.json?ngsw-cache-bust=0.4255195476453626 HTTP/1.1" 200 12508 "https://my.cerill.com/ngsw-worker.js" "Mozilla/5.0 (Windows NT 10.0; Win64; x64) AppleWebKit/537.36 (KHTML, like Gecko) Chrome/142.0.0.0 Safari/537.36"
103.110.250.49 - - [11/Nov/2025:12:13:48 +0530] "GET /ngsw-worker.js HTTP/1.1" 304 - "https://my.cerill.com/ngsw-worker.js" "Mozilla/5.0 (Windows NT 10.0; Win64; x64) AppleWebKit/537.36 (KHTML, like Gecko) Chrome/142.0.0.0 Safari/537.36"
103.110.250.49 - - [11/Nov/2025:12:13:52 +0530] "GET /ngsw.json?ngsw-cache-bust=0.04765120038891468 HTTP/1.1" 200 12508 "https://my.cerill.com/ngsw-worker.js" "Mozilla/5.0 (Windows NT 10.0; Win64; x64) AppleWebKit/537.36 (KHTML, like Gecko) Chrome/142.0.0.0 Safari/537.36"
103.110.250.49 - - [11/Nov/2025:12:16:06 +0530] "GET /ngsw-worker.js HTTP/1.1" 304 - "https://my.cerill.com/ngsw-worker.js" "Mozilla/5.0 (Windows NT 10.0; Win64; x64) AppleWebKit/537.36 (KHTML, like Gecko) Chrome/142.0.0.0 Safari/537.36"
103.110.250.49 - - [11/Nov/2025:12:16:09 +0530] "GET /ngsw.json?ngsw-cache-bust=0.530425417742226 HTTP/1.1" 200 12508 "https://my.cerill.com/ngsw-worker.js" "Mozilla/5.0 (Windows NT 10.0; Win64; x64) AppleWebKit/537.36 (KHTML, like Gecko) Chrome/142.0.0.0 Safari/537.36"
103.110.250.49 - - [11/Nov/2025:12:24:10 +0530] "GET /ngsw-worker.js HTTP/1.1" 304 - "https://my.cerill.com/ngsw-worker.js" "Mozilla/5.0 (Linux; Android 10; K) AppleWebKit/537.36 (KHTML, like Gecko) Chrome/142.0.0.0 Mobile Safari/537.36"
103.110.250.49 - - [11/Nov/2025:12:24:12 +0530] "GET /ngsw-worker.js HTTP/1.1" 304 - "https://my.cerill.com/ngsw-worker.js" "Mozilla/5.0 (Linux; Android 10; K) AppleWebKit/537.36 (KHTML, like Gecko) Chrome/142.0.0.0 Mobile Safari/537.36"
103.110.250.49 - - [11/Nov/2025:12:24:25 +0530] "GET /ngsw.json?ngsw-cache-bust=0.022602719187407194 HTTP/1.1" 200 12508 "https://my.cerill.com/ngsw-worker.js" "Mozilla/5.0 (Linux; Android 10; K) AppleWebKit/537.36 (KHTML, like Gecko) Chrome/142.0.0.0 Mobile Safari/537.36"
103.110.250.49 - - [11/Nov/2025:12:24:26 +0530] "GET /ngsw.json?ngsw-cache-bust=0.15049412024778186 HTTP/1.1" 200 12508 "https://my.cerill.com/ngsw-worker.js" "Mozilla/5.0 (Linux; Android 10; K) AppleWebKit/537.36 (KHTML, like Gecko) Chrome/142.0.0.0 Mobile Safari/537.36"
103.110.250.49 - - [11/Nov/2025:12:24:54 +0530] "GET /ngsw.json?ngsw-cache-bust=0.5045821411959932 HTTP/1.1" 200 12508 "https://my.cerill.com/ngsw-worker.js" "Mozilla/5.0 (Windows NT 10.0; Win64; x64) AppleWebKit/537.36 (KHTML, like Gecko) Chrome/142.0.0.0 Safari/537.36"
103.165.77.203 - - [11/Nov/2025:12:25:26 +0530] "GET /ngsw.json?ngsw-cache-bust=0.8298770605352406 HTTP/1.1" 200 12508 "https://my.cerill.com/ngsw-worker.js" "Mozilla/5.0 (Windows NT 10.0; Win64; x64) AppleWebKit/537.36 (KHTML, like Gecko) Chrome/109.0.0.0 Safari/537.36"
103.110.250.49 - - [11/Nov/2025:12:25:46 +0530] "GET /ngsw-worker.js HTTP/1.1" 304 - "https://my.cerill.com/ngsw-worker.js" "Mozilla/5.0 (Windows NT 10.0; Win64; x64) AppleWebKit/537.36 (KHTML, like Gecko) Chrome/142.0.0.0 Safari/537.36"
103.110.250.49 - - [11/Nov/2025:12:25:49 +0530] "GET /ngsw.json?ngsw-cache-bust=0.946403890756304 HTTP/1.1" 200 12508 "https://my.cerill.com/ngsw-worker.js" "Mozilla/5.0 (Windows NT 10.0; Win64; x64) AppleWebKit/537.36 (KHTML, like Gecko) Chrome/142.0.0.0 Safari/537.36"
103.110.250.49 - - [11/Nov/2025:12:25:50 +0530] "GET /ngsw.json?ngsw-cache-bust=0.5266422766409163 HTTP/1.1" 200 12508 "https://my.cerill.com/ngsw-worker.js" "Mozilla/5.0 (Windows NT 10.0; Win64; x64) AppleWebKit/537.36 (KHTML, like Gecko) Chrome/142.0.0.0 Safari/537.36"
103.110.250.49 - - [11/Nov/2025:12:26:34 +0530] "GET /ngsw-worker.js HTTP/1.1" 304 - "https://my.cerill.com/ngsw-worker.js" "Mozilla/5.0 (Linux; Android 10; K) AppleWebKit/537.36 (KHTML, like Gecko) Chrome/142.0.0.0 Mobile Safari/537.36"
103.110.250.49 - - [11/Nov/2025:12:26:37 +0530] "GET /ngsw.json?ngsw-cache-bust=0.820347063850595 HTTP/1.1" 200 12508 "https://my.cerill.com/ngsw-worker.js" "Mozilla/5.0 (Linux; Android 10; K) AppleWebKit/537.36 (KHTML, like Gecko) Chrome/142.0.0.0 Mobile Safari/537.36"
203.192.223.9 - - [11/Nov/2025:12:26:39 +0530] "GET / HTTP/1.1" 200 8166 "https://www.google.com/" "Mozilla/5.0 (Linux; Android 10; K) AppleWebKit/537.36 (KHTML, like Gecko) Chrome/141.0.0.0 Mobile Safari/537.36"
203.192.223.9 - - [11/Nov/2025:12:26:40 +0530] "GET /runtime.bcfacb1707b4e27e.js HTTP/1.1" 200 4472 "https://my.cerill.com/" "Mozilla/5.0 (Linux; Android 10; K) AppleWebKit/537.36 (KHTML, like Gecko) Chrome/141.0.0.0 Mobile Safari/537.36"
203.192.223.9 - - [11/Nov/2025:12:26:40 +0530] "GET /polyfills.831c296c51eb72f7.js HTTP/1.1" 200 34843 "https://my.cerill.com/" "Mozilla/5.0 (Linux; Android 10; K) AppleWebKit/537.36 (KHTML, like Gecko) Chrome/141.0.0.0 Mobile Safari/537.36"
203.192.223.9 - - [11/Nov/2025:12:26:40 +0530] "GET /scripts.b538351bb7336a90.js HTTP/1.1" 200 228453 "https://my.cerill.com/" "Mozilla/5.0 (Linux; Android 10; K) AppleWebKit/537.36 (KHTML, like Gecko) Chrome/141.0.0.0 Mobile Safari/537.36"
203.192.223.9 - - [11/Nov/2025:12:26:40 +0530] "GET /main.fad73ec275fb78f6.js HTTP/1.1" 200 722170 "https://my.cerill.com/" "Mozilla/5.0 (Linux; Android 10; K) AppleWebKit/537.36 (KHTML, like Gecko) Chrome/141.0.0.0 Mobile Safari/537.36"
203.192.223.9 - - [11/Nov/2025:12:26:42 +0530] "GET /8314.7aee43d723936261.js HTTP/1.1" 200 24004 "https://my.cerill.com/" "Mozilla/5.0 (Linux; Android 10; K) AppleWebKit/537.36 (KHTML, like Gecko) Chrome/141.0.0.0 Mobile Safari/537.36"
203.192.223.9 - - [11/Nov/2025:12:26:41 +0530] "GET /styles.5bca02722b6d25c8.css HTTP/1.1" 200 395682 "https://my.cerill.com/" "Mozilla/5.0 (Linux; Android 10; K) AppleWebKit/537.36 (KHTML, like Gecko) Chrome/141.0.0.0 Mobile Safari/537.36"
203.192.223.9 - - [11/Nov/2025:12:26:42 +0530] "GET /9402.4eca41347f9f016d.js HTTP/1.1" 200 861819 "https://my.cerill.com/" "Mozilla/5.0 (Linux; Android 10; K) AppleWebKit/537.36 (KHTML, like Gecko) Chrome/141.0.0.0 Mobile Safari/537.36"
203.192.223.9 - - [11/Nov/2025:12:26:42 +0530] "GET /9860.268d559756388966.js HTTP/1.1" 200 96047 "https://my.cerill.com/" "Mozilla/5.0 (Linux; Android 10; K) AppleWebKit/537.36 (KHTML, like Gecko) Chrome/141.0.0.0 Mobile Safari/537.36"
203.192.223.9 - - [11/Nov/2025:12:26:43 +0530] "GET /assets/custom/images/favicon.svg HTTP/1.1" 200 3388 "https://my.cerill.com/" "Mozilla/5.0 (Linux; Android 10; K) AppleWebKit/537.36 (KHTML, like Gecko) Chrome/141.0.0.0 Mobile Safari/537.36"
203.192.223.9 - - [11/Nov/2025:12:26:45 +0530] "GET /manifest.webmanifest HTTP/1.1" 200 1336 "https://my.cerill.com/" "Mozilla/5.0 (Linux; Android 10; K) AppleWebKit/537.36 (KHTML, like Gecko) Chrome/141.0.0.0 Mobile Safari/537.36"
203.192.223.9 - - [11/Nov/2025:12:26:45 +0530] "GET /assets/icons/icon-144x144.png HTTP/1.1" 200 1756 "https://my.cerill.com/" "Mozilla/5.0 (Linux; Android 10; K) AppleWebKit/537.36 (KHTML, like Gecko) Chrome/141.0.0.0 Mobile Safari/537.36"
103.110.250.49 - - [11/Nov/2025:12:26:51 +0530] "GET /ngsw-worker.js HTTP/1.1" 304 - "https://my.cerill.com/ngsw-worker.js" "Mozilla/5.0 (Windows NT 10.0; Win64; x64) AppleWebKit/537.36 (KHTML, like Gecko) Chrome/142.0.0.0 Safari/537.36"
103.110.250.49 - - [11/Nov/2025:12:26:55 +0530] "GET /ngsw.json?ngsw-cache-bust=0.36183919394674635 HTTP/1.1" 200 12508 "https://my.cerill.com/ngsw-worker.js" "Mozilla/5.0 (Windows NT 10.0; Win64; x64) AppleWebKit/537.36 (KHTML, like Gecko) Chrome/142.0.0.0 Safari/537.36"
103.110.250.49 - - [11/Nov/2025:12:27:09 +0530] "GET /ngsw-worker.js HTTP/1.1" 304 - "https://my.cerill.com/ngsw-worker.js" "Mozilla/5.0 (Linux; Android 10; K) AppleWebKit/537.36 (KHTML, like Gecko) Chrome/142.0.0.0 Mobile Safari/537.36"
103.110.250.49 - - [11/Nov/2025:12:27:39 +0530] "GET /ngsw-worker.js HTTP/1.1" 304 - "https://my.cerill.com/ngsw-worker.js" "Mozilla/5.0 (Windows NT 10.0; Win64; x64) AppleWebKit/537.36 (KHTML, like Gecko) Chrome/142.0.0.0 Safari/537.36"
103.110.250.49 - - [11/Nov/2025:12:27:42 +0530] "GET /ngsw.json?ngsw-cache-bust=0.07243547261206962 HTTP/1.1" 200 12508 "https://my.cerill.com/ngsw-worker.js" "Mozilla/5.0 (Windows NT 10.0; Win64; x64) AppleWebKit/537.36 (KHTML, like Gecko) Chrome/142.0.0.0 Safari/537.36"
103.110.250.49 - - [11/Nov/2025:12:28:58 +0530] "GET /ngsw.json?ngsw-cache-bust=0.8870083864348881 HTTP/1.1" 200 12508 "https://my.cerill.com/ngsw-worker.js" "Mozilla/5.0 (Windows NT 10.0; Win64; x64) AppleWebKit/537.36 (KHTML, like Gecko) Chrome/142.0.0.0 Safari/537.36"
103.110.250.49 - - [11/Nov/2025:12:30:44 +0530] "GET /ngsw.json?ngsw-cache-bust=0.5151038694251139 HTTP/1.1" 200 12508 "https://my.cerill.com/ngsw-worker.js" "Mozilla/5.0 (Windows NT 10.0; Win64; x64) AppleWebKit/537.36 (KHTML, like Gecko) Chrome/142.0.0.0 Safari/537.36"
103.110.250.49 - - [11/Nov/2025:12:31:56 +0530] "GET /ngsw-worker.js HTTP/1.1" 304 - "https://my.cerill.com/ngsw-worker.js" "Mozilla/5.0 (Windows NT 10.0; Win64; x64) AppleWebKit/537.36 (KHTML, like Gecko) Chrome/142.0.0.0 Safari/537.36"
103.110.250.49 - - [11/Nov/2025:12:32:05 +0530] "GET /ngsw.json?ngsw-cache-bust=0.0611974366645861 HTTP/1.1" 200 12508 "https://my.cerill.com/ngsw-worker.js" "Mozilla/5.0 (Windows NT 10.0; Win64; x64) AppleWebKit/537.36 (KHTML, like Gecko) Chrome/142.0.0.0 Safari/537.36"
103.110.250.49 - - [11/Nov/2025:12:32:16 +0530] "GET /ngsw-worker.js HTTP/1.1" 304 - "https://my.cerill.com/ngsw-worker.js" "Mozilla/5.0 (Windows NT 10.0; Win64; x64) AppleWebKit/537.36 (KHTML, like Gecko) Chrome/142.0.0.0 Safari/537.36"
103.110.250.49 - - [11/Nov/2025:12:32:20 +0530] "GET /ngsw.json?ngsw-cache-bust=0.67214144784937 HTTP/1.1" 200 12508 "https://my.cerill.com/ngsw-worker.js" "Mozilla/5.0 (Windows NT 10.0; Win64; x64) AppleWebKit/537.36 (KHTML, like Gecko) Chrome/142.0.0.0 Safari/537.36"
103.110.250.49 - - [11/Nov/2025:12:33:37 +0530] "GET /ngsw-worker.js HTTP/1.1" 304 - "https://my.cerill.com/ngsw-worker.js" "Mozilla/5.0 (Windows NT 10.0; Win64; x64) AppleWebKit/537.36 (KHTML, like Gecko) Chrome/142.0.0.0 Safari/537.36"
103.110.250.49 - - [11/Nov/2025:12:33:46 +0530] "GET /ngsw.json?ngsw-cache-bust=0.24090655059177435 HTTP/1.1" 200 12508 "https://my.cerill.com/ngsw-worker.js" "Mozilla/5.0 (Windows NT 10.0; Win64; x64) AppleWebKit/537.36 (KHTML, like Gecko) Chrome/142.0.0.0 Safari/537.36"
103.110.250.49 - - [11/Nov/2025:12:35:14 +0530] "GET /ngsw.json?ngsw-cache-bust=0.19796893323949916 HTTP/1.1" 200 12508 "https://my.cerill.com/ngsw-worker.js" "Mozilla/5.0 (Windows NT 10.0; Win64; x64) AppleWebKit/537.36 (KHTML, like Gecko) Chrome/142.0.0.0 Safari/537.36"
103.110.250.49 - - [11/Nov/2025:12:35:30 +0530] "GET /ngsw-worker.js HTTP/1.1" 304 - "https://my.cerill.com/ngsw-worker.js" "Mozilla/5.0 (Windows NT 10.0; Win64; x64) AppleWebKit/537.36 (KHTML, like Gecko) Chrome/142.0.0.0 Safari/537.36"
103.110.250.49 - - [11/Nov/2025:12:35:33 +0530] "GET /ngsw.json?ngsw-cache-bust=0.35923245302301865 HTTP/1.1" 200 12508 "https://my.cerill.com/ngsw-worker.js" "Mozilla/5.0 (Windows NT 10.0; Win64; x64) AppleWebKit/537.36 (KHTML, like Gecko) Chrome/142.0.0.0 Safari/537.36"
103.165.77.203 - - [11/Nov/2025:12:49:52 +0530] "GET /ngsw.json?ngsw-cache-bust=0.6205375312783101 HTTP/1.1" 200 12508 "https://my.cerill.com/ngsw-worker.js" "Mozilla/5.0 (Windows NT 10.0; Win64; x64) AppleWebKit/537.36 (KHTML, like Gecko) Chrome/109.0.0.0 Safari/537.36"
103.110.250.49 - - [11/Nov/2025:12:52:13 +0530] "GET /ngsw.json?ngsw-cache-bust=0.4016589486417337 HTTP/1.1" 200 12508 "https://my.cerill.com/ngsw-worker.js" "Mozilla/5.0 (Windows NT 10.0; Win64; x64) AppleWebKit/537.36 (KHTML, like Gecko) Chrome/142.0.0.0 Safari/537.36"
87.236.176.42 - - [11/Nov/2025:12:52:47 +0530] "GET / HTTP/1.1" 200 8166 "-" "Mozilla/5.0 (compatible; InternetMeasurement/1.0; +https://internet-measurement.com/)"
87.236.176.104 - - [11/Nov/2025:12:52:48 +0530] "GET /assets/custom/images/favicon.svg HTTP/1.1" 200 3388 "-" "Mozilla/5.0 (compatible; InternetMeasurement/1.0; +https://internet-measurement.com/)"
103.110.250.49 - - [11/Nov/2025:12:53:25 +0530] "GET /ngsw-worker.js HTTP/1.1" 304 - "https://my.cerill.com/ngsw-worker.js" "Mozilla/5.0 (Windows NT 10.0; Win64; x64) AppleWebKit/537.36 (KHTML, like Gecko) Chrome/142.0.0.0 Safari/537.36"
