152.59.119.24 - - [07/Nov/2025:10:30:41 +0530] "GET /ngsw.json?ngsw-cache-bust=0.9742391069446213 HTTP/1.1" 200 12508 "https://my.cerill.com/ngsw-worker.js" "Mozilla/5.0 (Windows NT 10.0; Win64; x64) AppleWebKit/537.36 (KHTML, like Gecko) Chrome/142.0.0.0 Safari/537.36"
157.39.229.57 - - [07/Nov/2025:10:31:19 +0530] "GET /ngsw-worker.js HTTP/1.1" 304 - "https://my.cerill.com/ngsw-worker.js" "Mozilla/5.0 (Windows NT 10.0; Win64; x64) AppleWebKit/537.36 (KHTML, like Gecko) Chrome/141.0.0.0 Safari/537.36"
157.39.229.57 - - [07/Nov/2025:10:31:31 +0530] "GET /ngsw.json?ngsw-cache-bust=0.6923368450928669 HTTP/1.1" 200 12508 "https://my.cerill.com/ngsw-worker.js" "Mozilla/5.0 (Windows NT 10.0; Win64; x64) AppleWebKit/537.36 (KHTML, like Gecko) Chrome/141.0.0.0 Safari/537.36"
157.39.229.57 - - [07/Nov/2025:10:31:34 +0530] "GET /ngsw.json?ngsw-cache-bust=0.014784835828289045 HTTP/1.1" 200 12508 "https://my.cerill.com/ngsw-worker.js" "Mozilla/5.0 (Windows NT 10.0; Win64; x64) AppleWebKit/537.36 (KHTML, like Gecko) Chrome/141.0.0.0 Safari/537.36"
157.39.229.57 - - [07/Nov/2025:10:32:45 +0530] "GET /ngsw.json?ngsw-cache-bust=0.6616456323578562 HTTP/1.1" 200 12508 "https://my.cerill.com/ngsw-worker.js" "Mozilla/5.0 (Windows NT 10.0; Win64; x64) AppleWebKit/537.36 (KHTML, like Gecko) Chrome/141.0.0.0 Safari/537.36"
157.39.229.57 - - [07/Nov/2025:10:33:42 +0530] "GET /ngsw.json?ngsw-cache-bust=0.9746326907262719 HTTP/1.1" 200 12508 "https://my.cerill.com/ngsw-worker.js" "Mozilla/5.0 (Windows NT 10.0; Win64; x64) AppleWebKit/537.36 (KHTML, like Gecko) Chrome/141.0.0.0 Safari/537.36"
152.59.119.24 - - [07/Nov/2025:10:35:00 +0530] "GET /ngsw.json?ngsw-cache-bust=0.853718250941806 HTTP/1.1" 200 12508 "https://my.cerill.com/ngsw-worker.js" "Mozilla/5.0 (Windows NT 10.0; Win64; x64) AppleWebKit/537.36 (KHTML, like Gecko) Chrome/142.0.0.0 Safari/537.36"
49.43.89.163 - - [07/Nov/2025:10:35:50 +0530] "GET /ngsw-worker.js HTTP/1.1" 304 - "https://my.cerill.com/ngsw-worker.js" "Mozilla/5.0 (Windows NT 10.0; Win64; x64) AppleWebKit/537.36 (KHTML, like Gecko) Chrome/141.0.0.0 Safari/537.36"
49.43.89.163 - - [07/Nov/2025:10:35:53 +0530] "GET /ngsw.json?ngsw-cache-bust=0.8190663979649435 HTTP/1.1" 200 12508 "https://my.cerill.com/ngsw-worker.js" "Mozilla/5.0 (Windows NT 10.0; Win64; x64) AppleWebKit/537.36 (KHTML, like Gecko) Chrome/141.0.0.0 Safari/537.36"
49.43.89.163 - - [07/Nov/2025:10:35:53 +0530] "GET /ngsw.json?ngsw-cache-bust=0.3625017482188648 HTTP/1.1" 200 12508 "https://my.cerill.com/ngsw-worker.js" "Mozilla/5.0 (Windows NT 10.0; Win64; x64) AppleWebKit/537.36 (KHTML, like Gecko) Chrome/141.0.0.0 Safari/537.36"
152.59.119.24 - - [07/Nov/2025:10:36:33 +0530] "GET /ngsw-worker.js HTTP/1.1" 304 - "https://my.cerill.com/ngsw-worker.js" "Mozilla/5.0 (Windows NT 10.0; Win64; x64) AppleWebKit/537.36 (KHTML, like Gecko) Chrome/142.0.0.0 Safari/537.36"
152.59.119.24 - - [07/Nov/2025:10:36:37 +0530] "GET /ngsw.json?ngsw-cache-bust=0.5597999493500088 HTTP/1.1" 200 12508 "https://my.cerill.com/ngsw-worker.js" "Mozilla/5.0 (Windows NT 10.0; Win64; x64) AppleWebKit/537.36 (KHTML, like Gecko) Chrome/142.0.0.0 Safari/537.36"
152.59.119.24 - - [07/Nov/2025:10:36:38 +0530] "GET /ngsw.json?ngsw-cache-bust=0.8781046059078249 HTTP/1.1" 200 12508 "https://my.cerill.com/ngsw-worker.js" "Mozilla/5.0 (Windows NT 10.0; Win64; x64) AppleWebKit/537.36 (KHTML, like Gecko) Chrome/142.0.0.0 Safari/537.36"
49.43.89.163 - - [07/Nov/2025:10:36:55 +0530] "GET /ngsw.json?ngsw-cache-bust=0.13882122292298893 HTTP/1.1" 200 12508 "https://my.cerill.com/ngsw-worker.js" "Mozilla/5.0 (Windows NT 10.0; Win64; x64) AppleWebKit/537.36 (KHTML, like Gecko) Chrome/141.0.0.0 Safari/537.36"
49.43.89.163 - - [07/Nov/2025:10:37:11 +0530] "GET /ngsw-worker.js HTTP/1.1" 304 - "https://my.cerill.com/ngsw-worker.js" "Mozilla/5.0 (Windows NT 10.0; Win64; x64) AppleWebKit/537.36 (KHTML, like Gecko) Chrome/141.0.0.0 Safari/537.36"
49.43.89.163 - - [07/Nov/2025:10:37:14 +0530] "GET /ngsw.json?ngsw-cache-bust=0.7851874786099461 HTTP/1.1" 200 12508 "https://my.cerill.com/ngsw-worker.js" "Mozilla/5.0 (Windows NT 10.0; Win64; x64) AppleWebKit/537.36 (KHTML, like Gecko) Chrome/141.0.0.0 Safari/537.36"
152.59.119.24 - - [07/Nov/2025:10:37:20 +0530] "GET /ngsw-worker.js HTTP/1.1" 304 - "https://my.cerill.com/ngsw-worker.js" "Mozilla/5.0 (Windows NT 10.0; Win64; x64) AppleWebKit/537.36 (KHTML, like Gecko) Chrome/142.0.0.0 Safari/537.36"
152.59.119.24 - - [07/Nov/2025:10:37:28 +0530] "GET /ngsw-worker.js HTTP/1.1" 304 - "https://my.cerill.com/ngsw-worker.js" "Mozilla/5.0 (Windows NT 10.0; Win64; x64) AppleWebKit/537.36 (KHTML, like Gecko) Chrome/142.0.0.0 Safari/537.36"
152.59.119.24 - - [07/Nov/2025:10:37:32 +0530] "GET /ngsw.json?ngsw-cache-bust=0.7455811689545222 HTTP/1.1" 200 12508 "https://my.cerill.com/ngsw-worker.js" "Mozilla/5.0 (Windows NT 10.0; Win64; x64) AppleWebKit/537.36 (KHTML, like Gecko) Chrome/142.0.0.0 Safari/537.36"
152.59.119.24 - - [07/Nov/2025:10:37:33 +0530] "GET /ngsw.json?ngsw-cache-bust=0.48936339235341464 HTTP/1.1" 200 12508 "https://my.cerill.com/ngsw-worker.js" "Mozilla/5.0 (Windows NT 10.0; Win64; x64) AppleWebKit/537.36 (KHTML, like Gecko) Chrome/142.0.0.0 Safari/537.36"
103.40.199.68 - - [07/Nov/2025:10:40:28 +0530] "GET /ngsw.json?ngsw-cache-bust=0.0070434714167364465 HTTP/1.1" 200 12508 "https://my.cerill.com/ngsw-worker.js" "Mozilla/5.0 (Windows NT 10.0; Win64; x64) AppleWebKit/537.36 (KHTML, like Gecko) Chrome/109.0.0.0 Safari/537.36"
49.43.89.163 - - [07/Nov/2025:10:40:57 +0530] "GET /ngsw.json?ngsw-cache-bust=0.68181169888783 HTTP/1.1" 200 12508 "https://my.cerill.com/ngsw-worker.js" "Mozilla/5.0 (Windows NT 10.0; Win64; x64) AppleWebKit/537.36 (KHTML, like Gecko) Chrome/141.0.0.0 Safari/537.36"
49.43.89.163 - - [07/Nov/2025:10:42:04 +0530] "GET /ngsw.json?ngsw-cache-bust=0.061388240469499644 HTTP/1.1" 200 12508 "https://my.cerill.com/ngsw-worker.js" "Mozilla/5.0 (Windows NT 10.0; Win64; x64) AppleWebKit/537.36 (KHTML, like Gecko) Chrome/141.0.0.0 Safari/537.36"
49.43.89.163 - - [07/Nov/2025:10:44:33 +0530] "GET /ngsw.json?ngsw-cache-bust=0.036526258485809926 HTTP/1.1" 200 12508 "https://my.cerill.com/ngsw-worker.js" "Mozilla/5.0 (Windows NT 10.0; Win64; x64) AppleWebKit/537.36 (KHTML, like Gecko) Chrome/141.0.0.0 Safari/537.36"
103.40.199.68 - - [07/Nov/2025:10:45:46 +0530] "GET /ngsw.json?ngsw-cache-bust=0.06862084044170702 HTTP/1.1" 200 12508 "https://my.cerill.com/ngsw-worker.js" "Mozilla/5.0 (Windows NT 10.0; Win64; x64) AppleWebKit/537.36 (KHTML, like Gecko) Chrome/109.0.0.0 Safari/537.36"
49.43.89.163 - - [07/Nov/2025:10:53:49 +0530] "GET /ngsw.json?ngsw-cache-bust=0.8216253641104155 HTTP/1.1" 200 12508 "https://my.cerill.com/ngsw-worker.js" "Mozilla/5.0 (Windows NT 10.0; Win64; x64) AppleWebKit/537.36 (KHTML, like Gecko) Chrome/141.0.0.0 Safari/537.36"
103.40.199.68 - - [07/Nov/2025:10:57:17 +0530] "GET /ngsw.json?ngsw-cache-bust=0.39440281384922704 HTTP/1.1" 200 12508 "https://my.cerill.com/ngsw-worker.js" "Mozilla/5.0 (Windows NT 10.0; Win64; x64) AppleWebKit/537.36 (KHTML, like Gecko) Chrome/109.0.0.0 Safari/537.36"
103.110.250.49 - - [07/Nov/2025:10:58:46 +0530] "GET /ngsw.json?ngsw-cache-bust=0.781712745112547 HTTP/1.1" 200 12508 "https://my.cerill.com/ngsw-worker.js" "Mozilla/5.0 (Windows NT 10.0; Win64; x64) AppleWebKit/537.36 (KHTML, like Gecko) Chrome/142.0.0.0 Safari/537.36"
152.59.119.24 - - [07/Nov/2025:11:00:29 +0530] "GET /ngsw-worker.js HTTP/1.1" 304 - "https://my.cerill.com/ngsw-worker.js" "Mozilla/5.0 (Windows NT 10.0; Win64; x64) AppleWebKit/537.36 (KHTML, like Gecko) Chrome/142.0.0.0 Safari/537.36"
152.59.119.24 - - [07/Nov/2025:11:00:34 +0530] "GET /ngsw.json?ngsw-cache-bust=0.7328464773140884 HTTP/1.1" 200 12508 "https://my.cerill.com/ngsw-worker.js" "Mozilla/5.0 (Windows NT 10.0; Win64; x64) AppleWebKit/537.36 (KHTML, like Gecko) Chrome/142.0.0.0 Safari/537.36"
152.59.119.24 - - [07/Nov/2025:11:00:34 +0530] "GET /ngsw.json?ngsw-cache-bust=0.7936098944944102 HTTP/1.1" 200 12508 "https://my.cerill.com/ngsw-worker.js" "Mozilla/5.0 (Windows NT 10.0; Win64; x64) AppleWebKit/537.36 (KHTML, like Gecko) Chrome/142.0.0.0 Safari/537.36"
152.59.119.24 - - [07/Nov/2025:11:01:37 +0530] "GET /ngsw.json?ngsw-cache-bust=0.42910453528446213 HTTP/1.1" 200 12508 "https://my.cerill.com/ngsw-worker.js" "Mozilla/5.0 (Windows NT 10.0; Win64; x64) AppleWebKit/537.36 (KHTML, like Gecko) Chrome/142.0.0.0 Safari/537.36"
152.59.119.24 - - [07/Nov/2025:11:02:50 +0530] "GET /ngsw.json?ngsw-cache-bust=0.4913700155141427 HTTP/1.1" 200 12508 "https://my.cerill.com/ngsw-worker.js" "Mozilla/5.0 (Windows NT 10.0; Win64; x64) AppleWebKit/537.36 (KHTML, like Gecko) Chrome/142.0.0.0 Safari/537.36"
152.59.119.24 - - [07/Nov/2025:11:04:20 +0530] "GET /ngsw.json?ngsw-cache-bust=0.12287195234942494 HTTP/1.1" 200 12508 "https://my.cerill.com/ngsw-worker.js" "Mozilla/5.0 (Windows NT 10.0; Win64; x64) AppleWebKit/537.36 (KHTML, like Gecko) Chrome/142.0.0.0 Safari/537.36"
103.110.250.49 - - [07/Nov/2025:11:04:59 +0530] "GET /ngsw.json?ngsw-cache-bust=0.8233465229835354 HTTP/1.1" 200 12508 "https://my.cerill.com/ngsw-worker.js" "Mozilla/5.0 (Windows NT 10.0; Win64; x64) AppleWebKit/537.36 (KHTML, like Gecko) Chrome/142.0.0.0 Safari/537.36"
49.43.89.163 - - [07/Nov/2025:11:06:40 +0530] "GET /ngsw.json?ngsw-cache-bust=0.5393170959745979 HTTP/1.1" 200 12508 "https://my.cerill.com/ngsw-worker.js" "Mozilla/5.0 (Windows NT 10.0; Win64; x64) AppleWebKit/537.36 (KHTML, like Gecko) Chrome/141.0.0.0 Safari/537.36"
103.40.199.68 - - [07/Nov/2025:11:07:05 +0530] "GET /ngsw.json?ngsw-cache-bust=0.7090423580458374 HTTP/1.1" 200 12508 "https://my.cerill.com/ngsw-worker.js" "Mozilla/5.0 (Windows NT 10.0; Win64; x64) AppleWebKit/537.36 (KHTML, like Gecko) Chrome/109.0.0.0 Safari/537.36"
103.40.199.68 - - [07/Nov/2025:11:07:27 +0530] "GET /ngsw-worker.js HTTP/1.1" 304 - "https://my.cerill.com/ngsw-worker.js" "Mozilla/5.0 (Windows NT 10.0; Win64; x64) AppleWebKit/537.36 (KHTML, like Gecko) Chrome/109.0.0.0 Safari/537.36"
103.40.199.68 - - [07/Nov/2025:11:07:31 +0530] "GET /ngsw.json?ngsw-cache-bust=0.6349937337401044 HTTP/1.1" 200 12508 "https://my.cerill.com/ngsw-worker.js" "Mozilla/5.0 (Windows NT 10.0; Win64; x64) AppleWebKit/537.36 (KHTML, like Gecko) Chrome/109.0.0.0 Safari/537.36"
103.40.199.68 - - [07/Nov/2025:11:08:17 +0530] "GET /ngsw-worker.js HTTP/1.1" 304 - "https://my.cerill.com/ngsw-worker.js" "Mozilla/5.0 (Windows NT 10.0; Win64; x64) AppleWebKit/537.36 (KHTML, like Gecko) Chrome/109.0.0.0 Safari/537.36"
103.40.199.68 - - [07/Nov/2025:11:08:20 +0530] "GET /ngsw.json?ngsw-cache-bust=0.4909619589500003 HTTP/1.1" 200 12508 "https://my.cerill.com/ngsw-worker.js" "Mozilla/5.0 (Windows NT 10.0; Win64; x64) AppleWebKit/537.36 (KHTML, like Gecko) Chrome/109.0.0.0 Safari/537.36"
103.40.199.68 - - [07/Nov/2025:11:09:19 +0530] "GET /ngsw-worker.js HTTP/1.1" 304 - "https://my.cerill.com/ngsw-worker.js" "Mozilla/5.0 (Windows NT 10.0; Win64; x64) AppleWebKit/537.36 (KHTML, like Gecko) Chrome/109.0.0.0 Safari/537.36"
103.40.199.68 - - [07/Nov/2025:11:09:22 +0530] "GET /ngsw.json?ngsw-cache-bust=0.34249438876685434 HTTP/1.1" 200 12508 "https://my.cerill.com/ngsw-worker.js" "Mozilla/5.0 (Windows NT 10.0; Win64; x64) AppleWebKit/537.36 (KHTML, like Gecko) Chrome/109.0.0.0 Safari/537.36"
103.40.199.68 - - [07/Nov/2025:11:09:23 +0530] "GET /ngsw.json?ngsw-cache-bust=0.19759509941566655 HTTP/1.1" 200 12508 "https://my.cerill.com/ngsw-worker.js" "Mozilla/5.0 (Windows NT 10.0; Win64; x64) AppleWebKit/537.36 (KHTML, like Gecko) Chrome/109.0.0.0 Safari/537.36"
103.40.199.68 - - [07/Nov/2025:11:10:41 +0530] "GET /ngsw-worker.js HTTP/1.1" 304 - "https://my.cerill.com/ngsw-worker.js" "Mozilla/5.0 (Windows NT 10.0; Win64; x64) AppleWebKit/537.36 (KHTML, like Gecko) Chrome/109.0.0.0 Safari/537.36"
103.40.199.68 - - [07/Nov/2025:11:10:45 +0530] "GET /ngsw.json?ngsw-cache-bust=0.6086961119257153 HTTP/1.1" 200 12508 "https://my.cerill.com/ngsw-worker.js" "Mozilla/5.0 (Windows NT 10.0; Win64; x64) AppleWebKit/537.36 (KHTML, like Gecko) Chrome/109.0.0.0 Safari/537.36"
103.40.199.68 - - [07/Nov/2025:11:10:46 +0530] "GET /ngsw.json?ngsw-cache-bust=0.897913667016996 HTTP/1.1" 200 12508 "https://my.cerill.com/ngsw-worker.js" "Mozilla/5.0 (Windows NT 10.0; Win64; x64) AppleWebKit/537.36 (KHTML, like Gecko) Chrome/109.0.0.0 Safari/537.36"
152.59.119.24 - - [07/Nov/2025:11:12:26 +0530] "GET /ngsw.json?ngsw-cache-bust=0.16216834442799954 HTTP/1.1" 200 12508 "https://my.cerill.com/ngsw-worker.js" "Mozilla/5.0 (Windows NT 10.0; Win64; x64) AppleWebKit/537.36 (KHTML, like Gecko) Chrome/142.0.0.0 Safari/537.36"
103.40.199.68 - - [07/Nov/2025:11:14:23 +0530] "GET /ngsw.json?ngsw-cache-bust=0.5981976155631126 HTTP/1.1" 200 12508 "https://my.cerill.com/ngsw-worker.js" "Mozilla/5.0 (Windows NT 10.0; Win64; x64) AppleWebKit/537.36 (KHTML, like Gecko) Chrome/109.0.0.0 Safari/537.36"
103.40.199.68 - - [07/Nov/2025:11:15:21 +0530] "GET /ngsw.json?ngsw-cache-bust=0.36577325962765617 HTTP/1.1" 200 12508 "https://my.cerill.com/ngsw-worker.js" "Mozilla/5.0 (Windows NT 10.0; Win64; x64) AppleWebKit/537.36 (KHTML, like Gecko) Chrome/109.0.0.0 Safari/537.36"
49.43.89.163 - - [07/Nov/2025:11:16:30 +0530] "GET /ngsw.json?ngsw-cache-bust=0.09804393196198691 HTTP/1.1" 200 12508 "https://my.cerill.com/ngsw-worker.js" "Mozilla/5.0 (Windows NT 10.0; Win64; x64) AppleWebKit/537.36 (KHTML, like Gecko) Chrome/141.0.0.0 Safari/537.36"
103.40.199.68 - - [07/Nov/2025:11:17:36 +0530] "GET /ngsw.json?ngsw-cache-bust=0.011264765479097383 HTTP/1.1" 200 12508 "https://my.cerill.com/ngsw-worker.js" "Mozilla/5.0 (Windows NT 10.0; Win64; x64) AppleWebKit/537.36 (KHTML, like Gecko) Chrome/109.0.0.0 Safari/537.36"
49.43.89.163 - - [07/Nov/2025:11:17:48 +0530] "GET /ngsw.json?ngsw-cache-bust=0.41461145502534247 HTTP/1.1" 200 12508 "https://my.cerill.com/ngsw-worker.js" "Mozilla/5.0 (Windows NT 10.0; Win64; x64) AppleWebKit/537.36 (KHTML, like Gecko) Chrome/141.0.0.0 Safari/537.36"
103.110.250.49 - - [07/Nov/2025:11:21:37 +0530] "GET /ngsw.json?ngsw-cache-bust=0.5568244693544089 HTTP/1.1" 200 12508 "https://my.cerill.com/ngsw-worker.js" "Mozilla/5.0 (Windows NT 10.0; Win64; x64) AppleWebKit/537.36 (KHTML, like Gecko) Chrome/142.0.0.0 Safari/537.36"
49.43.89.163 - - [07/Nov/2025:11:22:44 +0530] "GET /ngsw.json?ngsw-cache-bust=0.010903175325944203 HTTP/1.1" 200 12508 "https://my.cerill.com/ngsw-worker.js" "Mozilla/5.0 (Windows NT 10.0; Win64; x64) AppleWebKit/537.36 (KHTML, like Gecko) Chrome/141.0.0.0 Safari/537.36"
103.110.250.49 - - [07/Nov/2025:11:22:53 +0530] "GET /ngsw-worker.js HTTP/1.1" 304 - "https://my.cerill.com/ngsw-worker.js" "Mozilla/5.0 (Windows NT 10.0; Win64; x64) AppleWebKit/537.36 (KHTML, like Gecko) Chrome/142.0.0.0 Safari/537.36"
103.110.250.49 - - [07/Nov/2025:11:22:57 +0530] "GET /ngsw.json?ngsw-cache-bust=0.5174153384996828 HTTP/1.1" 200 12508 "https://my.cerill.com/ngsw-worker.js" "Mozilla/5.0 (Windows NT 10.0; Win64; x64) AppleWebKit/537.36 (KHTML, like Gecko) Chrome/142.0.0.0 Safari/537.36"
49.43.89.163 - - [07/Nov/2025:11:23:25 +0530] "GET /ngsw-worker.js HTTP/1.1" 304 - "https://my.cerill.com/ngsw-worker.js" "Mozilla/5.0 (Windows NT 10.0; Win64; x64) AppleWebKit/537.36 (KHTML, like Gecko) Chrome/141.0.0.0 Safari/537.36"
49.44.84.196 - - [07/Nov/2025:11:23:28 +0530] "GET / HTTP/1.1" 200 8166 "https://www.google.com/" "Mozilla/5.0 (Windows NT 10.0; Win64; x64) AppleWebKit/537.36 (KHTML, like Gecko) Chrome/141.0.0.0 Safari/537.36"
49.44.84.196 - - [07/Nov/2025:11:23:28 +0530] "GET /runtime.bcfacb1707b4e27e.js HTTP/1.1" 200 4472 "https://my.cerill.com/" "Mozilla/5.0 (Windows NT 10.0; Win64; x64) AppleWebKit/537.36 (KHTML, like Gecko) Chrome/141.0.0.0 Safari/537.36"
49.44.84.196 - - [07/Nov/2025:11:23:28 +0530] "GET /polyfills.831c296c51eb72f7.js HTTP/1.1" 200 34843 "https://my.cerill.com/" "Mozilla/5.0 (Windows NT 10.0; Win64; x64) AppleWebKit/537.36 (KHTML, like Gecko) Chrome/141.0.0.0 Safari/537.36"
49.44.84.196 - - [07/Nov/2025:11:23:29 +0530] "GET /scripts.b538351bb7336a90.js HTTP/1.1" 200 228453 "https://my.cerill.com/" "Mozilla/5.0 (Windows NT 10.0; Win64; x64) AppleWebKit/537.36 (KHTML, like Gecko) Chrome/141.0.0.0 Safari/537.36"
49.43.89.163 - - [07/Nov/2025:11:23:29 +0530] "GET /ngsw.json?ngsw-cache-bust=0.5398350548051757 HTTP/1.1" 200 12508 "https://my.cerill.com/ngsw-worker.js" "Mozilla/5.0 (Windows NT 10.0; Win64; x64) AppleWebKit/537.36 (KHTML, like Gecko) Chrome/141.0.0.0 Safari/537.36"
49.44.84.196 - - [07/Nov/2025:11:23:29 +0530] "GET /main.fad73ec275fb78f6.js HTTP/1.1" 200 722170 "https://my.cerill.com/" "Mozilla/5.0 (Windows NT 10.0; Win64; x64) AppleWebKit/537.36 (KHTML, like Gecko) Chrome/141.0.0.0 Safari/537.36"
49.44.84.196 - - [07/Nov/2025:11:23:30 +0530] "GET /8314.7aee43d723936261.js HTTP/1.1" 200 24004 "https://my.cerill.com/" "Mozilla/5.0 (Windows NT 10.0; Win64; x64) AppleWebKit/537.36 (KHTML, like Gecko) Chrome/141.0.0.0 Safari/537.36"
49.44.84.196 - - [07/Nov/2025:11:23:30 +0530] "GET /styles.5bca02722b6d25c8.css HTTP/1.1" 200 395682 "https://my.cerill.com/" "Mozilla/5.0 (Windows NT 10.0; Win64; x64) AppleWebKit/537.36 (KHTML, like Gecko) Chrome/141.0.0.0 Safari/537.36"
49.44.84.196 - - [07/Nov/2025:11:23:30 +0530] "GET /9402.4eca41347f9f016d.js HTTP/1.1" 200 861819 "https://my.cerill.com/" "Mozilla/5.0 (Windows NT 10.0; Win64; x64) AppleWebKit/537.36 (KHTML, like Gecko) Chrome/141.0.0.0 Safari/537.36"
49.44.84.196 - - [07/Nov/2025:11:23:30 +0530] "GET /9860.268d559756388966.js HTTP/1.1" 200 96047 "https://my.cerill.com/" "Mozilla/5.0 (Windows NT 10.0; Win64; x64) AppleWebKit/537.36 (KHTML, like Gecko) Chrome/141.0.0.0 Safari/537.36"
49.44.84.196 - - [07/Nov/2025:11:23:31 +0530] "GET /assets/custom/images/favicon.svg HTTP/1.1" 200 3388 "https://my.cerill.com/" "Mozilla/5.0 (Windows NT 10.0; Win64; x64) AppleWebKit/537.36 (KHTML, like Gecko) Chrome/141.0.0.0 Safari/537.36"
49.44.84.196 - - [07/Nov/2025:11:23:33 +0530] "GET /manifest.webmanifest HTTP/1.1" 200 1336 "https://my.cerill.com/" "Mozilla/5.0 (Windows NT 10.0; Win64; x64) AppleWebKit/537.36 (KHTML, like Gecko) Chrome/141.0.0.0 Safari/537.36"
49.44.84.196 - - [07/Nov/2025:11:23:33 +0530] "GET /assets/icons/icon-144x144.png HTTP/1.1" 200 1756 "https://my.cerill.com/" "Mozilla/5.0 (Windows NT 10.0; Win64; x64) AppleWebKit/537.36 (KHTML, like Gecko) Chrome/141.0.0.0 Safari/537.36"
49.43.89.163 - - [07/Nov/2025:11:25:07 +0530] "GET /ngsw.json?ngsw-cache-bust=0.5691996832709443 HTTP/1.1" 200 12508 "https://my.cerill.com/ngsw-worker.js" "Mozilla/5.0 (Windows NT 10.0; Win64; x64) AppleWebKit/537.36 (KHTML, like Gecko) Chrome/141.0.0.0 Safari/537.36"
49.43.89.163 - - [07/Nov/2025:11:26:12 +0530] "GET /ngsw.json?ngsw-cache-bust=0.27245213637381815 HTTP/1.1" 200 12508 "https://my.cerill.com/ngsw-worker.js" "Mozilla/5.0 (Windows NT 10.0; Win64; x64) AppleWebKit/537.36 (KHTML, like Gecko) Chrome/141.0.0.0 Safari/537.36"
152.59.119.24 - - [07/Nov/2025:11:27:15 +0530] "GET /ngsw.json?ngsw-cache-bust=0.515488105153228 HTTP/1.1" 200 12508 "https://my.cerill.com/ngsw-worker.js" "Mozilla/5.0 (Windows NT 10.0; Win64; x64) AppleWebKit/537.36 (KHTML, like Gecko) Chrome/142.0.0.0 Safari/537.36"
49.43.89.163 - - [07/Nov/2025:11:29:05 +0530] "GET /ngsw-worker.js HTTP/1.1" 304 - "https://my.cerill.com/ngsw-worker.js" "Mozilla/5.0 (Windows NT 10.0; Win64; x64) AppleWebKit/537.36 (KHTML, like Gecko) Chrome/141.0.0.0 Safari/537.36"
49.43.89.163 - - [07/Nov/2025:11:29:08 +0530] "GET /ngsw.json?ngsw-cache-bust=0.3495730937492638 HTTP/1.1" 200 12508 "https://my.cerill.com/ngsw-worker.js" "Mozilla/5.0 (Windows NT 10.0; Win64; x64) AppleWebKit/537.36 (KHTML, like Gecko) Chrome/141.0.0.0 Safari/537.36"
152.59.119.24 - - [07/Nov/2025:11:29:21 +0530] "GET /ngsw.json?ngsw-cache-bust=0.1290397965483302 HTTP/1.1" 200 12508 "https://my.cerill.com/ngsw-worker.js" "Mozilla/5.0 (Windows NT 10.0; Win64; x64) AppleWebKit/537.36 (KHTML, like Gecko) Chrome/142.0.0.0 Safari/537.36"
152.59.119.24 - - [07/Nov/2025:11:30:15 +0530] "GET /ngsw-worker.js HTTP/1.1" 304 - "https://my.cerill.com/ngsw-worker.js" "Mozilla/5.0 (Windows NT 10.0; Win64; x64) AppleWebKit/537.36 (KHTML, like Gecko) Chrome/142.0.0.0 Safari/537.36"
152.59.119.24 - - [07/Nov/2025:11:30:18 +0530] "GET /ngsw.json?ngsw-cache-bust=0.6484804087528317 HTTP/1.1" 200 12508 "https://my.cerill.com/ngsw-worker.js" "Mozilla/5.0 (Windows NT 10.0; Win64; x64) AppleWebKit/537.36 (KHTML, like Gecko) Chrome/142.0.0.0 Safari/537.36"
152.59.119.24 - - [07/Nov/2025:11:30:19 +0530] "GET /ngsw.json?ngsw-cache-bust=0.5725984241120262 HTTP/1.1" 200 12508 "https://my.cerill.com/ngsw-worker.js" "Mozilla/5.0 (Windows NT 10.0; Win64; x64) AppleWebKit/537.36 (KHTML, like Gecko) Chrome/142.0.0.0 Safari/537.36"
152.59.119.24 - - [07/Nov/2025:11:30:55 +0530] "GET /ngsw-worker.js HTTP/1.1" 304 - "https://my.cerill.com/ngsw-worker.js" "Mozilla/5.0 (Windows NT 10.0; Win64; x64) AppleWebKit/537.36 (KHTML, like Gecko) Chrome/142.0.0.0 Safari/537.36"
152.59.119.24 - - [07/Nov/2025:11:30:59 +0530] "GET /ngsw.json?ngsw-cache-bust=0.7400166438431052 HTTP/1.1" 200 12508 "https://my.cerill.com/ngsw-worker.js" "Mozilla/5.0 (Windows NT 10.0; Win64; x64) AppleWebKit/537.36 (KHTML, like Gecko) Chrome/142.0.0.0 Safari/537.36"
103.40.199.68 - - [07/Nov/2025:11:31:44 +0530] "GET /ngsw.json?ngsw-cache-bust=0.01992108091734912 HTTP/1.1" 200 12508 "https://my.cerill.com/ngsw-worker.js" "Mozilla/5.0 (Windows NT 10.0; Win64; x64) AppleWebKit/537.36 (KHTML, like Gecko) Chrome/109.0.0.0 Safari/537.36"
152.59.119.24 - - [07/Nov/2025:11:32:43 +0530] "GET /ngsw.json?ngsw-cache-bust=0.48134296046295344 HTTP/1.1" 200 12508 "https://my.cerill.com/ngsw-worker.js" "Mozilla/5.0 (Windows NT 10.0; Win64; x64) AppleWebKit/537.36 (KHTML, like Gecko) Chrome/142.0.0.0 Safari/537.36"
152.59.119.24 - - [07/Nov/2025:11:32:55 +0530] "GET /ngsw-worker.js HTTP/1.1" 304 - "https://my.cerill.com/ngsw-worker.js" "Mozilla/5.0 (Windows NT 10.0; Win64; x64) AppleWebKit/537.36 (KHTML, like Gecko) Chrome/142.0.0.0 Safari/537.36"
152.59.119.24 - - [07/Nov/2025:11:32:58 +0530] "GET /ngsw.json?ngsw-cache-bust=0.14037538872842725 HTTP/1.1" 200 12508 "https://my.cerill.com/ngsw-worker.js" "Mozilla/5.0 (Windows NT 10.0; Win64; x64) AppleWebKit/537.36 (KHTML, like Gecko) Chrome/142.0.0.0 Safari/537.36"
152.59.119.24 - - [07/Nov/2025:11:32:59 +0530] "GET /ngsw.json?ngsw-cache-bust=0.9073855439254724 HTTP/1.1" 200 12508 "https://my.cerill.com/ngsw-worker.js" "Mozilla/5.0 (Windows NT 10.0; Win64; x64) AppleWebKit/537.36 (KHTML, like Gecko) Chrome/142.0.0.0 Safari/537.36"
152.59.119.24 - - [07/Nov/2025:11:36:45 +0530] "GET /ngsw.json?ngsw-cache-bust=0.9978651861213071 HTTP/1.1" 200 12508 "https://my.cerill.com/ngsw-worker.js" "Mozilla/5.0 (Windows NT 10.0; Win64; x64) AppleWebKit/537.36 (KHTML, like Gecko) Chrome/142.0.0.0 Safari/537.36"
152.59.119.24 - - [07/Nov/2025:11:38:03 +0530] "GET /ngsw.json?ngsw-cache-bust=0.5512274977351785 HTTP/1.1" 200 12508 "https://my.cerill.com/ngsw-worker.js" "Mozilla/5.0 (Windows NT 10.0; Win64; x64) AppleWebKit/537.36 (KHTML, like Gecko) Chrome/142.0.0.0 Safari/537.36"
152.59.119.24 - - [07/Nov/2025:11:38:33 +0530] "GET /ngsw-worker.js HTTP/1.1" 304 - "https://my.cerill.com/ngsw-worker.js" "Mozilla/5.0 (Windows NT 10.0; Win64; x64) AppleWebKit/537.36 (KHTML, like Gecko) Chrome/142.0.0.0 Safari/537.36"
152.59.119.24 - - [07/Nov/2025:11:38:37 +0530] "GET /ngsw.json?ngsw-cache-bust=0.2698882396195518 HTTP/1.1" 200 12508 "https://my.cerill.com/ngsw-worker.js" "Mozilla/5.0 (Windows NT 10.0; Win64; x64) AppleWebKit/537.36 (KHTML, like Gecko) Chrome/142.0.0.0 Safari/537.36"
152.59.119.24 - - [07/Nov/2025:11:39:28 +0530] "GET /ngsw-worker.js HTTP/1.1" 304 - "https://my.cerill.com/ngsw-worker.js" "Mozilla/5.0 (Windows NT 10.0; Win64; x64) AppleWebKit/537.36 (KHTML, like Gecko) Chrome/142.0.0.0 Safari/537.36"
152.59.119.24 - - [07/Nov/2025:11:39:33 +0530] "GET /ngsw.json?ngsw-cache-bust=0.06750820263192836 HTTP/1.1" 200 12508 "https://my.cerill.com/ngsw-worker.js" "Mozilla/5.0 (Windows NT 10.0; Win64; x64) AppleWebKit/537.36 (KHTML, like Gecko) Chrome/142.0.0.0 Safari/537.36"
152.59.119.24 - - [07/Nov/2025:11:40:27 +0530] "GET /ngsw-worker.js HTTP/1.1" 304 - "https://my.cerill.com/ngsw-worker.js" "Mozilla/5.0 (Windows NT 10.0; Win64; x64) AppleWebKit/537.36 (KHTML, like Gecko) Chrome/142.0.0.0 Safari/537.36"
152.59.119.24 - - [07/Nov/2025:11:40:31 +0530] "GET /ngsw.json?ngsw-cache-bust=0.429697465825722 HTTP/1.1" 200 12508 "https://my.cerill.com/ngsw-worker.js" "Mozilla/5.0 (Windows NT 10.0; Win64; x64) AppleWebKit/537.36 (KHTML, like Gecko) Chrome/142.0.0.0 Safari/537.36"
152.59.119.24 - - [07/Nov/2025:11:40:31 +0530] "GET /ngsw.json?ngsw-cache-bust=0.8835225168444583 HTTP/1.1" 200 12508 "https://my.cerill.com/ngsw-worker.js" "Mozilla/5.0 (Windows NT 10.0; Win64; x64) AppleWebKit/537.36 (KHTML, like Gecko) Chrome/142.0.0.0 Safari/537.36"
152.59.119.24 - - [07/Nov/2025:11:41:48 +0530] "GET /ngsw.json?ngsw-cache-bust=0.9473978467992983 HTTP/1.1" 200 12508 "https://my.cerill.com/ngsw-worker.js" "Mozilla/5.0 (Windows NT 10.0; Win64; x64) AppleWebKit/537.36 (KHTML, like Gecko) Chrome/142.0.0.0 Safari/537.36"
152.59.119.24 - - [07/Nov/2025:11:42:02 +0530] "GET /ngsw-worker.js HTTP/1.1" 304 - "https://my.cerill.com/ngsw-worker.js" "Mozilla/5.0 (Windows NT 10.0; Win64; x64) AppleWebKit/537.36 (KHTML, like Gecko) Chrome/142.0.0.0 Safari/537.36"
152.59.119.24 - - [07/Nov/2025:11:42:06 +0530] "GET /ngsw.json?ngsw-cache-bust=0.6215600817254097 HTTP/1.1" 200 12508 "https://my.cerill.com/ngsw-worker.js" "Mozilla/5.0 (Windows NT 10.0; Win64; x64) AppleWebKit/537.36 (KHTML, like Gecko) Chrome/142.0.0.0 Safari/537.36"
152.59.119.24 - - [07/Nov/2025:11:42:47 +0530] "GET /ngsw.json?ngsw-cache-bust=0.39182629277671166 HTTP/1.1" 200 12508 "https://my.cerill.com/ngsw-worker.js" "Mozilla/5.0 (Windows NT 10.0; Win64; x64) AppleWebKit/537.36 (KHTML, like Gecko) Chrome/142.0.0.0 Safari/537.36"
103.40.199.68 - - [07/Nov/2025:11:43:40 +0530] "GET /ngsw-worker.js HTTP/1.1" 304 - "https://my.cerill.com/ngsw-worker.js" "Mozilla/5.0 (Windows NT 10.0; Win64; x64) AppleWebKit/537.36 (KHTML, like Gecko) Chrome/109.0.0.0 Safari/537.36"
103.40.199.68 - - [07/Nov/2025:11:43:44 +0530] "GET /ngsw.json?ngsw-cache-bust=0.35321117505564703 HTTP/1.1" 200 12508 "https://my.cerill.com/ngsw-worker.js" "Mozilla/5.0 (Windows NT 10.0; Win64; x64) AppleWebKit/537.36 (KHTML, like Gecko) Chrome/109.0.0.0 Safari/537.36"
103.40.199.68 - - [07/Nov/2025:11:43:44 +0530] "GET /ngsw.json?ngsw-cache-bust=0.13832678469966941 HTTP/1.1" 200 12508 "https://my.cerill.com/ngsw-worker.js" "Mozilla/5.0 (Windows NT 10.0; Win64; x64) AppleWebKit/537.36 (KHTML, like Gecko) Chrome/109.0.0.0 Safari/537.36"
103.40.199.68 - - [07/Nov/2025:11:44:44 +0530] "GET /ngsw.json?ngsw-cache-bust=0.8609005769564306 HTTP/1.1" 200 12508 "https://my.cerill.com/ngsw-worker.js" "Mozilla/5.0 (Windows NT 10.0; Win64; x64) AppleWebKit/537.36 (KHTML, like Gecko) Chrome/109.0.0.0 Safari/537.36"
103.110.250.49 - - [07/Nov/2025:11:46:42 +0530] "GET /ngsw.json?ngsw-cache-bust=0.9319554625219062 HTTP/1.1" 200 12508 "https://my.cerill.com/ngsw-worker.js" "Mozilla/5.0 (Windows NT 10.0; Win64; x64) AppleWebKit/537.36 (KHTML, like Gecko) Chrome/142.0.0.0 Safari/537.36"
152.59.119.24 - - [07/Nov/2025:11:47:10 +0530] "GET /ngsw.json?ngsw-cache-bust=0.2594365947337872 HTTP/1.1" 200 12508 "https://my.cerill.com/ngsw-worker.js" "Mozilla/5.0 (Windows NT 10.0; Win64; x64) AppleWebKit/537.36 (KHTML, like Gecko) Chrome/142.0.0.0 Safari/537.36"
103.110.250.49 - - [07/Nov/2025:11:47:32 +0530] "GET /ngsw.json?ngsw-cache-bust=0.36622864367232466 HTTP/1.1" 200 12508 "https://my.cerill.com/ngsw-worker.js" "Mozilla/5.0 (Windows NT 10.0; Win64; x64) AppleWebKit/537.36 (KHTML, like Gecko) Chrome/142.0.0.0 Safari/537.36"
103.110.250.49 - - [07/Nov/2025:11:47:44 +0530] "GET /ngsw-worker.js HTTP/1.1" 304 - "https://my.cerill.com/ngsw-worker.js" "Mozilla/5.0 (Windows NT 10.0; Win64; x64) AppleWebKit/537.36 (KHTML, like Gecko) Chrome/142.0.0.0 Safari/537.36"
103.110.250.49 - - [07/Nov/2025:11:47:46 +0530] "GET /ngsw.json?ngsw-cache-bust=0.6665297743205677 HTTP/1.1" 200 12508 "https://my.cerill.com/ngsw-worker.js" "Mozilla/5.0 (Windows NT 10.0; Win64; x64) AppleWebKit/537.36 (KHTML, like Gecko) Chrome/142.0.0.0 Safari/537.36"
152.59.119.24 - - [07/Nov/2025:11:48:20 +0530] "GET /ngsw.json?ngsw-cache-bust=0.9303932043945172 HTTP/1.1" 200 12508 "https://my.cerill.com/ngsw-worker.js" "Mozilla/5.0 (Windows NT 10.0; Win64; x64) AppleWebKit/537.36 (KHTML, like Gecko) Chrome/142.0.0.0 Safari/537.36"
103.110.250.49 - - [07/Nov/2025:11:48:53 +0530] "GET /ngsw-worker.js HTTP/1.1" 304 - "https://my.cerill.com/ngsw-worker.js" "Mozilla/5.0 (Windows NT 10.0; Win64; x64) AppleWebKit/537.36 (KHTML, like Gecko) Chrome/142.0.0.0 Safari/537.36"
103.110.250.49 - - [07/Nov/2025:11:48:56 +0530] "GET /ngsw.json?ngsw-cache-bust=0.6997653563797845 HTTP/1.1" 200 12508 "https://my.cerill.com/ngsw-worker.js" "Mozilla/5.0 (Windows NT 10.0; Win64; x64) AppleWebKit/537.36 (KHTML, like Gecko) Chrome/142.0.0.0 Safari/537.36"
152.59.119.24 - - [07/Nov/2025:11:51:16 +0530] "GET /ngsw-worker.js HTTP/1.1" 304 - "https://my.cerill.com/ngsw-worker.js" "Mozilla/5.0 (Windows NT 10.0; Win64; x64) AppleWebKit/537.36 (KHTML, like Gecko) Chrome/142.0.0.0 Safari/537.36"
152.59.119.24 - - [07/Nov/2025:11:51:21 +0530] "GET /ngsw.json?ngsw-cache-bust=0.7923763709876254 HTTP/1.1" 200 12508 "https://my.cerill.com/ngsw-worker.js" "Mozilla/5.0 (Windows NT 10.0; Win64; x64) AppleWebKit/537.36 (KHTML, like Gecko) Chrome/142.0.0.0 Safari/537.36"
103.110.250.49 - - [07/Nov/2025:11:51:59 +0530] "GET /ngsw.json?ngsw-cache-bust=0.4284164397816064 HTTP/1.1" 200 12508 "https://my.cerill.com/ngsw-worker.js" "Mozilla/5.0 (Windows NT 10.0; Win64; x64) AppleWebKit/537.36 (KHTML, like Gecko) Chrome/142.0.0.0 Safari/537.36"
152.59.119.24 - - [07/Nov/2025:11:52:54 +0530] "GET /ngsw-worker.js HTTP/1.1" 304 - "https://my.cerill.com/ngsw-worker.js" "Mozilla/5.0 (Windows NT 10.0; Win64; x64) AppleWebKit/537.36 (KHTML, like Gecko) Chrome/142.0.0.0 Safari/537.36"
152.59.119.24 - - [07/Nov/2025:11:53:01 +0530] "GET /ngsw-worker.js HTTP/1.1" 304 - "https://my.cerill.com/ngsw-worker.js" "Mozilla/5.0 (Windows NT 10.0; Win64; x64) AppleWebKit/537.36 (KHTML, like Gecko) Chrome/142.0.0.0 Safari/537.36"
152.59.119.24 - - [07/Nov/2025:11:53:05 +0530] "GET /ngsw.json?ngsw-cache-bust=0.7831058694584256 HTTP/1.1" 200 12508 "https://my.cerill.com/ngsw-worker.js" "Mozilla/5.0 (Windows NT 10.0; Win64; x64) AppleWebKit/537.36 (KHTML, like Gecko) Chrome/142.0.0.0 Safari/537.36"
152.59.119.24 - - [07/Nov/2025:11:53:05 +0530] "GET /ngsw.json?ngsw-cache-bust=0.812565236649086 HTTP/1.1" 200 12508 "https://my.cerill.com/ngsw-worker.js" "Mozilla/5.0 (Windows NT 10.0; Win64; x64) AppleWebKit/537.36 (KHTML, like Gecko) Chrome/142.0.0.0 Safari/537.36"
152.59.119.24 - - [07/Nov/2025:11:53:40 +0530] "GET /ngsw-worker.js HTTP/1.1" 304 - "https://my.cerill.com/ngsw-worker.js" "Mozilla/5.0 (Windows NT 10.0; Win64; x64) AppleWebKit/537.36 (KHTML, like Gecko) Chrome/142.0.0.0 Safari/537.36"
152.59.119.24 - - [07/Nov/2025:11:53:44 +0530] "GET /ngsw.json?ngsw-cache-bust=0.36534694115569744 HTTP/1.1" 200 12508 "https://my.cerill.com/ngsw-worker.js" "Mozilla/5.0 (Windows NT 10.0; Win64; x64) AppleWebKit/537.36 (KHTML, like Gecko) Chrome/142.0.0.0 Safari/537.36"
103.110.250.49 - - [07/Nov/2025:11:56:09 +0530] "GET /ngsw.json?ngsw-cache-bust=0.030588615780253958 HTTP/1.1" 200 12508 "https://my.cerill.com/ngsw-worker.js" "Mozilla/5.0 (Windows NT 10.0; Win64; x64) AppleWebKit/537.36 (KHTML, like Gecko) Chrome/142.0.0.0 Safari/537.36"
103.110.250.49 - - [07/Nov/2025:11:56:28 +0530] "GET /ngsw-worker.js HTTP/1.1" 304 - "https://my.cerill.com/ngsw-worker.js" "Mozilla/5.0 (Windows NT 10.0; Win64; x64) AppleWebKit/537.36 (KHTML, like Gecko) Chrome/142.0.0.0 Safari/537.36"
103.110.250.49 - - [07/Nov/2025:11:56:32 +0530] "GET /ngsw.json?ngsw-cache-bust=0.7136862047005235 HTTP/1.1" 200 12508 "https://my.cerill.com/ngsw-worker.js" "Mozilla/5.0 (Windows NT 10.0; Win64; x64) AppleWebKit/537.36 (KHTML, like Gecko) Chrome/142.0.0.0 Safari/537.36"
103.40.199.68 - - [07/Nov/2025:11:56:47 +0530] "GET /ngsw.json?ngsw-cache-bust=0.8837406095288458 HTTP/1.1" 200 12508 "https://my.cerill.com/ngsw-worker.js" "Mozilla/5.0 (Windows NT 10.0; Win64; x64) AppleWebKit/537.36 (KHTML, like Gecko) Chrome/109.0.0.0 Safari/537.36"
103.110.250.49 - - [07/Nov/2025:11:57:54 +0530] "GET /ngsw.json?ngsw-cache-bust=0.9641818490294185 HTTP/1.1" 200 12508 "https://my.cerill.com/ngsw-worker.js" "Mozilla/5.0 (Windows NT 10.0; Win64; x64) AppleWebKit/537.36 (KHTML, like Gecko) Chrome/142.0.0.0 Safari/537.36"
103.40.199.68 - - [07/Nov/2025:12:03:59 +0530] "GET /ngsw.json?ngsw-cache-bust=0.9103278659058598 HTTP/1.1" 200 12508 "https://my.cerill.com/ngsw-worker.js" "Mozilla/5.0 (Windows NT 10.0; Win64; x64) AppleWebKit/537.36 (KHTML, like Gecko) Chrome/109.0.0.0 Safari/537.36"
103.40.199.68 - - [07/Nov/2025:12:04:05 +0530] "GET /ngsw-worker.js HTTP/1.1" 304 - "https://my.cerill.com/ngsw-worker.js" "Mozilla/5.0 (Windows NT 10.0; Win64; x64) AppleWebKit/537.36 (KHTML, like Gecko) Chrome/109.0.0.0 Safari/537.36"
103.40.199.68 - - [07/Nov/2025:12:04:08 +0530] "GET /ngsw.json?ngsw-cache-bust=0.3992706400093775 HTTP/1.1" 200 12508 "https://my.cerill.com/ngsw-worker.js" "Mozilla/5.0 (Windows NT 10.0; Win64; x64) AppleWebKit/537.36 (KHTML, like Gecko) Chrome/109.0.0.0 Safari/537.36"
49.43.89.163 - - [07/Nov/2025:12:04:31 +0530] "GET /ngsw.json?ngsw-cache-bust=0.5972888269803748 HTTP/1.1" 200 12508 "https://my.cerill.com/ngsw-worker.js" "Mozilla/5.0 (Windows NT 10.0; Win64; x64) AppleWebKit/537.36 (KHTML, like Gecko) Chrome/141.0.0.0 Safari/537.36"
49.43.89.163 - - [07/Nov/2025:12:04:41 +0530] "GET /ngsw-worker.js HTTP/1.1" 304 - "https://my.cerill.com/ngsw-worker.js" "Mozilla/5.0 (Windows NT 10.0; Win64; x64) AppleWebKit/537.36 (KHTML, like Gecko) Chrome/141.0.0.0 Safari/537.36"
49.43.89.163 - - [07/Nov/2025:12:04:45 +0530] "GET /ngsw.json?ngsw-cache-bust=0.3054269078473527 HTTP/1.1" 200 12508 "https://my.cerill.com/ngsw-worker.js" "Mozilla/5.0 (Windows NT 10.0; Win64; x64) AppleWebKit/537.36 (KHTML, like Gecko) Chrome/141.0.0.0 Safari/537.36"
49.43.89.163 - - [07/Nov/2025:12:05:27 +0530] "GET /ngsw-worker.js HTTP/1.1" 304 - "https://my.cerill.com/ngsw-worker.js" "Mozilla/5.0 (Windows NT 10.0; Win64; x64) AppleWebKit/537.36 (KHTML, like Gecko) Chrome/141.0.0.0 Safari/537.36"
49.43.89.163 - - [07/Nov/2025:12:05:30 +0530] "GET /ngsw.json?ngsw-cache-bust=0.5465827020703142 HTTP/1.1" 200 12508 "https://my.cerill.com/ngsw-worker.js" "Mozilla/5.0 (Windows NT 10.0; Win64; x64) AppleWebKit/537.36 (KHTML, like Gecko) Chrome/141.0.0.0 Safari/537.36"
49.43.89.163 - - [07/Nov/2025:12:05:30 +0530] "GET /ngsw.json?ngsw-cache-bust=0.5347029151699576 HTTP/1.1" 200 12508 "https://my.cerill.com/ngsw-worker.js" "Mozilla/5.0 (Windows NT 10.0; Win64; x64) AppleWebKit/537.36 (KHTML, like Gecko) Chrome/141.0.0.0 Safari/537.36"
106.204.195.62 - - [07/Nov/2025:12:06:26 +0530] "GET /ngsw-worker.js HTTP/1.1" 200 84115 "https://my.cerill.com/ngsw-worker.js" "Mozilla/5.0 (Linux; Android 12; RMX2151) AppleWebKit/537.36 (KHTML, like Gecko) Chrome/103.0.0.0 Mobile Safari/537.36"
106.204.195.62 - - [07/Nov/2025:12:06:32 +0530] "GET /ngsw.json?ngsw-cache-bust=0.32649397144438086 HTTP/1.1" 200 12508 "https://my.cerill.com/ngsw-worker.js" "Mozilla/5.0 (Linux; Android 12; RMX2151) AppleWebKit/537.36 (KHTML, like Gecko) Chrome/103.0.0.0 Mobile Safari/537.36"
106.204.195.62 - - [07/Nov/2025:12:06:33 +0530] "GET /ngsw.json?ngsw-cache-bust=0.7795196560739088 HTTP/1.1" 200 12508 "https://my.cerill.com/ngsw-worker.js" "Mozilla/5.0 (Linux; Android 12; RMX2151) AppleWebKit/537.36 (KHTML, like Gecko) Chrome/103.0.0.0 Mobile Safari/537.36"
106.204.195.62 - - [07/Nov/2025:12:08:01 +0530] "GET /ngsw-worker.js HTTP/1.1" 304 - "https://my.cerill.com/ngsw-worker.js" "Mozilla/5.0 (Linux; Android 12; RMX2151) AppleWebKit/537.36 (KHTML, like Gecko) Chrome/103.0.0.0 Mobile Safari/537.36"
103.110.250.49 - - [07/Nov/2025:12:08:51 +0530] "GET /ngsw.json?ngsw-cache-bust=0.6134713720935142 HTTP/1.1" 200 12508 "https://my.cerill.com/ngsw-worker.js" "Mozilla/5.0 (Windows NT 10.0; Win64; x64) AppleWebKit/537.36 (KHTML, like Gecko) Chrome/142.0.0.0 Safari/537.36"
103.110.250.49 - - [07/Nov/2025:12:10:05 +0530] "GET /ngsw-worker.js HTTP/1.1" 304 - "https://my.cerill.com/ngsw-worker.js" "Mozilla/5.0 (Windows NT 10.0; Win64; x64) AppleWebKit/537.36 (KHTML, like Gecko) Chrome/142.0.0.0 Safari/537.36"
103.110.250.49 - - [07/Nov/2025:12:10:08 +0530] "GET /ngsw.json?ngsw-cache-bust=0.4416635901925008 HTTP/1.1" 200 12508 "https://my.cerill.com/ngsw-worker.js" "Mozilla/5.0 (Windows NT 10.0; Win64; x64) AppleWebKit/537.36 (KHTML, like Gecko) Chrome/142.0.0.0 Safari/537.36"
49.43.89.163 - - [07/Nov/2025:12:10:38 +0530] "GET /ngsw.json?ngsw-cache-bust=0.25652646017595915 HTTP/1.1" 200 12508 "https://my.cerill.com/ngsw-worker.js" "Mozilla/5.0 (Windows NT 10.0; Win64; x64) AppleWebKit/537.36 (KHTML, like Gecko) Chrome/141.0.0.0 Safari/537.36"
103.40.199.68 - - [07/Nov/2025:12:11:00 +0530] "GET /ngsw.json?ngsw-cache-bust=0.378708633766772 HTTP/1.1" 200 12508 "https://my.cerill.com/ngsw-worker.js" "Mozilla/5.0 (Windows NT 10.0; Win64; x64) AppleWebKit/537.36 (KHTML, like Gecko) Chrome/109.0.0.0 Safari/537.36"
103.40.199.68 - - [07/Nov/2025:12:11:01 +0530] "GET /ngsw.json?ngsw-cache-bust=0.8524915351155231 HTTP/1.1" 200 12508 "https://my.cerill.com/ngsw-worker.js" "Mozilla/5.0 (Windows NT 10.0; Win64; x64) AppleWebKit/537.36 (KHTML, like Gecko) Chrome/109.0.0.0 Safari/537.36"
103.40.199.68 - - [07/Nov/2025:12:11:03 +0530] "GET /ngsw-worker.js HTTP/1.1" 304 - "https://my.cerill.com/ngsw-worker.js" "Mozilla/5.0 (Windows NT 10.0; Win64; x64) AppleWebKit/537.36 (KHTML, like Gecko) Chrome/109.0.0.0 Safari/537.36"
49.43.89.163 - - [07/Nov/2025:12:12:20 +0530] "GET /ngsw.json?ngsw-cache-bust=0.17695819497275156 HTTP/1.1" 200 12508 "https://my.cerill.com/ngsw-worker.js" "Mozilla/5.0 (Windows NT 10.0; Win64; x64) AppleWebKit/537.36 (KHTML, like Gecko) Chrome/141.0.0.0 Safari/537.36"
103.110.250.49 - - [07/Nov/2025:12:17:49 +0530] "GET /ngsw.json?ngsw-cache-bust=0.8339625226978433 HTTP/1.1" 200 12508 "https://my.cerill.com/ngsw-worker.js" "Mozilla/5.0 (Windows NT 10.0; Win64; x64) AppleWebKit/537.36 (KHTML, like Gecko) Chrome/142.0.0.0 Safari/537.36"
103.110.250.49 - - [07/Nov/2025:12:26:13 +0530] "GET /ngsw.json?ngsw-cache-bust=0.27904010909522003 HTTP/1.1" 200 12508 "https://my.cerill.com/ngsw-worker.js" "Mozilla/5.0 (Windows NT 10.0; Win64; x64) AppleWebKit/537.36 (KHTML, like Gecko) Chrome/142.0.0.0 Safari/537.36"
103.110.250.49 - - [07/Nov/2025:12:26:36 +0530] "GET /ngsw-worker.js HTTP/1.1" 304 - "https://my.cerill.com/ngsw-worker.js" "Mozilla/5.0 (Windows NT 10.0; Win64; x64) AppleWebKit/537.36 (KHTML, like Gecko) Chrome/142.0.0.0 Safari/537.36"
103.110.250.49 - - [07/Nov/2025:12:26:39 +0530] "GET /ngsw.json?ngsw-cache-bust=0.14102590317406616 HTTP/1.1" 200 12508 "https://my.cerill.com/ngsw-worker.js" "Mozilla/5.0 (Windows NT 10.0; Win64; x64) AppleWebKit/537.36 (KHTML, like Gecko) Chrome/142.0.0.0 Safari/537.36"
103.110.250.49 - - [07/Nov/2025:12:29:10 +0530] "GET /ngsw.json?ngsw-cache-bust=0.3292708380687053 HTTP/1.1" 200 12508 "https://my.cerill.com/ngsw-worker.js" "Mozilla/5.0 (Windows NT 10.0; Win64; x64) AppleWebKit/537.36 (KHTML, like Gecko) Chrome/142.0.0.0 Safari/537.36"
103.110.250.49 - - [07/Nov/2025:12:33:39 +0530] "GET /ngsw-worker.js HTTP/1.1" 304 - "https://my.cerill.com/ngsw-worker.js" "Mozilla/5.0 (Windows NT 10.0; Win64; x64) AppleWebKit/537.36 (KHTML, like Gecko) Chrome/142.0.0.0 Safari/537.36"
103.110.250.49 - - [07/Nov/2025:12:33:42 +0530] "GET /ngsw.json?ngsw-cache-bust=0.0757990341620689 HTTP/1.1" 200 12508 "https://my.cerill.com/ngsw-worker.js" "Mozilla/5.0 (Windows NT 10.0; Win64; x64) AppleWebKit/537.36 (KHTML, like Gecko) Chrome/142.0.0.0 Safari/537.36"
103.110.250.49 - - [07/Nov/2025:12:33:43 +0530] "GET /ngsw.json?ngsw-cache-bust=0.7258809687904013 HTTP/1.1" 200 12508 "https://my.cerill.com/ngsw-worker.js" "Mozilla/5.0 (Windows NT 10.0; Win64; x64) AppleWebKit/537.36 (KHTML, like Gecko) Chrome/142.0.0.0 Safari/537.36"
103.110.250.49 - - [07/Nov/2025:12:35:58 +0530] "GET /ngsw.json?ngsw-cache-bust=0.7708662329223345 HTTP/1.1" 200 12508 "https://my.cerill.com/ngsw-worker.js" "Mozilla/5.0 (Windows NT 10.0; Win64; x64) AppleWebKit/537.36 (KHTML, like Gecko) Chrome/142.0.0.0 Safari/537.36"
103.110.250.49 - - [07/Nov/2025:12:36:32 +0530] "GET /ngsw-worker.js HTTP/1.1" 304 - "https://my.cerill.com/ngsw-worker.js" "Mozilla/5.0 (Windows NT 10.0; Win64; x64) AppleWebKit/537.36 (KHTML, like Gecko) Chrome/142.0.0.0 Safari/537.36"
103.110.250.49 - - [07/Nov/2025:12:36:36 +0530] "GET /ngsw.json?ngsw-cache-bust=0.7564708713393857 HTTP/1.1" 200 12508 "https://my.cerill.com/ngsw-worker.js" "Mozilla/5.0 (Windows NT 10.0; Win64; x64) AppleWebKit/537.36 (KHTML, like Gecko) Chrome/142.0.0.0 Safari/537.36"
49.43.89.163 - - [07/Nov/2025:12:37:42 +0530] "GET /ngsw.json?ngsw-cache-bust=0.805683203311272 HTTP/1.1" 200 12508 "https://my.cerill.com/ngsw-worker.js" "Mozilla/5.0 (Windows NT 10.0; Win64; x64) AppleWebKit/537.36 (KHTML, like Gecko) Chrome/141.0.0.0 Safari/537.36"
103.110.250.49 - - [07/Nov/2025:12:38:11 +0530] "GET /ngsw.json?ngsw-cache-bust=0.8764651072351468 HTTP/1.1" 200 12508 "https://my.cerill.com/ngsw-worker.js" "Mozilla/5.0 (Windows NT 10.0; Win64; x64) AppleWebKit/537.36 (KHTML, like Gecko) Chrome/142.0.0.0 Safari/537.36"
106.206.243.65 - - [07/Nov/2025:12:40:03 +0530] "GET /ngsw-worker.js HTTP/1.1" 304 - "https://my.cerill.com/ngsw-worker.js" "Mozilla/5.0 (Windows NT 10.0; Win64; x64) AppleWebKit/537.36 (KHTML, like Gecko) Chrome/109.0.0.0 Safari/537.36"
103.110.250.49 - - [07/Nov/2025:12:40:11 +0530] "GET /ngsw.json?ngsw-cache-bust=0.16728308311248175 HTTP/1.1" 200 12508 "https://my.cerill.com/ngsw-worker.js" "Mozilla/5.0 (Windows NT 10.0; Win64; x64) AppleWebKit/537.36 (KHTML, like Gecko) Chrome/142.0.0.0 Safari/537.36"
106.206.243.65 - - [07/Nov/2025:12:40:11 +0530] "GET /ngsw.json?ngsw-cache-bust=0.7117054034527663 HTTP/1.1" 200 12508 "https://my.cerill.com/ngsw-worker.js" "Mozilla/5.0 (Windows NT 10.0; Win64; x64) AppleWebKit/537.36 (KHTML, like Gecko) Chrome/109.0.0.0 Safari/537.36"
106.206.243.65 - - [07/Nov/2025:12:40:12 +0530] "GET /ngsw.json?ngsw-cache-bust=0.725077015942774 HTTP/1.1" 200 12508 "https://my.cerill.com/ngsw-worker.js" "Mozilla/5.0 (Windows NT 10.0; Win64; x64) AppleWebKit/537.36 (KHTML, like Gecko) Chrome/109.0.0.0 Safari/537.36"
103.110.250.49 - - [07/Nov/2025:12:40:54 +0530] "GET /ngsw-worker.js HTTP/1.1" 304 - "https://my.cerill.com/ngsw-worker.js" "Mozilla/5.0 (Windows NT 10.0; Win64; x64) AppleWebKit/537.36 (KHTML, like Gecko) Chrome/142.0.0.0 Safari/537.36"
103.110.250.49 - - [07/Nov/2025:12:40:57 +0530] "GET /ngsw.json?ngsw-cache-bust=0.5810113487278936 HTTP/1.1" 200 12508 "https://my.cerill.com/ngsw-worker.js" "Mozilla/5.0 (Windows NT 10.0; Win64; x64) AppleWebKit/537.36 (KHTML, like Gecko) Chrome/142.0.0.0 Safari/537.36"
106.206.243.65 - - [07/Nov/2025:12:41:44 +0530] "GET /ngsw-worker.js HTTP/1.1" 304 - "https://my.cerill.com/ngsw-worker.js" "Mozilla/5.0 (Windows NT 10.0; Win64; x64) AppleWebKit/537.36 (KHTML, like Gecko) Chrome/109.0.0.0 Safari/537.36"
106.206.243.65 - - [07/Nov/2025:12:41:47 +0530] "GET /ngsw.json?ngsw-cache-bust=0.8110174835640471 HTTP/1.1" 200 12508 "https://my.cerill.com/ngsw-worker.js" "Mozilla/5.0 (Windows NT 10.0; Win64; x64) AppleWebKit/537.36 (KHTML, like Gecko) Chrome/109.0.0.0 Safari/537.36"
49.43.89.163 - - [07/Nov/2025:12:42:18 +0530] "GET /ngsw.json?ngsw-cache-bust=0.6851352543656251 HTTP/1.1" 200 12508 "https://my.cerill.com/ngsw-worker.js" "Mozilla/5.0 (Windows NT 10.0; Win64; x64) AppleWebKit/537.36 (KHTML, like Gecko) Chrome/141.0.0.0 Safari/537.36"
49.43.89.163 - - [07/Nov/2025:12:42:21 +0530] "GET /ngsw-worker.js HTTP/1.1" 304 - "https://my.cerill.com/ngsw-worker.js" "Mozilla/5.0 (Windows NT 10.0; Win64; x64) AppleWebKit/537.36 (KHTML, like Gecko) Chrome/141.0.0.0 Safari/537.36"
49.43.89.163 - - [07/Nov/2025:12:42:25 +0530] "GET /ngsw.json?ngsw-cache-bust=0.5206133730310877 HTTP/1.1" 200 12508 "https://my.cerill.com/ngsw-worker.js" "Mozilla/5.0 (Windows NT 10.0; Win64; x64) AppleWebKit/537.36 (KHTML, like Gecko) Chrome/141.0.0.0 Safari/537.36"
49.43.89.163 - - [07/Nov/2025:12:43:48 +0530] "GET /ngsw.json?ngsw-cache-bust=0.9186193308330177 HTTP/1.1" 200 12508 "https://my.cerill.com/ngsw-worker.js" "Mozilla/5.0 (Windows NT 10.0; Win64; x64) AppleWebKit/537.36 (KHTML, like Gecko) Chrome/141.0.0.0 Safari/537.36"
106.206.243.65 - - [07/Nov/2025:12:44:15 +0530] "GET /ngsw.json?ngsw-cache-bust=0.3345773919891417 HTTP/1.1" 200 12508 "https://my.cerill.com/ngsw-worker.js" "Mozilla/5.0 (Windows NT 10.0; Win64; x64) AppleWebKit/537.36 (KHTML, like Gecko) Chrome/109.0.0.0 Safari/537.36"
106.206.243.65 - - [07/Nov/2025:12:44:24 +0530] "GET /ngsw-worker.js HTTP/1.1" 304 - "https://my.cerill.com/ngsw-worker.js" "Mozilla/5.0 (Windows NT 10.0; Win64; x64) AppleWebKit/537.36 (KHTML, like Gecko) Chrome/109.0.0.0 Safari/537.36"
106.206.243.65 - - [07/Nov/2025:12:44:27 +0530] "GET /ngsw.json?ngsw-cache-bust=0.4877494406409917 HTTP/1.1" 200 12508 "https://my.cerill.com/ngsw-worker.js" "Mozilla/5.0 (Windows NT 10.0; Win64; x64) AppleWebKit/537.36 (KHTML, like Gecko) Chrome/109.0.0.0 Safari/537.36"
49.43.89.163 - - [07/Nov/2025:12:46:01 +0530] "GET /ngsw.json?ngsw-cache-bust=0.03775912866590381 HTTP/1.1" 200 12508 "https://my.cerill.com/ngsw-worker.js" "Mozilla/5.0 (Windows NT 10.0; Win64; x64) AppleWebKit/537.36 (KHTML, like Gecko) Chrome/141.0.0.0 Safari/537.36"
49.43.89.163 - - [07/Nov/2025:12:47:49 +0530] "GET /ngsw.json?ngsw-cache-bust=0.6341254356269949 HTTP/1.1" 200 12508 "https://my.cerill.com/ngsw-worker.js" "Mozilla/5.0 (Windows NT 10.0; Win64; x64) AppleWebKit/537.36 (KHTML, like Gecko) Chrome/141.0.0.0 Safari/537.36"
49.43.89.163 - - [07/Nov/2025:12:49:16 +0530] "GET /ngsw-worker.js HTTP/1.1" 304 - "https://my.cerill.com/ngsw-worker.js" "Mozilla/5.0 (Windows NT 10.0; Win64; x64) AppleWebKit/537.36 (KHTML, like Gecko) Chrome/141.0.0.0 Safari/537.36"
49.43.89.163 - - [07/Nov/2025:12:49:19 +0530] "GET /ngsw.json?ngsw-cache-bust=0.5534053484098108 HTTP/1.1" 200 12508 "https://my.cerill.com/ngsw-worker.js" "Mozilla/5.0 (Windows NT 10.0; Win64; x64) AppleWebKit/537.36 (KHTML, like Gecko) Chrome/141.0.0.0 Safari/537.36"
106.206.243.65 - - [07/Nov/2025:12:49:37 +0530] "GET /ngsw.json?ngsw-cache-bust=0.8991880511258785 HTTP/1.1" 200 12508 "https://my.cerill.com/ngsw-worker.js" "Mozilla/5.0 (Windows NT 10.0; Win64; x64) AppleWebKit/537.36 (KHTML, like Gecko) Chrome/109.0.0.0 Safari/537.36"
106.206.243.65 - - [07/Nov/2025:12:53:16 +0530] "GET /ngsw-worker.js HTTP/1.1" 304 - "https://my.cerill.com/ngsw-worker.js" "Mozilla/5.0 (Windows NT 10.0; Win64; x64) AppleWebKit/537.36 (KHTML, like Gecko) Chrome/109.0.0.0 Safari/537.36"
106.206.243.65 - - [07/Nov/2025:12:53:19 +0530] "GET /ngsw.json?ngsw-cache-bust=0.785426228353723 HTTP/1.1" 200 12508 "https://my.cerill.com/ngsw-worker.js" "Mozilla/5.0 (Windows NT 10.0; Win64; x64) AppleWebKit/537.36 (KHTML, like Gecko) Chrome/109.0.0.0 Safari/537.36"
106.206.243.65 - - [07/Nov/2025:12:53:19 +0530] "GET /ngsw.json?ngsw-cache-bust=0.3160580802662878 HTTP/1.1" 200 12508 "https://my.cerill.com/ngsw-worker.js" "Mozilla/5.0 (Windows NT 10.0; Win64; x64) AppleWebKit/537.36 (KHTML, like Gecko) Chrome/109.0.0.0 Safari/537.36"
106.206.243.65 - - [07/Nov/2025:12:54:20 +0530] "GET /ngsw.json?ngsw-cache-bust=0.9178608444349832 HTTP/1.1" 200 12508 "https://my.cerill.com/ngsw-worker.js" "Mozilla/5.0 (Windows NT 10.0; Win64; x64) AppleWebKit/537.36 (KHTML, like Gecko) Chrome/109.0.0.0 Safari/537.36"
106.206.243.65 - - [07/Nov/2025:12:56:18 +0530] "GET /ngsw-worker.js HTTP/1.1" 304 - "https://my.cerill.com/ngsw-worker.js" "Mozilla/5.0 (Windows NT 10.0; Win64; x64) AppleWebKit/537.36 (KHTML, like Gecko) Chrome/109.0.0.0 Safari/537.36"
106.206.243.65 - - [07/Nov/2025:12:56:29 +0530] "GET /ngsw.json?ngsw-cache-bust=0.053952988688572345 HTTP/1.1" 200 12508 "https://my.cerill.com/ngsw-worker.js" "Mozilla/5.0 (Windows NT 10.0; Win64; x64) AppleWebKit/537.36 (KHTML, like Gecko) Chrome/109.0.0.0 Safari/537.36"
103.110.250.49 - - [07/Nov/2025:13:06:19 +0530] "GET /ngsw.json?ngsw-cache-bust=0.8436765603357884 HTTP/1.1" 200 12508 "https://my.cerill.com/ngsw-worker.js" "Mozilla/5.0 (Windows NT 10.0; Win64; x64) AppleWebKit/537.36 (KHTML, like Gecko) Chrome/142.0.0.0 Safari/537.36"
103.110.250.49 - - [07/Nov/2025:13:06:24 +0530] "GET /ngsw-worker.js HTTP/1.1" 304 - "https://my.cerill.com/ngsw-worker.js" "Mozilla/5.0 (Windows NT 10.0; Win64; x64) AppleWebKit/537.36 (KHTML, like Gecko) Chrome/142.0.0.0 Safari/537.36"
103.110.250.49 - - [07/Nov/2025:13:06:28 +0530] "GET /ngsw.json?ngsw-cache-bust=0.5296851315015547 HTTP/1.1" 200 12508 "https://my.cerill.com/ngsw-worker.js" "Mozilla/5.0 (Windows NT 10.0; Win64; x64) AppleWebKit/537.36 (KHTML, like Gecko) Chrome/142.0.0.0 Safari/537.36"
103.110.250.49 - - [07/Nov/2025:13:07:07 +0530] "GET /ngsw.json?ngsw-cache-bust=0.6340622667077662 HTTP/1.1" 200 12508 "https://my.cerill.com/ngsw-worker.js" "Mozilla/5.0 (Windows NT 10.0; Win64; x64) AppleWebKit/537.36 (KHTML, like Gecko) Chrome/142.0.0.0 Safari/537.36"
152.59.119.24 - - [07/Nov/2025:13:15:03 +0530] "GET /ngsw-worker.js HTTP/1.1" 304 - "https://my.cerill.com/ngsw-worker.js" "Mozilla/5.0 (Windows NT 10.0; Win64; x64) AppleWebKit/537.36 (KHTML, like Gecko) Chrome/142.0.0.0 Safari/537.36"
