103.110.248.179 - - [13/Nov/2025:12:09:42 +0530] "GET /ngsw.json?ngsw-cache-bust=0.6971982080631887 HTTP/1.1" 200 12508 "https://my.cerill.com/ngsw-worker.js" "Mozilla/5.0 (Windows NT 10.0; Win64; x64) AppleWebKit/537.36 (KHTML, like Gecko) Chrome/109.0.0.0 Safari/537.36"
103.110.250.49 - - [13/Nov/2025:12:10:56 +0530] "GET /ngsw.json?ngsw-cache-bust=0.5488022349515682 HTTP/1.1" 200 12508 "https://my.cerill.com/ngsw-worker.js" "Mozilla/5.0 (Windows NT 10.0; Win64; x64) AppleWebKit/537.36 (KHTML, like Gecko) Chrome/142.0.0.0 Safari/537.36"
103.110.250.49 - - [13/Nov/2025:12:12:24 +0530] "GET /ngsw-worker.js HTTP/1.1" 304 - "https://my.cerill.com/ngsw-worker.js" "Mozilla/5.0 (Windows NT 10.0; Win64; x64) AppleWebKit/537.36 (KHTML, like Gecko) Chrome/142.0.0.0 Safari/537.36"
103.110.250.49 - - [13/Nov/2025:12:12:27 +0530] "GET /ngsw.json?ngsw-cache-bust=0.2074566713480419 HTTP/1.1" 200 12508 "https://my.cerill.com/ngsw-worker.js" "Mozilla/5.0 (Windows NT 10.0; Win64; x64) AppleWebKit/537.36 (KHTML, like Gecko) Chrome/142.0.0.0 Safari/537.36"
103.110.250.49 - - [13/Nov/2025:12:14:37 +0530] "GET /ngsw-worker.js HTTP/1.1" 304 - "https://my.cerill.com/ngsw-worker.js" "Mozilla/5.0 (Windows NT 10.0; Win64; x64) AppleWebKit/537.36 (KHTML, like Gecko) Chrome/142.0.0.0 Safari/537.36"
103.110.250.49 - - [13/Nov/2025:12:14:40 +0530] "GET /ngsw.json?ngsw-cache-bust=0.4600805985864521 HTTP/1.1" 200 12508 "https://my.cerill.com/ngsw-worker.js" "Mozilla/5.0 (Windows NT 10.0; Win64; x64) AppleWebKit/537.36 (KHTML, like Gecko) Chrome/142.0.0.0 Safari/537.36"
103.110.250.49 - - [13/Nov/2025:12:14:40 +0530] "GET /ngsw.json?ngsw-cache-bust=0.2199406023789504 HTTP/1.1" 200 12508 "https://my.cerill.com/ngsw-worker.js" "Mozilla/5.0 (Windows NT 10.0; Win64; x64) AppleWebKit/537.36 (KHTML, like Gecko) Chrome/142.0.0.0 Safari/537.36"
103.110.248.179 - - [13/Nov/2025:12:28:00 +0530] "GET /ngsw.json?ngsw-cache-bust=0.9593589598370753 HTTP/1.1" 200 12508 "https://my.cerill.com/ngsw-worker.js" "Mozilla/5.0 (Windows NT 10.0; Win64; x64) AppleWebKit/537.36 (KHTML, like Gecko) Chrome/109.0.0.0 Safari/537.36"
103.110.248.179 - - [13/Nov/2025:12:31:00 +0530] "GET /ngsw.json?ngsw-cache-bust=0.5349349481044443 HTTP/1.1" 200 12508 "https://my.cerill.com/ngsw-worker.js" "Mozilla/5.0 (Windows NT 10.0; Win64; x64) AppleWebKit/537.36 (KHTML, like Gecko) Chrome/109.0.0.0 Safari/537.36"
103.110.248.179 - - [13/Nov/2025:12:32:27 +0530] "GET /ngsw.json?ngsw-cache-bust=0.37311420903690307 HTTP/1.1" 200 12508 "https://my.cerill.com/ngsw-worker.js" "Mozilla/5.0 (Windows NT 10.0; Win64; x64) AppleWebKit/537.36 (KHTML, like Gecko) Chrome/109.0.0.0 Safari/537.36"
103.110.248.179 - - [13/Nov/2025:12:37:08 +0530] "GET /ngsw.json?ngsw-cache-bust=0.2606495299306384 HTTP/1.1" 200 12508 "https://my.cerill.com/ngsw-worker.js" "Mozilla/5.0 (Windows NT 10.0; Win64; x64) AppleWebKit/537.36 (KHTML, like Gecko) Chrome/109.0.0.0 Safari/537.36"
103.110.250.49 - - [13/Nov/2025:12:44:21 +0530] "GET /ngsw.json?ngsw-cache-bust=0.09241392604196619 HTTP/1.1" 200 12508 "https://my.cerill.com/ngsw-worker.js" "Mozilla/5.0 (Windows NT 10.0; Win64; x64) AppleWebKit/537.36 (KHTML, like Gecko) Chrome/142.0.0.0 Safari/537.36"
103.110.248.179 - - [13/Nov/2025:13:16:16 +0530] "GET /ngsw.json?ngsw-cache-bust=0.5126314960575793 HTTP/1.1" 200 12508 "https://my.cerill.com/ngsw-worker.js" "Mozilla/5.0 (Windows NT 10.0; Win64; x64) AppleWebKit/537.36 (KHTML, like Gecko) Chrome/109.0.0.0 Safari/537.36"
223.181.23.230 - - [13/Nov/2025:13:19:28 +0530] "GET /ngsw-worker.js HTTP/1.1" 304 - "https://my.cerill.com/ngsw-worker.js" "Mozilla/5.0 (Windows NT 10.0; Win64; x64) AppleWebKit/537.36 (KHTML, like Gecko) Chrome/142.0.0.0 Safari/537.36"
223.181.23.230 - - [13/Nov/2025:13:19:35 +0530] "GET /ngsw.json?ngsw-cache-bust=0.008949655638752163 HTTP/1.1" 200 12508 "https://my.cerill.com/ngsw-worker.js" "Mozilla/5.0 (Windows NT 10.0; Win64; x64) AppleWebKit/537.36 (KHTML, like Gecko) Chrome/142.0.0.0 Safari/537.36"
223.181.23.230 - - [13/Nov/2025:13:19:35 +0530] "GET /ngsw.json?ngsw-cache-bust=0.2683096848764859 HTTP/1.1" 200 12508 "https://my.cerill.com/ngsw-worker.js" "Mozilla/5.0 (Windows NT 10.0; Win64; x64) AppleWebKit/537.36 (KHTML, like Gecko) Chrome/142.0.0.0 Safari/537.36"
223.181.23.230 - - [13/Nov/2025:13:21:53 +0530] "GET /ngsw-worker.js HTTP/1.1" 304 - "https://my.cerill.com/ngsw-worker.js" "Mozilla/5.0 (Windows NT 10.0; Win64; x64) AppleWebKit/537.36 (KHTML, like Gecko) Chrome/142.0.0.0 Safari/537.36"
223.181.23.230 - - [13/Nov/2025:13:21:57 +0530] "GET /ngsw.json?ngsw-cache-bust=0.11058799674022213 HTTP/1.1" 200 12508 "https://my.cerill.com/ngsw-worker.js" "Mozilla/5.0 (Windows NT 10.0; Win64; x64) AppleWebKit/537.36 (KHTML, like Gecko) Chrome/142.0.0.0 Safari/537.36"
223.181.23.230 - - [13/Nov/2025:13:22:38 +0530] "GET /ngsw-worker.js HTTP/1.1" 304 - "https://my.cerill.com/ngsw-worker.js" "Mozilla/5.0 (Windows NT 10.0; Win64; x64) AppleWebKit/537.36 (KHTML, like Gecko) Chrome/142.0.0.0 Safari/537.36"
223.181.23.230 - - [13/Nov/2025:13:22:42 +0530] "GET /ngsw.json?ngsw-cache-bust=0.4976803248416176 HTTP/1.1" 200 12508 "https://my.cerill.com/ngsw-worker.js" "Mozilla/5.0 (Windows NT 10.0; Win64; x64) AppleWebKit/537.36 (KHTML, like Gecko) Chrome/142.0.0.0 Safari/537.36"
103.110.250.49 - - [13/Nov/2025:13:31:34 +0530] "GET /ngsw.json?ngsw-cache-bust=0.10844186814403634 HTTP/1.1" 200 12508 "https://my.cerill.com/ngsw-worker.js" "Mozilla/5.0 (Windows NT 10.0; Win64; x64) AppleWebKit/537.36 (KHTML, like Gecko) Chrome/142.0.0.0 Safari/537.36"
103.110.248.179 - - [13/Nov/2025:13:32:58 +0530] "GET /ngsw.json?ngsw-cache-bust=0.4735799565787544 HTTP/1.1" 200 12508 "https://my.cerill.com/ngsw-worker.js" "Mozilla/5.0 (Windows NT 10.0; Win64; x64) AppleWebKit/537.36 (KHTML, like Gecko) Chrome/109.0.0.0 Safari/537.36"
103.110.248.179 - - [13/Nov/2025:13:35:15 +0530] "GET /ngsw-worker.js HTTP/1.1" 304 - "https://my.cerill.com/ngsw-worker.js" "Mozilla/5.0 (Windows NT 10.0; Win64; x64) AppleWebKit/537.36 (KHTML, like Gecko) Chrome/109.0.0.0 Safari/537.36"
103.110.248.179 - - [13/Nov/2025:13:35:19 +0530] "GET /ngsw.json?ngsw-cache-bust=0.9153976846505356 HTTP/1.1" 200 12508 "https://my.cerill.com/ngsw-worker.js" "Mozilla/5.0 (Windows NT 10.0; Win64; x64) AppleWebKit/537.36 (KHTML, like Gecko) Chrome/109.0.0.0 Safari/537.36"
103.110.248.179 - - [13/Nov/2025:13:35:19 +0530] "GET /ngsw.json?ngsw-cache-bust=0.6939165684512265 HTTP/1.1" 200 12508 "https://my.cerill.com/ngsw-worker.js" "Mozilla/5.0 (Windows NT 10.0; Win64; x64) AppleWebKit/537.36 (KHTML, like Gecko) Chrome/109.0.0.0 Safari/537.36"
103.110.250.49 - - [13/Nov/2025:13:42:23 +0530] "GET /ngsw.json?ngsw-cache-bust=0.3101737583705485 HTTP/1.1" 200 12508 "https://my.cerill.com/ngsw-worker.js" "Mozilla/5.0 (Windows NT 10.0; Win64; x64) AppleWebKit/537.36 (KHTML, like Gecko) Chrome/142.0.0.0 Safari/537.36"
152.59.119.157 - - [13/Nov/2025:13:43:57 +0530] "GET /index.html HTTP/1.1" 200 8166 "https://my.cerill.com/ngsw-worker.js" "Mozilla/5.0 (iPhone; CPU iPhone OS 18_3_1 like Mac OS X) AppleWebKit/605.1.15 (KHTML, like Gecko) Version/18.3 Mobile/15E148 Safari/604.1"
103.110.248.179 - - [13/Nov/2025:13:46:18 +0530] "GET /ngsw.json?ngsw-cache-bust=0.8536903767145883 HTTP/1.1" 200 12508 "https://my.cerill.com/ngsw-worker.js" "Mozilla/5.0 (Windows NT 10.0; Win64; x64) AppleWebKit/537.36 (KHTML, like Gecko) Chrome/109.0.0.0 Safari/537.36"
103.110.250.49 - - [13/Nov/2025:13:47:05 +0530] "GET /ngsw-worker.js HTTP/1.1" 304 - "https://my.cerill.com/ngsw-worker.js" "Mozilla/5.0 (Windows NT 10.0; Win64; x64) AppleWebKit/537.36 (KHTML, like Gecko) Chrome/142.0.0.0 Safari/537.36"
103.110.250.49 - - [13/Nov/2025:13:47:09 +0530] "GET /ngsw.json?ngsw-cache-bust=0.742286483750288 HTTP/1.1" 200 12508 "https://my.cerill.com/ngsw-worker.js" "Mozilla/5.0 (Windows NT 10.0; Win64; x64) AppleWebKit/537.36 (KHTML, like Gecko) Chrome/142.0.0.0 Safari/537.36"
103.110.250.49 - - [13/Nov/2025:13:47:09 +0530] "GET /ngsw.json?ngsw-cache-bust=0.7204680256456223 HTTP/1.1" 200 12508 "https://my.cerill.com/ngsw-worker.js" "Mozilla/5.0 (Windows NT 10.0; Win64; x64) AppleWebKit/537.36 (KHTML, like Gecko) Chrome/142.0.0.0 Safari/537.36"
103.110.250.49 - - [13/Nov/2025:13:47:51 +0530] "GET /ngsw-worker.js HTTP/1.1" 304 - "https://my.cerill.com/ngsw-worker.js" "Mozilla/5.0 (Windows NT 10.0; Win64; x64) AppleWebKit/537.36 (KHTML, like Gecko) Chrome/142.0.0.0 Safari/537.36"
103.110.250.49 - - [13/Nov/2025:13:47:55 +0530] "GET /ngsw.json?ngsw-cache-bust=0.9197289855323147 HTTP/1.1" 200 12508 "https://my.cerill.com/ngsw-worker.js" "Mozilla/5.0 (Windows NT 10.0; Win64; x64) AppleWebKit/537.36 (KHTML, like Gecko) Chrome/142.0.0.0 Safari/537.36"
103.110.248.179 - - [13/Nov/2025:13:53:14 +0530] "GET /ngsw.json?ngsw-cache-bust=0.4250004764680484 HTTP/1.1" 200 12508 "https://my.cerill.com/ngsw-worker.js" "Mozilla/5.0 (Windows NT 10.0; Win64; x64) AppleWebKit/537.36 (KHTML, like Gecko) Chrome/109.0.0.0 Safari/537.36"
103.110.248.179 - - [13/Nov/2025:13:55:36 +0530] "GET /ngsw-worker.js HTTP/1.1" 304 - "https://my.cerill.com/ngsw-worker.js" "Mozilla/5.0 (Windows NT 10.0; Win64; x64) AppleWebKit/537.36 (KHTML, like Gecko) Chrome/109.0.0.0 Safari/537.36"
103.110.248.179 - - [13/Nov/2025:13:55:39 +0530] "GET /ngsw.json?ngsw-cache-bust=0.5881776811854393 HTTP/1.1" 200 12508 "https://my.cerill.com/ngsw-worker.js" "Mozilla/5.0 (Windows NT 10.0; Win64; x64) AppleWebKit/537.36 (KHTML, like Gecko) Chrome/109.0.0.0 Safari/537.36"
103.110.248.179 - - [13/Nov/2025:13:56:26 +0530] "GET /ngsw.json?ngsw-cache-bust=0.8091252647209195 HTTP/1.1" 200 12508 "https://my.cerill.com/ngsw-worker.js" "Mozilla/5.0 (Windows NT 10.0; Win64; x64) AppleWebKit/537.36 (KHTML, like Gecko) Chrome/109.0.0.0 Safari/537.36"
103.110.248.179 - - [13/Nov/2025:13:58:24 +0530] "GET /ngsw.json?ngsw-cache-bust=0.03290923677969615 HTTP/1.1" 200 12508 "https://my.cerill.com/ngsw-worker.js" "Mozilla/5.0 (Windows NT 10.0; Win64; x64) AppleWebKit/537.36 (KHTML, like Gecko) Chrome/109.0.0.0 Safari/537.36"
103.110.248.179 - - [13/Nov/2025:14:00:01 +0530] "GET /ngsw-worker.js HTTP/1.1" 304 - "https://my.cerill.com/ngsw-worker.js" "Mozilla/5.0 (Windows NT 10.0; Win64; x64) AppleWebKit/537.36 (KHTML, like Gecko) Chrome/109.0.0.0 Safari/537.36"
103.110.248.179 - - [13/Nov/2025:14:00:05 +0530] "GET /ngsw.json?ngsw-cache-bust=0.32415612790623993 HTTP/1.1" 200 12508 "https://my.cerill.com/ngsw-worker.js" "Mozilla/5.0 (Windows NT 10.0; Win64; x64) AppleWebKit/537.36 (KHTML, like Gecko) Chrome/109.0.0.0 Safari/537.36"
103.110.248.179 - - [13/Nov/2025:14:00:58 +0530] "GET /ngsw.json?ngsw-cache-bust=0.18397918223494636 HTTP/1.1" 200 12508 "https://my.cerill.com/ngsw-worker.js" "Mozilla/5.0 (Windows NT 10.0; Win64; x64) AppleWebKit/537.36 (KHTML, like Gecko) Chrome/109.0.0.0 Safari/537.36"
103.110.248.179 - - [13/Nov/2025:14:02:10 +0530] "GET /ngsw-worker.js HTTP/1.1" 304 - "https://my.cerill.com/ngsw-worker.js" "Mozilla/5.0 (Windows NT 10.0; Win64; x64) AppleWebKit/537.36 (KHTML, like Gecko) Chrome/109.0.0.0 Safari/537.36"
103.110.248.179 - - [13/Nov/2025:14:02:14 +0530] "GET /ngsw.json?ngsw-cache-bust=0.20168703281995914 HTTP/1.1" 200 12508 "https://my.cerill.com/ngsw-worker.js" "Mozilla/5.0 (Windows NT 10.0; Win64; x64) AppleWebKit/537.36 (KHTML, like Gecko) Chrome/109.0.0.0 Safari/537.36"
103.110.248.179 - - [13/Nov/2025:14:03:52 +0530] "GET /ngsw.json?ngsw-cache-bust=0.17776245944828006 HTTP/1.1" 200 12508 "https://my.cerill.com/ngsw-worker.js" "Mozilla/5.0 (Windows NT 10.0; Win64; x64) AppleWebKit/537.36 (KHTML, like Gecko) Chrome/109.0.0.0 Safari/537.36"
103.110.248.179 - - [13/Nov/2025:14:05:24 +0530] "GET /ngsw.json?ngsw-cache-bust=0.6948681642220169 HTTP/1.1" 200 12508 "https://my.cerill.com/ngsw-worker.js" "Mozilla/5.0 (Windows NT 10.0; Win64; x64) AppleWebKit/537.36 (KHTML, like Gecko) Chrome/109.0.0.0 Safari/537.36"
103.110.248.179 - - [13/Nov/2025:14:05:32 +0530] "GET /ngsw-worker.js HTTP/1.1" 304 - "https://my.cerill.com/ngsw-worker.js" "Mozilla/5.0 (Windows NT 10.0; Win64; x64) AppleWebKit/537.36 (KHTML, like Gecko) Chrome/109.0.0.0 Safari/537.36"
103.110.248.179 - - [13/Nov/2025:14:05:35 +0530] "GET /ngsw.json?ngsw-cache-bust=0.09048151952276995 HTTP/1.1" 200 12508 "https://my.cerill.com/ngsw-worker.js" "Mozilla/5.0 (Windows NT 10.0; Win64; x64) AppleWebKit/537.36 (KHTML, like Gecko) Chrome/109.0.0.0 Safari/537.36"
103.110.248.179 - - [13/Nov/2025:14:07:30 +0530] "GET /ngsw.json?ngsw-cache-bust=0.9850716131239563 HTTP/1.1" 200 12508 "https://my.cerill.com/ngsw-worker.js" "Mozilla/5.0 (Windows NT 10.0; Win64; x64) AppleWebKit/537.36 (KHTML, like Gecko) Chrome/109.0.0.0 Safari/537.36"
103.110.250.49 - - [13/Nov/2025:14:13:54 +0530] "GET /ngsw.json?ngsw-cache-bust=0.07479264509182881 HTTP/1.1" 200 12508 "https://my.cerill.com/ngsw-worker.js" "Mozilla/5.0 (Windows NT 10.0; Win64; x64) AppleWebKit/537.36 (KHTML, like Gecko) Chrome/142.0.0.0 Safari/537.36"
103.110.250.49 - - [13/Nov/2025:14:16:08 +0530] "GET /ngsw.json?ngsw-cache-bust=0.16797060241781392 HTTP/1.1" 200 12508 "https://my.cerill.com/ngsw-worker.js" "Mozilla/5.0 (Windows NT 10.0; Win64; x64) AppleWebKit/537.36 (KHTML, like Gecko) Chrome/142.0.0.0 Safari/537.36"
103.110.250.49 - - [13/Nov/2025:14:16:18 +0530] "GET /ngsw-worker.js HTTP/1.1" 304 - "https://my.cerill.com/ngsw-worker.js" "Mozilla/5.0 (Windows NT 10.0; Win64; x64) AppleWebKit/537.36 (KHTML, like Gecko) Chrome/142.0.0.0 Safari/537.36"
103.110.250.49 - - [13/Nov/2025:14:16:22 +0530] "GET /ngsw.json?ngsw-cache-bust=0.4578908364265961 HTTP/1.1" 200 12508 "https://my.cerill.com/ngsw-worker.js" "Mozilla/5.0 (Windows NT 10.0; Win64; x64) AppleWebKit/537.36 (KHTML, like Gecko) Chrome/142.0.0.0 Safari/537.36"
103.110.248.179 - - [13/Nov/2025:14:16:52 +0530] "GET /ngsw.json?ngsw-cache-bust=0.7996987035105627 HTTP/1.1" 200 12508 "https://my.cerill.com/ngsw-worker.js" "Mozilla/5.0 (Windows NT 10.0; Win64; x64) AppleWebKit/537.36 (KHTML, like Gecko) Chrome/109.0.0.0 Safari/537.36"
103.110.250.49 - - [13/Nov/2025:14:19:51 +0530] "GET /ngsw.json?ngsw-cache-bust=0.41915867100740734 HTTP/1.1" 200 12508 "https://my.cerill.com/ngsw-worker.js" "Mozilla/5.0 (Windows NT 10.0; Win64; x64) AppleWebKit/537.36 (KHTML, like Gecko) Chrome/142.0.0.0 Safari/537.36"
103.110.250.49 - - [13/Nov/2025:14:20:44 +0530] "GET /ngsw-worker.js HTTP/1.1" 304 - "https://my.cerill.com/ngsw-worker.js" "Mozilla/5.0 (Windows NT 10.0; Win64; x64) AppleWebKit/537.36 (KHTML, like Gecko) Chrome/142.0.0.0 Safari/537.36"
103.110.250.49 - - [13/Nov/2025:14:20:47 +0530] "GET /ngsw.json?ngsw-cache-bust=0.6484399944274055 HTTP/1.1" 200 12508 "https://my.cerill.com/ngsw-worker.js" "Mozilla/5.0 (Windows NT 10.0; Win64; x64) AppleWebKit/537.36 (KHTML, like Gecko) Chrome/142.0.0.0 Safari/537.36"
64.233.173.201 - - [13/Nov/2025:14:35:52 +0530] "GET /.well-known/assetlinks.json HTTP/1.1" 404 196 "-" "GoogleAssociationService"
64.233.173.202 - - [13/Nov/2025:14:35:52 +0530] "GET /.well-known/assetlinks.json HTTP/1.1" 404 196 "-" "GoogleAssociationService"
152.58.106.224 - - [13/Nov/2025:14:38:45 +0530] "GET /ngsw-worker.js HTTP/1.1" 304 - "https://my.cerill.com/ngsw-worker.js" "Mozilla/5.0 (Windows NT 10.0; Win64; x64) AppleWebKit/537.36 (KHTML, like Gecko) Chrome/142.0.0.0 Safari/537.36"
152.58.106.224 - - [13/Nov/2025:14:38:53 +0530] "GET /ngsw.json?ngsw-cache-bust=0.29600778078815104 HTTP/1.1" 200 12508 "https://my.cerill.com/ngsw-worker.js" "Mozilla/5.0 (Windows NT 10.0; Win64; x64) AppleWebKit/537.36 (KHTML, like Gecko) Chrome/142.0.0.0 Safari/537.36"
152.58.106.224 - - [13/Nov/2025:14:38:53 +0530] "GET /ngsw.json?ngsw-cache-bust=0.13567305054670853 HTTP/1.1" 200 12508 "https://my.cerill.com/ngsw-worker.js" "Mozilla/5.0 (Windows NT 10.0; Win64; x64) AppleWebKit/537.36 (KHTML, like Gecko) Chrome/142.0.0.0 Safari/537.36"
103.110.250.49 - - [13/Nov/2025:14:48:00 +0530] "GET /ngsw.json?ngsw-cache-bust=0.8999245174478736 HTTP/1.1" 200 12508 "https://my.cerill.com/ngsw-worker.js" "Mozilla/5.0 (Windows NT 10.0; Win64; x64) AppleWebKit/537.36 (KHTML, like Gecko) Chrome/142.0.0.0 Safari/537.36"
103.110.250.49 - - [13/Nov/2025:14:49:07 +0530] "GET /ngsw.json?ngsw-cache-bust=0.09495442039916635 HTTP/1.1" 200 12508 "https://my.cerill.com/ngsw-worker.js" "Mozilla/5.0 (Windows NT 10.0; Win64; x64) AppleWebKit/537.36 (KHTML, like Gecko) Chrome/142.0.0.0 Safari/537.36"
152.58.106.224 - - [13/Nov/2025:14:49:12 +0530] "GET /ngsw.json?ngsw-cache-bust=0.23476694946097365 HTTP/1.1" 200 12508 "https://my.cerill.com/ngsw-worker.js" "Mozilla/5.0 (Windows NT 10.0; Win64; x64) AppleWebKit/537.36 (KHTML, like Gecko) Chrome/142.0.0.0 Safari/537.36"
103.110.250.49 - - [13/Nov/2025:14:49:41 +0530] "GET /ngsw-worker.js HTTP/1.1" 304 - "https://my.cerill.com/ngsw-worker.js" "Mozilla/5.0 (Windows NT 10.0; Win64; x64) AppleWebKit/537.36 (KHTML, like Gecko) Chrome/142.0.0.0 Safari/537.36"
103.110.250.49 - - [13/Nov/2025:14:49:44 +0530] "GET /ngsw.json?ngsw-cache-bust=0.8005885579495079 HTTP/1.1" 200 12508 "https://my.cerill.com/ngsw-worker.js" "Mozilla/5.0 (Windows NT 10.0; Win64; x64) AppleWebKit/537.36 (KHTML, like Gecko) Chrome/142.0.0.0 Safari/537.36"
152.58.106.224 - - [13/Nov/2025:14:50:34 +0530] "GET /ngsw.json?ngsw-cache-bust=0.3161029518670999 HTTP/1.1" 200 12508 "https://my.cerill.com/ngsw-worker.js" "Mozilla/5.0 (Windows NT 10.0; Win64; x64) AppleWebKit/537.36 (KHTML, like Gecko) Chrome/142.0.0.0 Safari/537.36"
152.58.106.224 - - [13/Nov/2025:14:52:33 +0530] "GET /ngsw.json?ngsw-cache-bust=0.5151919641675377 HTTP/1.1" 200 12508 "https://my.cerill.com/ngsw-worker.js" "Mozilla/5.0 (Windows NT 10.0; Win64; x64) AppleWebKit/537.36 (KHTML, like Gecko) Chrome/142.0.0.0 Safari/537.36"
152.58.106.224 - - [13/Nov/2025:14:53:42 +0530] "GET /ngsw-worker.js HTTP/1.1" 304 - "https://my.cerill.com/ngsw-worker.js" "Mozilla/5.0 (Windows NT 10.0; Win64; x64) AppleWebKit/537.36 (KHTML, like Gecko) Chrome/142.0.0.0 Safari/537.36"
152.58.106.224 - - [13/Nov/2025:14:53:45 +0530] "GET /ngsw.json?ngsw-cache-bust=0.7036557921244018 HTTP/1.1" 200 12508 "https://my.cerill.com/ngsw-worker.js" "Mozilla/5.0 (Windows NT 10.0; Win64; x64) AppleWebKit/537.36 (KHTML, like Gecko) Chrome/142.0.0.0 Safari/537.36"
103.110.248.179 - - [13/Nov/2025:15:01:59 +0530] "GET /ngsw.json?ngsw-cache-bust=0.9318747353199381 HTTP/1.1" 200 12508 "https://my.cerill.com/ngsw-worker.js" "Mozilla/5.0 (Windows NT 10.0; Win64; x64) AppleWebKit/537.36 (KHTML, like Gecko) Chrome/109.0.0.0 Safari/537.36"
103.110.248.179 - - [13/Nov/2025:15:02:20 +0530] "GET /ngsw-worker.js HTTP/1.1" 304 - "https://my.cerill.com/ngsw-worker.js" "Mozilla/5.0 (Windows NT 10.0; Win64; x64) AppleWebKit/537.36 (KHTML, like Gecko) Chrome/109.0.0.0 Safari/537.36"
103.110.248.179 - - [13/Nov/2025:15:02:24 +0530] "GET /ngsw.json?ngsw-cache-bust=0.3048561569637769 HTTP/1.1" 200 12508 "https://my.cerill.com/ngsw-worker.js" "Mozilla/5.0 (Windows NT 10.0; Win64; x64) AppleWebKit/537.36 (KHTML, like Gecko) Chrome/109.0.0.0 Safari/537.36"
103.110.250.49 - - [13/Nov/2025:15:06:24 +0530] "GET /ngsw.json?ngsw-cache-bust=0.8237506212143674 HTTP/1.1" 200 12508 "https://my.cerill.com/ngsw-worker.js" "Mozilla/5.0 (Windows NT 10.0; Win64; x64) AppleWebKit/537.36 (KHTML, like Gecko) Chrome/142.0.0.0 Safari/537.36"
103.110.250.49 - - [13/Nov/2025:15:06:25 +0530] "GET /ngsw.json?ngsw-cache-bust=0.9121375627813619 HTTP/1.1" 200 12508 "https://my.cerill.com/ngsw-worker.js" "Mozilla/5.0 (Windows NT 10.0; Win64; x64) AppleWebKit/537.36 (KHTML, like Gecko) Chrome/142.0.0.0 Safari/537.36"
103.110.250.49 - - [13/Nov/2025:15:06:27 +0530] "GET /ngsw-worker.js HTTP/1.1" 304 - "https://my.cerill.com/ngsw-worker.js" "Mozilla/5.0 (Windows NT 10.0; Win64; x64) AppleWebKit/537.36 (KHTML, like Gecko) Chrome/142.0.0.0 Safari/537.36"
103.110.250.49 - - [13/Nov/2025:15:07:23 +0530] "GET /ngsw-worker.js HTTP/1.1" 304 - "https://my.cerill.com/ngsw-worker.js" "Mozilla/5.0 (Windows NT 10.0; Win64; x64) AppleWebKit/537.36 (KHTML, like Gecko) Chrome/142.0.0.0 Safari/537.36"
103.110.250.49 - - [13/Nov/2025:15:07:28 +0530] "GET /ngsw.json?ngsw-cache-bust=0.2402066020853898 HTTP/1.1" 200 12508 "https://my.cerill.com/ngsw-worker.js" "Mozilla/5.0 (Windows NT 10.0; Win64; x64) AppleWebKit/537.36 (KHTML, like Gecko) Chrome/142.0.0.0 Safari/537.36"
103.110.250.49 - - [13/Nov/2025:15:18:08 +0530] "GET /ngsw-worker.js HTTP/1.1" 304 - "https://my.cerill.com/ngsw-worker.js" "Mozilla/5.0 (Windows NT 10.0; Win64; x64) AppleWebKit/537.36 (KHTML, like Gecko) Chrome/142.0.0.0 Safari/537.36"
103.110.250.49 - - [13/Nov/2025:15:18:11 +0530] "GET /ngsw.json?ngsw-cache-bust=0.925510486876781 HTTP/1.1" 200 12508 "https://my.cerill.com/ngsw-worker.js" "Mozilla/5.0 (Windows NT 10.0; Win64; x64) AppleWebKit/537.36 (KHTML, like Gecko) Chrome/142.0.0.0 Safari/537.36"
103.110.250.49 - - [13/Nov/2025:15:18:12 +0530] "GET /ngsw.json?ngsw-cache-bust=0.27940375664050077 HTTP/1.1" 200 12508 "https://my.cerill.com/ngsw-worker.js" "Mozilla/5.0 (Windows NT 10.0; Win64; x64) AppleWebKit/537.36 (KHTML, like Gecko) Chrome/142.0.0.0 Safari/537.36"
152.58.106.224 - - [13/Nov/2025:15:18:40 +0530] "GET /ngsw.json?ngsw-cache-bust=0.7018302384020015 HTTP/1.1" 200 12508 "https://my.cerill.com/ngsw-worker.js" "Mozilla/5.0 (Windows NT 10.0; Win64; x64) AppleWebKit/537.36 (KHTML, like Gecko) Chrome/142.0.0.0 Safari/537.36"
103.110.250.49 - - [13/Nov/2025:15:19:43 +0530] "GET /ngsw-worker.js HTTP/1.1" 304 - "https://my.cerill.com/ngsw-worker.js" "Mozilla/5.0 (Windows NT 10.0; Win64; x64) AppleWebKit/537.36 (KHTML, like Gecko) Chrome/142.0.0.0 Safari/537.36"
152.58.106.224 - - [13/Nov/2025:15:19:44 +0530] "GET /ngsw.json?ngsw-cache-bust=0.4262728216837579 HTTP/1.1" 200 12508 "https://my.cerill.com/ngsw-worker.js" "Mozilla/5.0 (Windows NT 10.0; Win64; x64) AppleWebKit/537.36 (KHTML, like Gecko) Chrome/142.0.0.0 Safari/537.36"
103.110.250.49 - - [13/Nov/2025:15:19:46 +0530] "GET /ngsw.json?ngsw-cache-bust=0.12886230282635314 HTTP/1.1" 200 12508 "https://my.cerill.com/ngsw-worker.js" "Mozilla/5.0 (Windows NT 10.0; Win64; x64) AppleWebKit/537.36 (KHTML, like Gecko) Chrome/142.0.0.0 Safari/537.36"
103.110.250.49 - - [13/Nov/2025:15:19:46 +0530] "GET /ngsw.json?ngsw-cache-bust=0.15482801009039138 HTTP/1.1" 200 12508 "https://my.cerill.com/ngsw-worker.js" "Mozilla/5.0 (Windows NT 10.0; Win64; x64) AppleWebKit/537.36 (KHTML, like Gecko) Chrome/142.0.0.0 Safari/537.36"
103.110.248.179 - - [13/Nov/2025:15:20:27 +0530] "GET /ngsw-worker.js HTTP/1.1" 304 - "https://my.cerill.com/ngsw-worker.js" "Mozilla/5.0 (Windows NT 10.0; Win64; x64) AppleWebKit/537.36 (KHTML, like Gecko) Chrome/109.0.0.0 Safari/537.36"
103.110.248.179 - - [13/Nov/2025:15:20:32 +0530] "GET /ngsw.json?ngsw-cache-bust=0.15589222175345752 HTTP/1.1" 200 12508 "https://my.cerill.com/ngsw-worker.js" "Mozilla/5.0 (Windows NT 10.0; Win64; x64) AppleWebKit/537.36 (KHTML, like Gecko) Chrome/109.0.0.0 Safari/537.36"
103.110.248.179 - - [13/Nov/2025:15:20:33 +0530] "GET /ngsw.json?ngsw-cache-bust=0.5391362774293285 HTTP/1.1" 200 12508 "https://my.cerill.com/ngsw-worker.js" "Mozilla/5.0 (Windows NT 10.0; Win64; x64) AppleWebKit/537.36 (KHTML, like Gecko) Chrome/109.0.0.0 Safari/537.36"
103.110.250.49 - - [13/Nov/2025:15:21:27 +0530] "GET /ngsw.json?ngsw-cache-bust=0.06351206871484183 HTTP/1.1" 200 12508 "https://my.cerill.com/ngsw-worker.js" "Mozilla/5.0 (Windows NT 10.0; Win64; x64) AppleWebKit/537.36 (KHTML, like Gecko) Chrome/142.0.0.0 Safari/537.36"
152.58.106.224 - - [13/Nov/2025:15:21:35 +0530] "GET /ngsw-worker.js HTTP/1.1" 304 - "https://my.cerill.com/ngsw-worker.js" "Mozilla/5.0 (Windows NT 10.0; Win64; x64) AppleWebKit/537.36 (KHTML, like Gecko) Chrome/142.0.0.0 Safari/537.36"
152.58.106.224 - - [13/Nov/2025:15:21:39 +0530] "GET /ngsw.json?ngsw-cache-bust=0.2662786147680434 HTTP/1.1" 200 12508 "https://my.cerill.com/ngsw-worker.js" "Mozilla/5.0 (Windows NT 10.0; Win64; x64) AppleWebKit/537.36 (KHTML, like Gecko) Chrome/142.0.0.0 Safari/537.36"
103.110.248.179 - - [13/Nov/2025:15:22:22 +0530] "GET /ngsw-worker.js HTTP/1.1" 304 - "https://my.cerill.com/ngsw-worker.js" "Mozilla/5.0 (Windows NT 10.0; Win64; x64) AppleWebKit/537.36 (KHTML, like Gecko) Chrome/109.0.0.0 Safari/537.36"
103.110.248.179 - - [13/Nov/2025:15:22:25 +0530] "GET /ngsw.json?ngsw-cache-bust=0.15764279193214703 HTTP/1.1" 200 12508 "https://my.cerill.com/ngsw-worker.js" "Mozilla/5.0 (Windows NT 10.0; Win64; x64) AppleWebKit/537.36 (KHTML, like Gecko) Chrome/109.0.0.0 Safari/537.36"
103.110.248.179 - - [13/Nov/2025:15:22:26 +0530] "GET /ngsw.json?ngsw-cache-bust=0.6147360914150635 HTTP/1.1" 200 12508 "https://my.cerill.com/ngsw-worker.js" "Mozilla/5.0 (Windows NT 10.0; Win64; x64) AppleWebKit/537.36 (KHTML, like Gecko) Chrome/109.0.0.0 Safari/537.36"
103.110.248.179 - - [13/Nov/2025:15:23:55 +0530] "GET /ngsw.json?ngsw-cache-bust=0.5222794342998331 HTTP/1.1" 200 12508 "https://my.cerill.com/ngsw-worker.js" "Mozilla/5.0 (Windows NT 10.0; Win64; x64) AppleWebKit/537.36 (KHTML, like Gecko) Chrome/109.0.0.0 Safari/537.36"
152.58.106.224 - - [13/Nov/2025:15:24:34 +0530] "GET /ngsw.json?ngsw-cache-bust=0.25019506381587 HTTP/1.1" 200 12508 "https://my.cerill.com/ngsw-worker.js" "Mozilla/5.0 (Windows NT 10.0; Win64; x64) AppleWebKit/537.36 (KHTML, like Gecko) Chrome/142.0.0.0 Safari/537.36"
103.110.248.179 - - [13/Nov/2025:15:26:54 +0530] "GET /ngsw.json?ngsw-cache-bust=0.7735287750081496 HTTP/1.1" 200 12508 "https://my.cerill.com/ngsw-worker.js" "Mozilla/5.0 (Windows NT 10.0; Win64; x64) AppleWebKit/537.36 (KHTML, like Gecko) Chrome/109.0.0.0 Safari/537.36"
152.58.106.224 - - [13/Nov/2025:15:26:57 +0530] "GET /ngsw.json?ngsw-cache-bust=0.05426558544391502 HTTP/1.1" 200 12508 "https://my.cerill.com/ngsw-worker.js" "Mozilla/5.0 (Windows NT 10.0; Win64; x64) AppleWebKit/537.36 (KHTML, like Gecko) Chrome/142.0.0.0 Safari/537.36"
152.58.106.224 - - [13/Nov/2025:15:27:04 +0530] "GET /ngsw-worker.js HTTP/1.1" 304 - "https://my.cerill.com/ngsw-worker.js" "Mozilla/5.0 (Windows NT 10.0; Win64; x64) AppleWebKit/537.36 (KHTML, like Gecko) Chrome/142.0.0.0 Safari/537.36"
152.58.106.224 - - [13/Nov/2025:15:27:08 +0530] "GET /ngsw.json?ngsw-cache-bust=0.0487098395219554 HTTP/1.1" 200 12508 "https://my.cerill.com/ngsw-worker.js" "Mozilla/5.0 (Windows NT 10.0; Win64; x64) AppleWebKit/537.36 (KHTML, like Gecko) Chrome/142.0.0.0 Safari/537.36"
206.168.34.112 - - [13/Nov/2025:15:27:50 +0530] "GET / HTTP/1.1" 200 8166 "-" "Mozilla/5.0 (compatible; CensysInspect/1.1; +https://about.censys.io/)"
206.168.34.112 - - [13/Nov/2025:15:28:02 +0530] "GET /favicon.ico HTTP/1.1" 200 948 "-" "Mozilla/5.0 (compatible; CensysInspect/1.1; +https://about.censys.io/)"
152.58.106.224 - - [13/Nov/2025:15:28:32 +0530] "GET /ngsw-worker.js HTTP/1.1" 304 - "https://my.cerill.com/ngsw-worker.js" "Mozilla/5.0 (Windows NT 10.0; Win64; x64) AppleWebKit/537.36 (KHTML, like Gecko) Chrome/142.0.0.0 Safari/537.36"
152.58.106.224 - - [13/Nov/2025:15:28:36 +0530] "GET /ngsw.json?ngsw-cache-bust=0.42678372541520404 HTTP/1.1" 200 12508 "https://my.cerill.com/ngsw-worker.js" "Mozilla/5.0 (Windows NT 10.0; Win64; x64) AppleWebKit/537.36 (KHTML, like Gecko) Chrome/142.0.0.0 Safari/537.36"
152.58.106.224 - - [13/Nov/2025:15:28:37 +0530] "GET /ngsw.json?ngsw-cache-bust=0.6339419722760513 HTTP/1.1" 200 12508 "https://my.cerill.com/ngsw-worker.js" "Mozilla/5.0 (Windows NT 10.0; Win64; x64) AppleWebKit/537.36 (KHTML, like Gecko) Chrome/142.0.0.0 Safari/537.36"
103.110.250.49 - - [13/Nov/2025:15:28:50 +0530] "GET /ngsw-worker.js HTTP/1.1" 304 - "https://my.cerill.com/ngsw-worker.js" "Mozilla/5.0 (Windows NT 10.0; Win64; x64) AppleWebKit/537.36 (KHTML, like Gecko) Chrome/142.0.0.0 Safari/537.36"
103.110.250.49 - - [13/Nov/2025:15:28:54 +0530] "GET /ngsw.json?ngsw-cache-bust=0.4865806162362657 HTTP/1.1" 200 12508 "https://my.cerill.com/ngsw-worker.js" "Mozilla/5.0 (Windows NT 10.0; Win64; x64) AppleWebKit/537.36 (KHTML, like Gecko) Chrome/142.0.0.0 Safari/537.36"
103.110.250.49 - - [13/Nov/2025:15:28:54 +0530] "GET /ngsw.json?ngsw-cache-bust=0.32050774077059296 HTTP/1.1" 200 12508 "https://my.cerill.com/ngsw-worker.js" "Mozilla/5.0 (Windows NT 10.0; Win64; x64) AppleWebKit/537.36 (KHTML, like Gecko) Chrome/142.0.0.0 Safari/537.36"
152.58.106.224 - - [13/Nov/2025:15:35:28 +0530] "GET /ngsw-worker.js HTTP/1.1" 304 - "https://my.cerill.com/ngsw-worker.js" "Mozilla/5.0 (Windows NT 10.0; Win64; x64) AppleWebKit/537.36 (KHTML, like Gecko) Chrome/142.0.0.0 Safari/537.36"
152.58.106.224 - - [13/Nov/2025:15:35:32 +0530] "GET /ngsw.json?ngsw-cache-bust=0.24893434827540095 HTTP/1.1" 200 12508 "https://my.cerill.com/ngsw-worker.js" "Mozilla/5.0 (Windows NT 10.0; Win64; x64) AppleWebKit/537.36 (KHTML, like Gecko) Chrome/142.0.0.0 Safari/537.36"
152.58.106.224 - - [13/Nov/2025:15:35:33 +0530] "GET /ngsw.json?ngsw-cache-bust=0.029429560073881644 HTTP/1.1" 200 12508 "https://my.cerill.com/ngsw-worker.js" "Mozilla/5.0 (Windows NT 10.0; Win64; x64) AppleWebKit/537.36 (KHTML, like Gecko) Chrome/142.0.0.0 Safari/537.36"
152.58.106.224 - - [13/Nov/2025:15:35:48 +0530] "GET /ngsw-worker.js HTTP/1.1" 304 - "https://my.cerill.com/ngsw-worker.js" "Mozilla/5.0 (Windows NT 10.0; Win64; x64) AppleWebKit/537.36 (KHTML, like Gecko) Chrome/142.0.0.0 Safari/537.36"
152.58.106.224 - - [13/Nov/2025:15:35:52 +0530] "GET /ngsw.json?ngsw-cache-bust=0.9307840869102716 HTTP/1.1" 200 12508 "https://my.cerill.com/ngsw-worker.js" "Mozilla/5.0 (Windows NT 10.0; Win64; x64) AppleWebKit/537.36 (KHTML, like Gecko) Chrome/142.0.0.0 Safari/537.36"
152.58.106.224 - - [13/Nov/2025:15:35:55 +0530] "GET /ngsw-worker.js HTTP/1.1" 304 - "https://my.cerill.com/ngsw-worker.js" "Mozilla/5.0 (Windows NT 10.0; Win64; x64) AppleWebKit/537.36 (KHTML, like Gecko) Chrome/142.0.0.0 Safari/537.36"
152.58.106.224 - - [13/Nov/2025:15:35:59 +0530] "GET /ngsw.json?ngsw-cache-bust=0.03747437910522422 HTTP/1.1" 200 12508 "https://my.cerill.com/ngsw-worker.js" "Mozilla/5.0 (Windows NT 10.0; Win64; x64) AppleWebKit/537.36 (KHTML, like Gecko) Chrome/142.0.0.0 Safari/537.36"
103.110.248.179 - - [13/Nov/2025:15:42:53 +0530] "GET /ngsw.json?ngsw-cache-bust=0.13276310162612792 HTTP/1.1" 200 12508 "https://my.cerill.com/ngsw-worker.js" "Mozilla/5.0 (Windows NT 10.0; Win64; x64) AppleWebKit/537.36 (KHTML, like Gecko) Chrome/109.0.0.0 Safari/537.36"
103.110.248.179 - - [13/Nov/2025:15:43:50 +0530] "GET /ngsw-worker.js HTTP/1.1" 304 - "https://my.cerill.com/ngsw-worker.js" "Mozilla/5.0 (Windows NT 10.0; Win64; x64) AppleWebKit/537.36 (KHTML, like Gecko) Chrome/109.0.0.0 Safari/537.36"
103.110.248.179 - - [13/Nov/2025:15:43:53 +0530] "GET /ngsw.json?ngsw-cache-bust=0.4909974556138794 HTTP/1.1" 200 12508 "https://my.cerill.com/ngsw-worker.js" "Mozilla/5.0 (Windows NT 10.0; Win64; x64) AppleWebKit/537.36 (KHTML, like Gecko) Chrome/109.0.0.0 Safari/537.36"
103.110.248.179 - - [13/Nov/2025:15:46:43 +0530] "GET /ngsw.json?ngsw-cache-bust=0.5358998472257226 HTTP/1.1" 200 12508 "https://my.cerill.com/ngsw-worker.js" "Mozilla/5.0 (Windows NT 10.0; Win64; x64) AppleWebKit/537.36 (KHTML, like Gecko) Chrome/109.0.0.0 Safari/537.36"
103.110.250.49 - - [13/Nov/2025:15:49:54 +0530] "GET /ngsw.json?ngsw-cache-bust=0.2538687778427626 HTTP/1.1" 200 12508 "https://my.cerill.com/ngsw-worker.js" "Mozilla/5.0 (Windows NT 10.0; Win64; x64) AppleWebKit/537.36 (KHTML, like Gecko) Chrome/142.0.0.0 Safari/537.36"
103.110.250.49 - - [13/Nov/2025:15:54:34 +0530] "GET /ngsw-worker.js HTTP/1.1" 304 - "https://my.cerill.com/ngsw-worker.js" "Mozilla/5.0 (Windows NT 10.0; Win64; x64) AppleWebKit/537.36 (KHTML, like Gecko) Chrome/142.0.0.0 Safari/537.36"
103.110.250.49 - - [13/Nov/2025:15:54:38 +0530] "GET /ngsw.json?ngsw-cache-bust=0.9128730581500837 HTTP/1.1" 200 12508 "https://my.cerill.com/ngsw-worker.js" "Mozilla/5.0 (Windows NT 10.0; Win64; x64) AppleWebKit/537.36 (KHTML, like Gecko) Chrome/142.0.0.0 Safari/537.36"
103.110.250.49 - - [13/Nov/2025:15:54:38 +0530] "GET /ngsw.json?ngsw-cache-bust=0.5417789026190268 HTTP/1.1" 200 12508 "https://my.cerill.com/ngsw-worker.js" "Mozilla/5.0 (Windows NT 10.0; Win64; x64) AppleWebKit/537.36 (KHTML, like Gecko) Chrome/142.0.0.0 Safari/537.36"
152.58.78.101 - - [13/Nov/2025:15:56:03 +0530] "GET /ngsw-worker.js HTTP/1.1" 304 - "https://my.cerill.com/ngsw-worker.js" "Mozilla/5.0 (Windows NT 10.0; Win64; x64) AppleWebKit/537.36 (KHTML, like Gecko) Chrome/142.0.0.0 Safari/537.36"
152.58.78.101 - - [13/Nov/2025:15:56:07 +0530] "GET /ngsw.json?ngsw-cache-bust=0.31546583330081013 HTTP/1.1" 200 12508 "https://my.cerill.com/ngsw-worker.js" "Mozilla/5.0 (Windows NT 10.0; Win64; x64) AppleWebKit/537.36 (KHTML, like Gecko) Chrome/142.0.0.0 Safari/537.36"
152.58.78.101 - - [13/Nov/2025:15:56:09 +0530] "GET /ngsw.json?ngsw-cache-bust=0.15824357207036965 HTTP/1.1" 200 12508 "https://my.cerill.com/ngsw-worker.js" "Mozilla/5.0 (Windows NT 10.0; Win64; x64) AppleWebKit/537.36 (KHTML, like Gecko) Chrome/142.0.0.0 Safari/537.36"
103.110.248.179 - - [13/Nov/2025:16:02:16 +0530] "GET /ngsw.json?ngsw-cache-bust=0.28316634408396735 HTTP/1.1" 200 12508 "https://my.cerill.com/ngsw-worker.js" "Mozilla/5.0 (Windows NT 10.0; Win64; x64) AppleWebKit/537.36 (KHTML, like Gecko) Chrome/109.0.0.0 Safari/537.36"
103.110.250.49 - - [13/Nov/2025:16:06:42 +0530] "GET /ngsw.json?ngsw-cache-bust=0.05086272399776637 HTTP/1.1" 200 12508 "https://my.cerill.com/ngsw-worker.js" "Mozilla/5.0 (Windows NT 10.0; Win64; x64) AppleWebKit/537.36 (KHTML, like Gecko) Chrome/142.0.0.0 Safari/537.36"
103.110.248.179 - - [13/Nov/2025:16:06:48 +0530] "GET /ngsw.json?ngsw-cache-bust=0.6952768609808571 HTTP/1.1" 200 12508 "https://my.cerill.com/ngsw-worker.js" "Mozilla/5.0 (Windows NT 10.0; Win64; x64) AppleWebKit/537.36 (KHTML, like Gecko) Chrome/109.0.0.0 Safari/537.36"
167.94.146.50 - - [13/Nov/2025:16:20:56 +0530] "GET / HTTP/1.1" 200 8166 "-" "Mozilla/5.0 (compatible; CensysInspect/1.1; +https://about.censys.io/)"
167.94.146.50 - - [13/Nov/2025:16:20:57 +0530] "GET /assets/custom/images/favicon.svg HTTP/1.1" 200 3388 "-" "Mozilla/5.0 (compatible; CensysInspect/1.1; +https://about.censys.io/)"
167.94.146.50 - - [13/Nov/2025:16:20:58 +0530] "GET /favicon.ico HTTP/1.1" 200 948 "-" "Mozilla/5.0 (compatible; CensysInspect/1.1; +https://about.censys.io/)"
103.110.248.179 - - [13/Nov/2025:16:22:04 +0530] "GET /ngsw-worker.js HTTP/1.1" 304 - "https://my.cerill.com/ngsw-worker.js" "Mozilla/5.0 (Windows NT 10.0; Win64; x64) AppleWebKit/537.36 (KHTML, like Gecko) Chrome/109.0.0.0 Safari/537.36"
103.110.248.179 - - [13/Nov/2025:16:22:07 +0530] "GET /ngsw.json?ngsw-cache-bust=0.721475989545334 HTTP/1.1" 200 12508 "https://my.cerill.com/ngsw-worker.js" "Mozilla/5.0 (Windows NT 10.0; Win64; x64) AppleWebKit/537.36 (KHTML, like Gecko) Chrome/109.0.0.0 Safari/537.36"
103.110.248.179 - - [13/Nov/2025:16:22:07 +0530] "GET /ngsw.json?ngsw-cache-bust=0.1256050381072451 HTTP/1.1" 200 12508 "https://my.cerill.com/ngsw-worker.js" "Mozilla/5.0 (Windows NT 10.0; Win64; x64) AppleWebKit/537.36 (KHTML, like Gecko) Chrome/109.0.0.0 Safari/537.36"
103.110.248.179 - - [13/Nov/2025:16:22:30 +0530] "GET /ngsw-worker.js HTTP/1.1" 304 - "https://my.cerill.com/ngsw-worker.js" "Mozilla/5.0 (Windows NT 10.0; Win64; x64) AppleWebKit/537.36 (KHTML, like Gecko) Chrome/109.0.0.0 Safari/537.36"
103.110.248.179 - - [13/Nov/2025:16:22:33 +0530] "GET /ngsw.json?ngsw-cache-bust=0.423047060542586 HTTP/1.1" 200 12508 "https://my.cerill.com/ngsw-worker.js" "Mozilla/5.0 (Windows NT 10.0; Win64; x64) AppleWebKit/537.36 (KHTML, like Gecko) Chrome/109.0.0.0 Safari/537.36"
103.110.250.49 - - [13/Nov/2025:16:24:40 +0530] "GET /ngsw.json?ngsw-cache-bust=0.3634573106676451 HTTP/1.1" 200 12508 "https://my.cerill.com/ngsw-worker.js" "Mozilla/5.0 (Windows NT 10.0; Win64; x64) AppleWebKit/537.36 (KHTML, like Gecko) Chrome/142.0.0.0 Safari/537.36"
103.110.250.49 - - [13/Nov/2025:16:26:25 +0530] "GET /ngsw.json?ngsw-cache-bust=0.9178037232675934 HTTP/1.1" 200 12508 "https://my.cerill.com/ngsw-worker.js" "Mozilla/5.0 (Windows NT 10.0; Win64; x64) AppleWebKit/537.36 (KHTML, like Gecko) Chrome/142.0.0.0 Safari/537.36"
103.110.250.49 - - [13/Nov/2025:16:26:50 +0530] "GET /ngsw-worker.js HTTP/1.1" 304 - "https://my.cerill.com/ngsw-worker.js" "Mozilla/5.0 (Windows NT 10.0; Win64; x64) AppleWebKit/537.36 (KHTML, like Gecko) Chrome/142.0.0.0 Safari/537.36"
103.110.250.49 - - [13/Nov/2025:16:26:54 +0530] "GET /ngsw.json?ngsw-cache-bust=0.7096344574916438 HTTP/1.1" 200 12508 "https://my.cerill.com/ngsw-worker.js" "Mozilla/5.0 (Windows NT 10.0; Win64; x64) AppleWebKit/537.36 (KHTML, like Gecko) Chrome/142.0.0.0 Safari/537.36"
103.110.250.49 - - [13/Nov/2025:16:37:58 +0530] "GET /ngsw.json?ngsw-cache-bust=0.8175269710979891 HTTP/1.1" 200 12508 "https://my.cerill.com/ngsw-worker.js" "Mozilla/5.0 (Windows NT 10.0; Win64; x64) AppleWebKit/537.36 (KHTML, like Gecko) Chrome/142.0.0.0 Safari/537.36"
103.110.250.49 - - [13/Nov/2025:16:38:36 +0530] "GET /ngsw-worker.js HTTP/1.1" 304 - "https://my.cerill.com/ngsw-worker.js" "Mozilla/5.0 (Windows NT 10.0; Win64; x64) AppleWebKit/537.36 (KHTML, like Gecko) Chrome/142.0.0.0 Safari/537.36"
103.110.250.49 - - [13/Nov/2025:16:38:40 +0530] "GET /ngsw.json?ngsw-cache-bust=0.7919126061082914 HTTP/1.1" 200 12508 "https://my.cerill.com/ngsw-worker.js" "Mozilla/5.0 (Windows NT 10.0; Win64; x64) AppleWebKit/537.36 (KHTML, like Gecko) Chrome/142.0.0.0 Safari/537.36"
223.181.23.230 - - [13/Nov/2025:16:42:47 +0530] "GET /ngsw-worker.js HTTP/1.1" 304 - "https://my.cerill.com/ngsw-worker.js" "Mozilla/5.0 (Windows NT 10.0; Win64; x64) AppleWebKit/537.36 (KHTML, like Gecko) Chrome/142.0.0.0 Safari/537.36"
223.181.23.230 - - [13/Nov/2025:16:42:58 +0530] "GET /ngsw.json?ngsw-cache-bust=0.19245548104138743 HTTP/1.1" 200 12508 "https://my.cerill.com/ngsw-worker.js" "Mozilla/5.0 (Windows NT 10.0; Win64; x64) AppleWebKit/537.36 (KHTML, like Gecko) Chrome/142.0.0.0 Safari/537.36"
223.181.23.230 - - [13/Nov/2025:16:42:59 +0530] "GET /ngsw.json?ngsw-cache-bust=0.5289844720524355 HTTP/1.1" 200 12508 "https://my.cerill.com/ngsw-worker.js" "Mozilla/5.0 (Windows NT 10.0; Win64; x64) AppleWebKit/537.36 (KHTML, like Gecko) Chrome/142.0.0.0 Safari/537.36"
223.181.23.230 - - [13/Nov/2025:16:45:21 +0530] "GET /ngsw.json?ngsw-cache-bust=0.9603386810070169 HTTP/1.1" 200 12508 "https://my.cerill.com/ngsw-worker.js" "Mozilla/5.0 (Windows NT 10.0; Win64; x64) AppleWebKit/537.36 (KHTML, like Gecko) Chrome/142.0.0.0 Safari/537.36"
223.181.23.230 - - [13/Nov/2025:16:46:19 +0530] "GET /ngsw.json?ngsw-cache-bust=0.5197910480469372 HTTP/1.1" 200 12508 "https://my.cerill.com/ngsw-worker.js" "Mozilla/5.0 (Windows NT 10.0; Win64; x64) AppleWebKit/537.36 (KHTML, like Gecko) Chrome/142.0.0.0 Safari/537.36"
223.181.23.230 - - [13/Nov/2025:16:48:14 +0530] "GET /ngsw-worker.js HTTP/1.1" 304 - "https://my.cerill.com/ngsw-worker.js" "Mozilla/5.0 (Windows NT 10.0; Win64; x64) AppleWebKit/537.36 (KHTML, like Gecko) Chrome/142.0.0.0 Safari/537.36"
223.181.23.230 - - [13/Nov/2025:16:48:17 +0530] "GET /ngsw.json?ngsw-cache-bust=0.3968925126322621 HTTP/1.1" 200 12508 "https://my.cerill.com/ngsw-worker.js" "Mozilla/5.0 (Windows NT 10.0; Win64; x64) AppleWebKit/537.36 (KHTML, like Gecko) Chrome/142.0.0.0 Safari/537.36"
223.181.23.230 - - [13/Nov/2025:16:48:18 +0530] "GET /ngsw.json?ngsw-cache-bust=0.5337544530544401 HTTP/1.1" 200 12508 "https://my.cerill.com/ngsw-worker.js" "Mozilla/5.0 (Windows NT 10.0; Win64; x64) AppleWebKit/537.36 (KHTML, like Gecko) Chrome/142.0.0.0 Safari/537.36"
103.110.250.49 - - [13/Nov/2025:17:12:58 +0530] "GET /ngsw-worker.js HTTP/1.1" 304 - "https://my.cerill.com/ngsw-worker.js" "Mozilla/5.0 (Windows NT 10.0; Win64; x64) AppleWebKit/537.36 (KHTML, like Gecko) Chrome/142.0.0.0 Safari/537.36"
103.110.250.49 - - [13/Nov/2025:17:13:01 +0530] "GET /ngsw.json?ngsw-cache-bust=0.5221736384933777 HTTP/1.1" 200 12508 "https://my.cerill.com/ngsw-worker.js" "Mozilla/5.0 (Windows NT 10.0; Win64; x64) AppleWebKit/537.36 (KHTML, like Gecko) Chrome/142.0.0.0 Safari/537.36"
103.110.250.49 - - [13/Nov/2025:17:13:01 +0530] "GET /ngsw.json?ngsw-cache-bust=0.7738898266203127 HTTP/1.1" 200 12508 "https://my.cerill.com/ngsw-worker.js" "Mozilla/5.0 (Windows NT 10.0; Win64; x64) AppleWebKit/537.36 (KHTML, like Gecko) Chrome/142.0.0.0 Safari/537.36"
103.110.250.49 - - [13/Nov/2025:17:27:19 +0530] "GET /ngsw-worker.js HTTP/1.1" 304 - "https://my.cerill.com/ngsw-worker.js" "Mozilla/5.0 (Linux; Android 10; K) AppleWebKit/537.36 (KHTML, like Gecko) Chrome/142.0.0.0 Mobile Safari/537.36"
103.110.250.49 - - [13/Nov/2025:17:27:21 +0530] "GET /ngsw-worker.js HTTP/1.1" 304 - "https://my.cerill.com/ngsw-worker.js" "Mozilla/5.0 (Linux; Android 10; K) AppleWebKit/537.36 (KHTML, like Gecko) Chrome/142.0.0.0 Mobile Safari/537.36"
103.110.250.49 - - [13/Nov/2025:17:27:23 +0530] "GET /ngsw-worker.js HTTP/1.1" 304 - "https://my.cerill.com/ngsw-worker.js" "Mozilla/5.0 (Linux; Android 10; K) AppleWebKit/537.36 (KHTML, like Gecko) Chrome/142.0.0.0 Mobile Safari/537.36"
103.110.250.49 - - [13/Nov/2025:17:27:27 +0530] "GET /ngsw.json?ngsw-cache-bust=0.8031768055627411 HTTP/1.1" 200 12508 "https://my.cerill.com/ngsw-worker.js" "Mozilla/5.0 (Linux; Android 10; K) AppleWebKit/537.36 (KHTML, like Gecko) Chrome/142.0.0.0 Mobile Safari/537.36"
103.110.250.49 - - [13/Nov/2025:17:27:27 +0530] "GET /ngsw.json?ngsw-cache-bust=0.15020476047467923 HTTP/1.1" 200 12508 "https://my.cerill.com/ngsw-worker.js" "Mozilla/5.0 (Linux; Android 10; K) AppleWebKit/537.36 (KHTML, like Gecko) Chrome/142.0.0.0 Mobile Safari/537.36"
103.110.250.49 - - [13/Nov/2025:17:28:10 +0530] "GET /ngsw-worker.js HTTP/1.1" 304 - "https://my.cerill.com/ngsw-worker.js" "Mozilla/5.0 (Linux; Android 10; K) AppleWebKit/537.36 (KHTML, like Gecko) Chrome/142.0.0.0 Mobile Safari/537.36"
72.14.201.142 - - [13/Nov/2025:17:29:53 +0530] "GET / HTTP/1.1" 200 8166 "https://www.google.com/" "Mozilla/5.0 (Linux; Android 10; K) AppleWebKit/537.36 (KHTML, like Gecko) Chrome/142.0.0.0 Mobile Safari/537.36"
64.233.173.203 - - [13/Nov/2025:17:29:53 +0530] "GET /.well-known/traffic-advice HTTP/1.1" 404 196 "-" "Chrome Privacy Preserving Prefetch Proxy"
103.110.250.49 - - [13/Nov/2025:17:39:44 +0530] "GET /ngsw.json?ngsw-cache-bust=0.9533855441340895 HTTP/1.1" 200 12508 "https://my.cerill.com/ngsw-worker.js" "Mozilla/5.0 (Linux; Android 10; K) AppleWebKit/537.36 (KHTML, like Gecko) Chrome/142.0.0.0 Mobile Safari/537.36"
103.110.250.49 - - [13/Nov/2025:17:41:32 +0530] "GET /ngsw-worker.js HTTP/1.1" 304 - "https://my.cerill.com/ngsw-worker.js" "Mozilla/5.0 (Linux; Android 10; K) AppleWebKit/537.36 (KHTML, like Gecko) Chrome/142.0.0.0 Mobile Safari/537.36"
103.110.250.49 - - [13/Nov/2025:17:41:35 +0530] "GET /ngsw.json?ngsw-cache-bust=0.7079808169505228 HTTP/1.1" 200 12508 "https://my.cerill.com/ngsw-worker.js" "Mozilla/5.0 (Linux; Android 10; K) AppleWebKit/537.36 (KHTML, like Gecko) Chrome/142.0.0.0 Mobile Safari/537.36"
103.110.250.49 - - [13/Nov/2025:17:41:55 +0530] "GET /fa-brands-400.86ee2658f0f3b5a5.woff2 HTTP/1.1" 200 118684 "https://my.cerill.com/ngsw-worker.js" "Mozilla/5.0 (Linux; Android 10; K) AppleWebKit/537.36 (KHTML, like Gecko) Chrome/142.0.0.0 Mobile Safari/537.36"
103.110.250.49 - - [13/Nov/2025:17:43:21 +0530] "GET /ngsw.json?ngsw-cache-bust=0.5650291955959175 HTTP/1.1" 200 12508 "https://my.cerill.com/ngsw-worker.js" "Mozilla/5.0 (Linux; Android 10; K) AppleWebKit/537.36 (KHTML, like Gecko) Chrome/142.0.0.0 Mobile Safari/537.36"
103.110.250.49 - - [13/Nov/2025:17:43:47 +0530] "GET /ngsw-worker.js HTTP/1.1" 304 - "https://my.cerill.com/ngsw-worker.js" "Mozilla/5.0 (Linux; Android 10; K) AppleWebKit/537.36 (KHTML, like Gecko) Chrome/142.0.0.0 Mobile Safari/537.36"
103.110.250.49 - - [13/Nov/2025:17:43:52 +0530] "GET /ngsw.json?ngsw-cache-bust=0.8609567785158062 HTTP/1.1" 200 12508 "https://my.cerill.com/ngsw-worker.js" "Mozilla/5.0 (Linux; Android 10; K) AppleWebKit/537.36 (KHTML, like Gecko) Chrome/142.0.0.0 Mobile Safari/537.36"
103.110.250.49 - - [13/Nov/2025:17:44:27 +0530] "GET /ngsw-worker.js HTTP/1.1" 304 - "https://my.cerill.com/ngsw-worker.js" "Mozilla/5.0 (Linux; Android 10; K) AppleWebKit/537.36 (KHTML, like Gecko) Chrome/142.0.0.0 Mobile Safari/537.36"
103.110.250.49 - - [13/Nov/2025:17:44:30 +0530] "GET /ngsw.json?ngsw-cache-bust=0.9667418877327958 HTTP/1.1" 200 12508 "https://my.cerill.com/ngsw-worker.js" "Mozilla/5.0 (Linux; Android 10; K) AppleWebKit/537.36 (KHTML, like Gecko) Chrome/142.0.0.0 Mobile Safari/537.36"
223.181.23.230 - - [13/Nov/2025:17:44:48 +0530] "GET /ngsw.json?ngsw-cache-bust=0.40984589472771216 HTTP/1.1" 200 12508 "https://my.cerill.com/ngsw-worker.js" "Mozilla/5.0 (Windows NT 10.0; Win64; x64) AppleWebKit/537.36 (KHTML, like Gecko) Chrome/142.0.0.0 Safari/537.36"
103.110.250.49 - - [13/Nov/2025:17:45:04 +0530] "GET /ngsw-worker.js HTTP/1.1" 304 - "https://my.cerill.com/ngsw-worker.js" "Mozilla/5.0 (Linux; Android 10; K) AppleWebKit/537.36 (KHTML, like Gecko) Chrome/142.0.0.0 Mobile Safari/537.36"
103.110.250.49 - - [13/Nov/2025:17:45:09 +0530] "GET /ngsw.json?ngsw-cache-bust=0.6631414307493776 HTTP/1.1" 200 12508 "https://my.cerill.com/ngsw-worker.js" "Mozilla/5.0 (Linux; Android 10; K) AppleWebKit/537.36 (KHTML, like Gecko) Chrome/142.0.0.0 Mobile Safari/537.36"
103.110.250.49 - - [13/Nov/2025:17:46:16 +0530] "GET /ngsw.json?ngsw-cache-bust=0.22807525528745165 HTTP/1.1" 200 12508 "https://my.cerill.com/ngsw-worker.js" "Mozilla/5.0 (Windows NT 10.0; Win64; x64) AppleWebKit/537.36 (KHTML, like Gecko) Chrome/142.0.0.0 Safari/537.36"
103.110.250.49 - - [13/Nov/2025:17:47:10 +0530] "GET /ngsw-worker.js HTTP/1.1" 304 - "https://my.cerill.com/ngsw-worker.js" "Mozilla/5.0 (Linux; Android 10; K) AppleWebKit/537.36 (KHTML, like Gecko) Chrome/142.0.0.0 Mobile Safari/537.36"
103.110.250.49 - - [13/Nov/2025:17:47:14 +0530] "GET /ngsw.json?ngsw-cache-bust=0.10803297399233391 HTTP/1.1" 200 12508 "https://my.cerill.com/ngsw-worker.js" "Mozilla/5.0 (Linux; Android 10; K) AppleWebKit/537.36 (KHTML, like Gecko) Chrome/142.0.0.0 Mobile Safari/537.36"
103.110.250.49 - - [13/Nov/2025:17:47:22 +0530] "GET /ngsw-worker.js HTTP/1.1" 304 - "https://my.cerill.com/ngsw-worker.js" "Mozilla/5.0 (Windows NT 10.0; Win64; x64) AppleWebKit/537.36 (KHTML, like Gecko) Chrome/142.0.0.0 Safari/537.36"
103.110.250.49 - - [13/Nov/2025:17:47:25 +0530] "GET /ngsw.json?ngsw-cache-bust=0.19291741578222876 HTTP/1.1" 200 12508 "https://my.cerill.com/ngsw-worker.js" "Mozilla/5.0 (Windows NT 10.0; Win64; x64) AppleWebKit/537.36 (KHTML, like Gecko) Chrome/142.0.0.0 Safari/537.36"
103.110.250.49 - - [13/Nov/2025:17:47:35 +0530] "GET /ngsw-worker.js HTTP/1.1" 304 - "https://my.cerill.com/ngsw-worker.js" "Mozilla/5.0 (Linux; Android 10; K) AppleWebKit/537.36 (KHTML, like Gecko) Chrome/142.0.0.0 Mobile Safari/537.36"
103.110.250.49 - - [13/Nov/2025:17:47:38 +0530] "GET /ngsw.json?ngsw-cache-bust=0.47633407060301036 HTTP/1.1" 200 12508 "https://my.cerill.com/ngsw-worker.js" "Mozilla/5.0 (Linux; Android 10; K) AppleWebKit/537.36 (KHTML, like Gecko) Chrome/142.0.0.0 Mobile Safari/537.36"
199.45.155.88 - - [13/Nov/2025:18:04:58 +0530] "GET / HTTP/1.1" 200 8166 "-" "Mozilla/5.0 (compatible; CensysInspect/1.1; +https://about.censys.io/)"
152.59.118.247 - - [13/Nov/2025:18:16:26 +0530] "GET /ngsw-worker.js HTTP/1.1" 304 - "https://my.cerill.com/ngsw-worker.js" "Mozilla/5.0 (Linux; Android 10; K) AppleWebKit/537.36 (KHTML, like Gecko) SamsungBrowser/29.0 Chrome/136.0.0.0 Mobile Safari/537.36"
152.59.118.247 - - [13/Nov/2025:18:16:35 +0530] "GET /ngsw.json?ngsw-cache-bust=0.5935075067790156 HTTP/1.1" 200 12508 "https://my.cerill.com/ngsw-worker.js" "Mozilla/5.0 (Linux; Android 10; K) AppleWebKit/537.36 (KHTML, like Gecko) SamsungBrowser/29.0 Chrome/136.0.0.0 Mobile Safari/537.36"
152.59.118.247 - - [13/Nov/2025:18:16:37 +0530] "GET /ngsw.json?ngsw-cache-bust=0.3891610498360356 HTTP/1.1" 200 12508 "https://my.cerill.com/ngsw-worker.js" "Mozilla/5.0 (Linux; Android 10; K) AppleWebKit/537.36 (KHTML, like Gecko) SamsungBrowser/29.0 Chrome/136.0.0.0 Mobile Safari/537.36"
103.110.250.49 - - [13/Nov/2025:18:24:30 +0530] "GET /ngsw.json?ngsw-cache-bust=0.5492587075806855 HTTP/1.1" 200 12508 "https://my.cerill.com/ngsw-worker.js" "Mozilla/5.0 (Windows NT 10.0; Win64; x64) AppleWebKit/537.36 (KHTML, like Gecko) Chrome/142.0.0.0 Safari/537.36"
106.221.141.55 - - [13/Nov/2025:18:29:01 +0530] "GET /ngsw-worker.js HTTP/1.1" 304 - "https://my.cerill.com/ngsw-worker.js" "Mozilla/5.0 (Linux; Android 10; K) AppleWebKit/537.36 (KHTML, like Gecko) Chrome/141.0.0.0 Mobile Safari/537.36"
106.221.141.55 - - [13/Nov/2025:18:29:02 +0530] "GET /styles.5bca02722b6d25c8.css HTTP/1.1" 304 - "https://my.cerill.com/" "Mozilla/5.0 (Linux; Android 10; K) AppleWebKit/537.36 (KHTML, like Gecko) Chrome/141.0.0.0 Mobile Safari/537.36"
106.221.141.55 - - [13/Nov/2025:18:29:02 +0530] "GET /fa-solid-900.ee6983981ffcbb41.woff2 HTTP/1.1" 304 - "https://my.cerill.com/" "Mozilla/5.0 (Linux; Android 10; K) AppleWebKit/537.36 (KHTML, like Gecko) Chrome/141.0.0.0 Mobile Safari/537.36"
106.221.141.55 - - [13/Nov/2025:18:29:09 +0530] "GET /ngsw.json?ngsw-cache-bust=0.28488546966275796 HTTP/1.1" 200 12508 "https://my.cerill.com/ngsw-worker.js" "Mozilla/5.0 (Linux; Android 10; K) AppleWebKit/537.36 (KHTML, like Gecko) Chrome/141.0.0.0 Mobile Safari/537.36"
106.221.141.55 - - [13/Nov/2025:18:29:10 +0530] "GET /ngsw.json?ngsw-cache-bust=0.5385707331511176 HTTP/1.1" 200 12508 "https://my.cerill.com/ngsw-worker.js" "Mozilla/5.0 (Linux; Android 10; K) AppleWebKit/537.36 (KHTML, like Gecko) Chrome/141.0.0.0 Mobile Safari/537.36"
103.224.33.196 - - [13/Nov/2025:18:29:17 +0530] "GET / HTTP/1.1" 200 8166 "https://www.google.com/" "Mozilla/5.0 (Linux; Android 10; K) AppleWebKit/537.36 (KHTML, like Gecko) Chrome/141.0.0.0 Mobile Safari/537.36"
