138.68.86.32 - - [09/Nov/2025:08:59:12 +0530] "GET /v3/api-docs HTTP/1.1" 404 196 "-" "Mozilla/5.0 (l9scan/2.0.337313e2634313e2334323e2633313; +https://leakix.net)"
64.227.70.2 - - [09/Nov/2025:08:59:12 +0530] "GET /debug/default/view?panel=config HTTP/1.1" 404 196 "-" "Go-http-client/1.1"
138.68.86.32 - - [09/Nov/2025:08:59:12 +0530] "GET /login.action HTTP/1.1" 404 196 "-" "Go-http-client/1.1"
64.227.70.2 - - [09/Nov/2025:08:59:12 +0530] "GET /v2/_catalog HTTP/1.1" 404 196 "-" "Go-http-client/1.1"
64.227.70.2 - - [09/Nov/2025:08:59:12 +0530] "GET /ecp/Current/exporttool/microsoft.exchange.ediscovery.exporttool.application HTTP/1.1" 404 196 "-" "Go-http-client/1.1"
138.68.86.32 - - [09/Nov/2025:08:59:12 +0530] "GET /_all_dbs HTTP/1.1" 404 196 "-" "Mozilla/5.0 (l9scan/2.0.337313e2634313e2334323e2633313; +https://leakix.net)"
159.89.12.166 - - [09/Nov/2025:08:59:12 +0530] "POST /api HTTP/1.1" 404 196 "-" "Mozilla/5.0 (l9scan/2.0.337313e2634313e2334323e2633313; +https://leakix.net)"
138.68.86.32 - - [09/Nov/2025:08:59:12 +0530] "GET /api-docs/swagger.json HTTP/1.1" 404 196 "-" "Mozilla/5.0 (l9scan/2.0.337313e2634313e2334323e2633313; +https://leakix.net)"
138.68.86.32 - - [09/Nov/2025:08:59:12 +0530] "GET /.DS_Store HTTP/1.1" 404 196 "-" "Go-http-client/1.1"
138.68.86.32 - - [09/Nov/2025:08:59:12 +0530] "GET /.env HTTP/1.1" 404 196 "-" "Go-http-client/1.1"
64.227.70.2 - - [09/Nov/2025:08:59:12 +0530] "GET /server-status HTTP/1.1" 403 199 "-" "Go-http-client/1.1"
138.68.86.32 - - [09/Nov/2025:08:59:12 +0530] "GET /api/swagger.json HTTP/1.1" 404 196 "-" "Mozilla/5.0 (l9scan/2.0.337313e2634313e2334323e2633313; +https://leakix.net)"
64.227.70.2 - - [09/Nov/2025:08:59:12 +0530] "GET /login.action HTTP/1.1" 404 196 "-" "Go-http-client/1.1"
64.227.70.2 - - [09/Nov/2025:08:59:12 +0530] "GET /_all_dbs HTTP/1.1" 404 196 "-" "Mozilla/5.0 (l9scan/2.0.337313e2634313e2334323e2633313; +https://leakix.net)"
138.68.86.32 - - [09/Nov/2025:08:59:12 +0530] "GET /.git/config HTTP/1.1" 404 196 "-" "Go-http-client/1.1"
64.227.70.2 - - [09/Nov/2025:08:59:12 +0530] "GET /.DS_Store HTTP/1.1" 404 196 "-" "Go-http-client/1.1"
159.89.12.166 - - [09/Nov/2025:08:59:12 +0530] "POST /api/graphql HTTP/1.1" 404 196 "-" "Mozilla/5.0 (l9scan/2.0.337313e2634313e2334323e2633313; +https://leakix.net)"
64.227.70.2 - - [09/Nov/2025:08:59:12 +0530] "GET /.env HTTP/1.1" 404 196 "-" "Go-http-client/1.1"
138.68.86.32 - - [09/Nov/2025:08:59:12 +0530] "GET /s/337313e2634313e2334323e2633313/_/;/META-INF/maven/com.atlassian.jira/jira-webapp-dist/pom.properties HTTP/1.1" 404 196 "-" "Go-http-client/1.1"
64.227.70.2 - - [09/Nov/2025:08:59:12 +0530] "GET /.git/config HTTP/1.1" 404 196 "-" "Go-http-client/1.1"
138.68.86.32 - - [09/Nov/2025:08:59:12 +0530] "GET /@vite/env HTTP/1.1" 404 196 "-" "Go-http-client/1.1"
138.68.86.32 - - [09/Nov/2025:08:59:12 +0530] "GET /config.json HTTP/1.1" 404 196 "-" "Go-http-client/1.1"
64.227.70.2 - - [09/Nov/2025:08:59:12 +0530] "GET /s/337313e2634313e2334323e2633313/_/;/META-INF/maven/com.atlassian.jira/jira-webapp-dist/pom.properties HTTP/1.1" 404 196 "-" "Go-http-client/1.1"
64.227.70.2 - - [09/Nov/2025:08:59:12 +0530] "GET /config.json HTTP/1.1" 404 196 "-" "Go-http-client/1.1"
138.68.86.32 - - [09/Nov/2025:08:59:12 +0530] "GET /telescope/requests HTTP/1.1" 404 196 "-" "Go-http-client/1.1"
64.227.70.2 - - [09/Nov/2025:08:59:12 +0530] "GET /telescope/requests HTTP/1.1" 404 196 "-" "Go-http-client/1.1"
138.68.86.32 - - [09/Nov/2025:08:59:12 +0530] "GET /actuator/env HTTP/1.1" 404 196 "-" "Go-http-client/1.1"
138.68.86.32 - - [09/Nov/2025:08:59:12 +0530] "GET /info.php HTTP/1.1" 404 16 "-" "Go-http-client/1.1"
159.89.12.166 - - [09/Nov/2025:08:59:12 +0530] "POST /graphql/api HTTP/1.1" 404 196 "-" "Mozilla/5.0 (l9scan/2.0.337313e2634313e2334323e2633313; +https://leakix.net)"
64.227.70.2 - - [09/Nov/2025:08:59:12 +0530] "GET /info.php HTTP/1.1" 404 16 "-" "Go-http-client/1.1"
138.68.86.32 - - [09/Nov/2025:08:59:12 +0530] "GET /?rest_route=/wp/v2/users/ HTTP/1.1" 200 8166 "-" "Go-http-client/1.1"
138.68.86.32 - - [09/Nov/2025:08:59:12 +0530] "GET /server HTTP/1.1" 404 196 "-" "Go-http-client/1.1"
64.227.70.2 - - [09/Nov/2025:08:59:12 +0530] "GET /?rest_route=/wp/v2/users/ HTTP/1.1" 200 8166 "-" "Go-http-client/1.1"
138.68.86.32 - - [09/Nov/2025:08:59:12 +0530] "GET /.vscode/sftp.json HTTP/1.1" 404 196 "-" "Go-http-client/1.1"
138.68.86.32 - - [09/Nov/2025:08:59:12 +0530] "GET /about HTTP/1.1" 404 196 "-" "Go-http-client/1.1"
138.68.86.32 - - [09/Nov/2025:08:59:12 +0530] "GET /debug/default/view?panel=config HTTP/1.1" 404 196 "-" "Go-http-client/1.1"
159.89.12.166 - - [09/Nov/2025:08:59:12 +0530] "POST /api/gql HTTP/1.1" 404 196 "-" "Mozilla/5.0 (l9scan/2.0.337313e2634313e2334323e2633313; +https://leakix.net)"
138.68.86.32 - - [09/Nov/2025:08:59:13 +0530] "GET /v2/_catalog HTTP/1.1" 404 196 "-" "Go-http-client/1.1"
138.68.86.32 - - [09/Nov/2025:08:59:13 +0530] "GET /ecp/Current/exporttool/microsoft.exchange.ediscovery.exporttool.application HTTP/1.1" 404 196 "-" "Go-http-client/1.1"
138.68.86.32 - - [09/Nov/2025:08:59:13 +0530] "GET /server-status HTTP/1.1" 403 199 "-" "Go-http-client/1.1"
138.68.86.32 - - [09/Nov/2025:08:59:13 +0530] "GET /login.action HTTP/1.1" 404 196 "-" "Go-http-client/1.1"
138.68.86.32 - - [09/Nov/2025:08:59:13 +0530] "GET /_all_dbs HTTP/1.1" 404 196 "-" "Mozilla/5.0 (l9scan/2.0.337313e2634313e2334323e2633313; +https://leakix.net)"
138.68.86.32 - - [09/Nov/2025:08:59:13 +0530] "GET /.DS_Store HTTP/1.1" 404 196 "-" "Go-http-client/1.1"
138.68.86.32 - - [09/Nov/2025:08:59:13 +0530] "GET /.env HTTP/1.1" 404 196 "-" "Go-http-client/1.1"
138.68.86.32 - - [09/Nov/2025:08:59:13 +0530] "GET /.git/config HTTP/1.1" 404 196 "-" "Go-http-client/1.1"
138.68.86.32 - - [09/Nov/2025:08:59:13 +0530] "GET /s/337313e2634313e2334323e2633313/_/;/META-INF/maven/com.atlassian.jira/jira-webapp-dist/pom.properties HTTP/1.1" 404 196 "-" "Go-http-client/1.1"
159.89.12.166 - - [09/Nov/2025:08:59:13 +0530] "GET /swagger-ui.html HTTP/1.1" 404 196 "-" "Mozilla/5.0 (l9scan/2.0.337313e2634313e2334323e2633313; +https://leakix.net)"
138.68.86.32 - - [09/Nov/2025:08:59:13 +0530] "GET /config.json HTTP/1.1" 404 196 "-" "Go-http-client/1.1"
138.68.86.32 - - [09/Nov/2025:08:59:13 +0530] "GET /telescope/requests HTTP/1.1" 404 196 "-" "Go-http-client/1.1"
138.68.86.32 - - [09/Nov/2025:08:59:13 +0530] "GET /info.php HTTP/1.1" 404 16 "-" "Go-http-client/1.1"
138.68.86.32 - - [09/Nov/2025:08:59:13 +0530] "GET /?rest_route=/wp/v2/users/ HTTP/1.1" 200 8166 "-" "Go-http-client/1.1"
159.89.12.166 - - [09/Nov/2025:08:59:13 +0530] "GET /swagger/index.html HTTP/1.1" 404 196 "-" "Mozilla/5.0 (l9scan/2.0.337313e2634313e2334323e2633313; +https://leakix.net)"
159.89.12.166 - - [09/Nov/2025:08:59:13 +0530] "GET /swagger/swagger-ui.html HTTP/1.1" 404 196 "-" "Mozilla/5.0 (l9scan/2.0.337313e2634313e2334323e2633313; +https://leakix.net)"
159.89.12.166 - - [09/Nov/2025:08:59:14 +0530] "GET /webjars/swagger-ui/index.html HTTP/1.1" 404 196 "-" "Mozilla/5.0 (l9scan/2.0.337313e2634313e2334323e2633313; +https://leakix.net)"
159.89.12.166 - - [09/Nov/2025:08:59:14 +0530] "GET /swagger.json HTTP/1.1" 404 196 "-" "Mozilla/5.0 (l9scan/2.0.337313e2634313e2334323e2633313; +https://leakix.net)"
159.89.12.166 - - [09/Nov/2025:08:59:14 +0530] "GET /swagger/v1/swagger.json HTTP/1.1" 404 196 "-" "Mozilla/5.0 (l9scan/2.0.337313e2634313e2334323e2633313; +https://leakix.net)"
159.89.12.166 - - [09/Nov/2025:08:59:15 +0530] "GET /v2/api-docs HTTP/1.1" 404 196 "-" "Mozilla/5.0 (l9scan/2.0.337313e2634313e2334323e2633313; +https://leakix.net)"
159.89.12.166 - - [09/Nov/2025:08:59:15 +0530] "GET /v3/api-docs HTTP/1.1" 404 196 "-" "Mozilla/5.0 (l9scan/2.0.337313e2634313e2334323e2633313; +https://leakix.net)"
159.89.12.166 - - [09/Nov/2025:08:59:15 +0530] "GET /api-docs/swagger.json HTTP/1.1" 404 196 "-" "Mozilla/5.0 (l9scan/2.0.337313e2634313e2334323e2633313; +https://leakix.net)"
159.89.12.166 - - [09/Nov/2025:08:59:15 +0530] "GET /api/swagger.json HTTP/1.1" 404 196 "-" "Mozilla/5.0 (l9scan/2.0.337313e2634313e2334323e2633313; +https://leakix.net)"
159.89.12.166 - - [09/Nov/2025:08:59:16 +0530] "GET /@vite/env HTTP/1.1" 404 196 "-" "Go-http-client/1.1"
159.89.12.166 - - [09/Nov/2025:08:59:16 +0530] "GET /actuator/env HTTP/1.1" 404 196 "-" "Go-http-client/1.1"
159.89.12.166 - - [09/Nov/2025:08:59:16 +0530] "GET /server HTTP/1.1" 404 196 "-" "Go-http-client/1.1"
159.89.12.166 - - [09/Nov/2025:08:59:16 +0530] "GET /.vscode/sftp.json HTTP/1.1" 404 196 "-" "Go-http-client/1.1"
159.89.12.166 - - [09/Nov/2025:08:59:17 +0530] "GET /about HTTP/1.1" 404 196 "-" "Go-http-client/1.1"
159.89.12.166 - - [09/Nov/2025:08:59:17 +0530] "GET /debug/default/view?panel=config HTTP/1.1" 404 196 "-" "Go-http-client/1.1"
159.89.12.166 - - [09/Nov/2025:08:59:17 +0530] "GET /v2/_catalog HTTP/1.1" 404 196 "-" "Go-http-client/1.1"
159.89.12.166 - - [09/Nov/2025:08:59:17 +0530] "GET /ecp/Current/exporttool/microsoft.exchange.ediscovery.exporttool.application HTTP/1.1" 404 196 "-" "Go-http-client/1.1"
159.89.12.166 - - [09/Nov/2025:08:59:18 +0530] "GET /server-status HTTP/1.1" 403 199 "-" "Go-http-client/1.1"
159.89.12.166 - - [09/Nov/2025:08:59:18 +0530] "GET /login.action HTTP/1.1" 404 196 "-" "Go-http-client/1.1"
159.89.12.166 - - [09/Nov/2025:08:59:18 +0530] "GET /_all_dbs HTTP/1.1" 404 196 "-" "Mozilla/5.0 (l9scan/2.0.337313e2634313e2334323e2633313; +https://leakix.net)"
159.89.12.166 - - [09/Nov/2025:08:59:18 +0530] "GET /.DS_Store HTTP/1.1" 404 196 "-" "Go-http-client/1.1"
159.89.12.166 - - [09/Nov/2025:08:59:19 +0530] "GET /.env HTTP/1.1" 404 196 "-" "Go-http-client/1.1"
159.89.12.166 - - [09/Nov/2025:08:59:19 +0530] "GET /.git/config HTTP/1.1" 404 196 "-" "Go-http-client/1.1"
159.89.12.166 - - [09/Nov/2025:08:59:19 +0530] "GET /s/337313e2634313e2334323e2633313/_/;/META-INF/maven/com.atlassian.jira/jira-webapp-dist/pom.properties HTTP/1.1" 404 196 "-" "Go-http-client/1.1"
159.89.12.166 - - [09/Nov/2025:08:59:19 +0530] "GET /config.json HTTP/1.1" 404 196 "-" "Go-http-client/1.1"
159.89.12.166 - - [09/Nov/2025:08:59:19 +0530] "GET /telescope/requests HTTP/1.1" 404 196 "-" "Go-http-client/1.1"
159.89.12.166 - - [09/Nov/2025:08:59:19 +0530] "GET /info.php HTTP/1.1" 404 16 "-" "Go-http-client/1.1"
159.89.12.166 - - [09/Nov/2025:08:59:19 +0530] "GET /?rest_route=/wp/v2/users/ HTTP/1.1" 200 8166 "-" "Go-http-client/1.1"
195.211.77.140 - - [09/Nov/2025:08:59:22 +0530] "HEAD / HTTP/1.1" 200 - "-" "Mozilla/5.0 (Windows NT 10.0; Win64; x64) AppleWebKit/537.36 (KHTML, like Gecko) Chrome/108.0.0.0 Safari/537.36"
195.211.77.142 - - [09/Nov/2025:08:59:35 +0530] "GET / HTTP/1.1" 200 8166 "-" "Mozilla/5.0 (Windows NT 10.0; Win64; x64) AppleWebKit/537.36 (KHTML, like Gecko) Chrome/108.0.0.0 Safari/537.36"
103.110.250.49 - - [09/Nov/2025:09:02:17 +0530] "GET /ngsw-worker.js HTTP/1.1" 200 84115 "https://my.cerill.com/ngsw-worker.js" "Mozilla/5.0 (Windows NT 10.0; Win64; x64) AppleWebKit/537.36 (KHTML, like Gecko) Chrome/142.0.0.0 Safari/537.36"
103.110.250.49 - - [09/Nov/2025:09:02:29 +0530] "GET /ngsw.json?ngsw-cache-bust=0.8928874625684491 HTTP/1.1" 200 12508 "https://my.cerill.com/ngsw-worker.js" "Mozilla/5.0 (Windows NT 10.0; Win64; x64) AppleWebKit/537.36 (KHTML, like Gecko) Chrome/142.0.0.0 Safari/537.36"
103.110.250.49 - - [09/Nov/2025:09:02:29 +0530] "GET /ngsw.json?ngsw-cache-bust=0.7485206611457771 HTTP/1.1" 200 12508 "https://my.cerill.com/ngsw-worker.js" "Mozilla/5.0 (Windows NT 10.0; Win64; x64) AppleWebKit/537.36 (KHTML, like Gecko) Chrome/142.0.0.0 Safari/537.36"
103.110.250.49 - - [09/Nov/2025:09:04:39 +0530] "GET /ngsw.json?ngsw-cache-bust=0.45344325596693047 HTTP/1.1" 200 12508 "https://my.cerill.com/ngsw-worker.js" "Mozilla/5.0 (Windows NT 10.0; Win64; x64) AppleWebKit/537.36 (KHTML, like Gecko) Chrome/142.0.0.0 Safari/537.36"
103.110.250.49 - - [09/Nov/2025:09:04:57 +0530] "GET /ngsw-worker.js HTTP/1.1" 304 - "https://my.cerill.com/ngsw-worker.js" "Mozilla/5.0 (Windows NT 10.0; Win64; x64) AppleWebKit/537.36 (KHTML, like Gecko) Chrome/142.0.0.0 Safari/537.36"
103.110.250.49 - - [09/Nov/2025:09:05:01 +0530] "GET /ngsw.json?ngsw-cache-bust=0.7935736978361965 HTTP/1.1" 200 12508 "https://my.cerill.com/ngsw-worker.js" "Mozilla/5.0 (Windows NT 10.0; Win64; x64) AppleWebKit/537.36 (KHTML, like Gecko) Chrome/142.0.0.0 Safari/537.36"
128.192.12.116 - - [09/Nov/2025:09:07:55 +0530] "GET / HTTP/1.1" 200 8166 "-" "Mozilla/5.0 (compatible; UGAResearchAgent/1.0; Please visit: NISLabUGA.github.io)"
128.192.12.100 - - [09/Nov/2025:09:08:49 +0530] "GET / HTTP/1.1" 200 8166 "-" "Mozilla/5.0 (compatible; UGAResearchAgent/1.0; Please visit: NISLabUGA.github.io)"
91.231.89.98 - - [09/Nov/2025:09:22:50 +0530] "GET / HTTP/1.1" 200 8166 "-" "Mozilla/5.0 (X11; Ubuntu; Linux x86_64; rv:134.0) Gecko/20100101 Firefox/134.0"
91.231.89.122 - - [09/Nov/2025:09:26:30 +0530] "GET / HTTP/1.1" 200 8166 "-" "Mozilla/5.0 (X11; Ubuntu; Linux x86_64; rv:134.0) Gecko/20100101 Firefox/134.0"
91.196.152.154 - - [09/Nov/2025:09:33:19 +0530] "GET /favicon.ico HTTP/1.1" 200 948 "-" "Mozilla/5.0 (X11; Ubuntu; Linux x86_64; rv:134.0) Gecko/20100101 Firefox/134.0"
103.110.250.49 - - [09/Nov/2025:09:43:26 +0530] "GET /ngsw.json?ngsw-cache-bust=0.5551248150023897 HTTP/1.1" 200 12508 "https://my.cerill.com/ngsw-worker.js" "Mozilla/5.0 (Windows NT 10.0; Win64; x64) AppleWebKit/537.36 (KHTML, like Gecko) Chrome/142.0.0.0 Safari/537.36"
103.110.250.49 - - [09/Nov/2025:09:46:10 +0530] "GET /ngsw.json?ngsw-cache-bust=0.749706534960036 HTTP/1.1" 200 12508 "https://my.cerill.com/ngsw-worker.js" "Mozilla/5.0 (Windows NT 10.0; Win64; x64) AppleWebKit/537.36 (KHTML, like Gecko) Chrome/142.0.0.0 Safari/537.36"
103.110.250.49 - - [09/Nov/2025:09:46:34 +0530] "GET /ngsw-worker.js HTTP/1.1" 304 - "https://my.cerill.com/ngsw-worker.js" "Mozilla/5.0 (Windows NT 10.0; Win64; x64) AppleWebKit/537.36 (KHTML, like Gecko) Chrome/142.0.0.0 Safari/537.36"
103.110.250.49 - - [09/Nov/2025:09:46:37 +0530] "GET /ngsw.json?ngsw-cache-bust=0.25510865809877126 HTTP/1.1" 200 12508 "https://my.cerill.com/ngsw-worker.js" "Mozilla/5.0 (Windows NT 10.0; Win64; x64) AppleWebKit/537.36 (KHTML, like Gecko) Chrome/142.0.0.0 Safari/537.36"
223.181.17.191 - - [09/Nov/2025:09:50:14 +0530] "GET / HTTP/1.1" 200 8166 "android-app://com.google.android.googlequicksearchbox/" "Mozilla/5.0 (Linux; Android 10; K) AppleWebKit/537.36 (KHTML, like Gecko) Chrome/142.0.0.0 Mobile Safari/537.36"
223.181.17.191 - - [09/Nov/2025:09:50:14 +0530] "GET /polyfills.831c296c51eb72f7.js HTTP/1.1" 200 34843 "https://my.cerill.com/" "Mozilla/5.0 (Linux; Android 10; K) AppleWebKit/537.36 (KHTML, like Gecko) Chrome/142.0.0.0 Mobile Safari/537.36"
223.181.17.191 - - [09/Nov/2025:09:50:14 +0530] "GET /runtime.bcfacb1707b4e27e.js HTTP/1.1" 200 4472 "https://my.cerill.com/" "Mozilla/5.0 (Linux; Android 10; K) AppleWebKit/537.36 (KHTML, like Gecko) Chrome/142.0.0.0 Mobile Safari/537.36"
223.181.17.191 - - [09/Nov/2025:09:50:14 +0530] "GET /scripts.b538351bb7336a90.js HTTP/1.1" 200 228453 "https://my.cerill.com/" "Mozilla/5.0 (Linux; Android 10; K) AppleWebKit/537.36 (KHTML, like Gecko) Chrome/142.0.0.0 Mobile Safari/537.36"
223.181.17.191 - - [09/Nov/2025:09:50:15 +0530] "GET /styles.5bca02722b6d25c8.css HTTP/1.1" 200 395682 "https://my.cerill.com/" "Mozilla/5.0 (Linux; Android 10; K) AppleWebKit/537.36 (KHTML, like Gecko) Chrome/142.0.0.0 Mobile Safari/537.36"
223.181.17.191 - - [09/Nov/2025:09:50:14 +0530] "GET /main.fad73ec275fb78f6.js HTTP/1.1" 200 722170 "https://my.cerill.com/" "Mozilla/5.0 (Linux; Android 10; K) AppleWebKit/537.36 (KHTML, like Gecko) Chrome/142.0.0.0 Mobile Safari/537.36"
223.181.17.191 - - [09/Nov/2025:09:50:17 +0530] "GET /715.8182f782b710ae95.js HTTP/1.1" 200 219614 "https://my.cerill.com/" "Mozilla/5.0 (Linux; Android 10; K) AppleWebKit/537.36 (KHTML, like Gecko) Chrome/142.0.0.0 Mobile Safari/537.36"
223.181.17.191 - - [09/Nov/2025:09:50:17 +0530] "GET /7586.7411434da8507547.js HTTP/1.1" 200 388553 "https://my.cerill.com/" "Mozilla/5.0 (Linux; Android 10; K) AppleWebKit/537.36 (KHTML, like Gecko) Chrome/142.0.0.0 Mobile Safari/537.36"
223.181.17.191 - - [09/Nov/2025:09:50:20 +0530] "GET /2238.c9fe0e6aca5cf39e.js HTTP/1.1" 200 16164 "https://my.cerill.com/" "Mozilla/5.0 (Linux; Android 10; K) AppleWebKit/537.36 (KHTML, like Gecko) Chrome/142.0.0.0 Mobile Safari/537.36"
223.181.17.191 - - [09/Nov/2025:09:50:20 +0530] "GET /assets/custom/images/logo.png HTTP/1.1" 200 6982 "https://my.cerill.com/" "Mozilla/5.0 (Linux; Android 10; K) AppleWebKit/537.36 (KHTML, like Gecko) Chrome/142.0.0.0 Mobile Safari/537.36"
223.181.17.191 - - [09/Nov/2025:09:50:20 +0530] "GET /assets/custom/images/bg1.jpg HTTP/1.1" 200 134237 "https://my.cerill.com/" "Mozilla/5.0 (Linux; Android 10; K) AppleWebKit/537.36 (KHTML, like Gecko) Chrome/142.0.0.0 Mobile Safari/537.36"
223.181.17.191 - - [09/Nov/2025:09:50:21 +0530] "GET /ngsw-worker.js HTTP/1.1" 200 84115 "https://my.cerill.com/" "Mozilla/5.0 (Linux; Android 10; K) AppleWebKit/537.36 (KHTML, like Gecko) Chrome/142.0.0.0 Mobile Safari/537.36"
223.181.17.191 - - [09/Nov/2025:09:50:21 +0530] "GET /ngsw.json?ngsw-cache-bust=0.6934853712516098 HTTP/1.1" 200 12508 "https://my.cerill.com/ngsw-worker.js" "Mozilla/5.0 (Linux; Android 10; K) AppleWebKit/537.36 (KHTML, like Gecko) Chrome/142.0.0.0 Mobile Safari/537.36"
223.181.17.191 - - [09/Nov/2025:09:50:22 +0530] "GET /manifest.webmanifest HTTP/1.1" 200 1336 "https://my.cerill.com/ngsw-worker.js" "Mozilla/5.0 (Linux; Android 10; K) AppleWebKit/537.36 (KHTML, like Gecko) Chrome/142.0.0.0 Mobile Safari/537.36"
223.181.17.191 - - [09/Nov/2025:09:50:22 +0530] "GET /assets/custom/images/favicon.svg HTTP/1.1" 200 3388 "https://my.cerill.com/ngsw-worker.js" "Mozilla/5.0 (Linux; Android 10; K) AppleWebKit/537.36 (KHTML, like Gecko) Chrome/142.0.0.0 Mobile Safari/537.36"
223.181.17.191 - - [09/Nov/2025:09:50:22 +0530] "GET /assets/icons/icon-384x384.png HTTP/1.1" 200 5062 "https://my.cerill.com/ngsw-worker.js" "Mozilla/5.0 (Linux; Android 10; K) AppleWebKit/537.36 (KHTML, like Gecko) Chrome/142.0.0.0 Mobile Safari/537.36"
223.181.17.191 - - [09/Nov/2025:09:50:33 +0530] "GET /1197.079ad0c7d6de2e06.js HTTP/1.1" 200 2512 "https://my.cerill.com/ngsw-worker.js" "Mozilla/5.0 (Linux; Android 10; K) AppleWebKit/537.36 (KHTML, like Gecko) Chrome/142.0.0.0 Mobile Safari/537.36"
223.181.17.191 - - [09/Nov/2025:09:50:34 +0530] "GET /1371.f23f4fc94f5ed638.js HTTP/1.1" 200 4163 "https://my.cerill.com/ngsw-worker.js" "Mozilla/5.0 (Linux; Android 10; K) AppleWebKit/537.36 (KHTML, like Gecko) Chrome/142.0.0.0 Mobile Safari/537.36"
223.181.17.191 - - [09/Nov/2025:09:50:34 +0530] "GET /147.ae11e3a98dadb3de.js HTTP/1.1" 200 157377 "https://my.cerill.com/ngsw-worker.js" "Mozilla/5.0 (Linux; Android 10; K) AppleWebKit/537.36 (KHTML, like Gecko) Chrome/142.0.0.0 Mobile Safari/537.36"
223.181.17.191 - - [09/Nov/2025:09:50:35 +0530] "GET /1802.426d88b89cf08df6.js HTTP/1.1" 200 3621 "https://my.cerill.com/ngsw-worker.js" "Mozilla/5.0 (Linux; Android 10; K) AppleWebKit/537.36 (KHTML, like Gecko) Chrome/142.0.0.0 Mobile Safari/537.36"
223.181.17.191 - - [09/Nov/2025:09:50:35 +0530] "GET /1879.811d0e61cf500a48.js HTTP/1.1" 200 3723 "https://my.cerill.com/ngsw-worker.js" "Mozilla/5.0 (Linux; Android 10; K) AppleWebKit/537.36 (KHTML, like Gecko) Chrome/142.0.0.0 Mobile Safari/537.36"
223.181.17.191 - - [09/Nov/2025:09:50:35 +0530] "GET /1969.0f8048d79914f21b.js HTTP/1.1" 200 20447 "https://my.cerill.com/ngsw-worker.js" "Mozilla/5.0 (Linux; Android 10; K) AppleWebKit/537.36 (KHTML, like Gecko) Chrome/142.0.0.0 Mobile Safari/537.36"
223.181.17.191 - - [09/Nov/2025:09:50:36 +0530] "GET /2099.7e06bb1623a77a5d.js HTTP/1.1" 200 7048 "https://my.cerill.com/ngsw-worker.js" "Mozilla/5.0 (Linux; Android 10; K) AppleWebKit/537.36 (KHTML, like Gecko) Chrome/142.0.0.0 Mobile Safari/537.36"
223.181.17.191 - - [09/Nov/2025:09:50:36 +0530] "GET /2118.87b81b18ee1dd4ce.js HTTP/1.1" 200 2885 "https://my.cerill.com/ngsw-worker.js" "Mozilla/5.0 (Linux; Android 10; K) AppleWebKit/537.36 (KHTML, like Gecko) Chrome/142.0.0.0 Mobile Safari/537.36"
223.181.17.191 - - [09/Nov/2025:09:50:36 +0530] "GET /2258.ea4fcdf124aef1ce.js HTTP/1.1" 200 39890 "https://my.cerill.com/ngsw-worker.js" "Mozilla/5.0 (Linux; Android 10; K) AppleWebKit/537.36 (KHTML, like Gecko) Chrome/142.0.0.0 Mobile Safari/537.36"
223.181.17.191 - - [09/Nov/2025:09:50:36 +0530] "GET /2384.f70ae7409e677054.js HTTP/1.1" 200 62811 "https://my.cerill.com/ngsw-worker.js" "Mozilla/5.0 (Linux; Android 10; K) AppleWebKit/537.36 (KHTML, like Gecko) Chrome/142.0.0.0 Mobile Safari/537.36"
223.181.17.191 - - [09/Nov/2025:09:50:37 +0530] "GET /2405.d744495dfc7d8b36.js HTTP/1.1" 200 8284 "https://my.cerill.com/ngsw-worker.js" "Mozilla/5.0 (Linux; Android 10; K) AppleWebKit/537.36 (KHTML, like Gecko) Chrome/142.0.0.0 Mobile Safari/537.36"
223.181.17.191 - - [09/Nov/2025:09:50:37 +0530] "GET /3208.5119a1dd3277cf31.js HTTP/1.1" 200 40847 "https://my.cerill.com/ngsw-worker.js" "Mozilla/5.0 (Linux; Android 10; K) AppleWebKit/537.36 (KHTML, like Gecko) Chrome/142.0.0.0 Mobile Safari/537.36"
223.181.17.191 - - [09/Nov/2025:09:50:38 +0530] "GET /3490.dd710f5cdb1adb8c.js HTTP/1.1" 200 23691 "https://my.cerill.com/ngsw-worker.js" "Mozilla/5.0 (Linux; Android 10; K) AppleWebKit/537.36 (KHTML, like Gecko) Chrome/142.0.0.0 Mobile Safari/537.36"
223.181.17.191 - - [09/Nov/2025:09:50:38 +0530] "GET /3634.b50ebb18adc820f1.js HTTP/1.1" 200 13673 "https://my.cerill.com/ngsw-worker.js" "Mozilla/5.0 (Linux; Android 10; K) AppleWebKit/537.36 (KHTML, like Gecko) Chrome/142.0.0.0 Mobile Safari/537.36"
223.181.17.191 - - [09/Nov/2025:09:50:39 +0530] "GET /4005.bb4a9fb2d4f99ae4.js HTTP/1.1" 200 187965 "https://my.cerill.com/ngsw-worker.js" "Mozilla/5.0 (Linux; Android 10; K) AppleWebKit/537.36 (KHTML, like Gecko) Chrome/142.0.0.0 Mobile Safari/537.36"
223.181.17.191 - - [09/Nov/2025:09:50:39 +0530] "GET /4012.9474ab8ada51aa0c.js HTTP/1.1" 200 6280 "https://my.cerill.com/ngsw-worker.js" "Mozilla/5.0 (Linux; Android 10; K) AppleWebKit/537.36 (KHTML, like Gecko) Chrome/142.0.0.0 Mobile Safari/537.36"
223.181.17.191 - - [09/Nov/2025:09:50:39 +0530] "GET /4505.557992c8504446a3.js HTTP/1.1" 200 39381 "https://my.cerill.com/ngsw-worker.js" "Mozilla/5.0 (Linux; Android 10; K) AppleWebKit/537.36 (KHTML, like Gecko) Chrome/142.0.0.0 Mobile Safari/537.36"
223.181.17.191 - - [09/Nov/2025:09:50:40 +0530] "GET /4700.93dc337262b92852.js HTTP/1.1" 200 2494 "https://my.cerill.com/ngsw-worker.js" "Mozilla/5.0 (Linux; Android 10; K) AppleWebKit/537.36 (KHTML, like Gecko) Chrome/142.0.0.0 Mobile Safari/537.36"
223.181.17.191 - - [09/Nov/2025:09:50:40 +0530] "GET /5157.61655fa1d4d460be.js HTTP/1.1" 200 4287 "https://my.cerill.com/ngsw-worker.js" "Mozilla/5.0 (Linux; Android 10; K) AppleWebKit/537.36 (KHTML, like Gecko) Chrome/142.0.0.0 Mobile Safari/537.36"
223.181.17.191 - - [09/Nov/2025:09:50:40 +0530] "GET /5428.482d6bc1d6b77214.js HTTP/1.1" 200 7251 "https://my.cerill.com/ngsw-worker.js" "Mozilla/5.0 (Linux; Android 10; K) AppleWebKit/537.36 (KHTML, like Gecko) Chrome/142.0.0.0 Mobile Safari/537.36"
223.181.17.191 - - [09/Nov/2025:09:50:40 +0530] "GET /5503.7532f74eed4b80c6.js HTTP/1.1" 200 18910 "https://my.cerill.com/ngsw-worker.js" "Mozilla/5.0 (Linux; Android 10; K) AppleWebKit/537.36 (KHTML, like Gecko) Chrome/142.0.0.0 Mobile Safari/537.36"
223.181.17.191 - - [09/Nov/2025:09:50:40 +0530] "GET /5763.a33285434c95e259.js HTTP/1.1" 200 4245 "https://my.cerill.com/ngsw-worker.js" "Mozilla/5.0 (Linux; Android 10; K) AppleWebKit/537.36 (KHTML, like Gecko) Chrome/142.0.0.0 Mobile Safari/537.36"
223.181.17.191 - - [09/Nov/2025:09:50:41 +0530] "GET /5804.87530db9fb617855.js HTTP/1.1" 200 12955 "https://my.cerill.com/ngsw-worker.js" "Mozilla/5.0 (Linux; Android 10; K) AppleWebKit/537.36 (KHTML, like Gecko) Chrome/142.0.0.0 Mobile Safari/537.36"
223.181.17.191 - - [09/Nov/2025:09:50:41 +0530] "GET /5970.06df533b90a55295.js HTTP/1.1" 200 3428 "https://my.cerill.com/ngsw-worker.js" "Mozilla/5.0 (Linux; Android 10; K) AppleWebKit/537.36 (KHTML, like Gecko) Chrome/142.0.0.0 Mobile Safari/537.36"
103.165.77.203 - - [09/Nov/2025:09:50:41 +0530] "GET /ngsw-worker.js HTTP/1.1" 304 - "https://my.cerill.com/ngsw-worker.js" "Mozilla/5.0 (Windows NT 10.0; Win64; x64) AppleWebKit/537.36 (KHTML, like Gecko) Chrome/109.0.0.0 Safari/537.36"
223.181.17.191 - - [09/Nov/2025:09:50:41 +0530] "GET /627.0f379a6364def40b.js HTTP/1.1" 200 22012 "https://my.cerill.com/ngsw-worker.js" "Mozilla/5.0 (Linux; Android 10; K) AppleWebKit/537.36 (KHTML, like Gecko) Chrome/142.0.0.0 Mobile Safari/537.36"
223.181.17.191 - - [09/Nov/2025:09:50:42 +0530] "GET /6301.6eb67a1861bcbcaf.js HTTP/1.1" 200 6143 "https://my.cerill.com/ngsw-worker.js" "Mozilla/5.0 (Linux; Android 10; K) AppleWebKit/537.36 (KHTML, like Gecko) Chrome/142.0.0.0 Mobile Safari/537.36"
223.181.17.191 - - [09/Nov/2025:09:50:42 +0530] "GET /6397.b3b5c092ce06b8f5.js HTTP/1.1" 200 9124 "https://my.cerill.com/ngsw-worker.js" "Mozilla/5.0 (Linux; Android 10; K) AppleWebKit/537.36 (KHTML, like Gecko) Chrome/142.0.0.0 Mobile Safari/537.36"
223.181.17.191 - - [09/Nov/2025:09:50:42 +0530] "GET /6694.baf483cb546a67dc.js HTTP/1.1" 200 3622 "https://my.cerill.com/ngsw-worker.js" "Mozilla/5.0 (Linux; Android 10; K) AppleWebKit/537.36 (KHTML, like Gecko) Chrome/142.0.0.0 Mobile Safari/537.36"
223.181.17.191 - - [09/Nov/2025:09:50:42 +0530] "GET /6916.4a0c1e608f8f7d32.js HTTP/1.1" 200 3377 "https://my.cerill.com/ngsw-worker.js" "Mozilla/5.0 (Linux; Android 10; K) AppleWebKit/537.36 (KHTML, like Gecko) Chrome/142.0.0.0 Mobile Safari/537.36"
223.181.17.191 - - [09/Nov/2025:09:50:42 +0530] "GET /6931.340fc9db237b72c2.js HTTP/1.1" 200 5773 "https://my.cerill.com/ngsw-worker.js" "Mozilla/5.0 (Linux; Android 10; K) AppleWebKit/537.36 (KHTML, like Gecko) Chrome/142.0.0.0 Mobile Safari/537.36"
223.181.17.191 - - [09/Nov/2025:09:50:43 +0530] "GET /7261.26c74f4816a8be22.js HTTP/1.1" 200 3213 "https://my.cerill.com/ngsw-worker.js" "Mozilla/5.0 (Linux; Android 10; K) AppleWebKit/537.36 (KHTML, like Gecko) Chrome/142.0.0.0 Mobile Safari/537.36"
223.181.17.191 - - [09/Nov/2025:09:50:43 +0530] "GET /7399.fb8e82cab74238ad.js HTTP/1.1" 200 2848 "https://my.cerill.com/ngsw-worker.js" "Mozilla/5.0 (Linux; Android 10; K) AppleWebKit/537.36 (KHTML, like Gecko) Chrome/142.0.0.0 Mobile Safari/537.36"
103.165.77.203 - - [09/Nov/2025:09:50:43 +0530] "GET /ngsw.json?ngsw-cache-bust=0.5680954842236137 HTTP/1.1" 200 12508 "https://my.cerill.com/ngsw-worker.js" "Mozilla/5.0 (Windows NT 10.0; Win64; x64) AppleWebKit/537.36 (KHTML, like Gecko) Chrome/109.0.0.0 Safari/537.36"
223.181.17.191 - - [09/Nov/2025:09:50:43 +0530] "GET /7502.4e68b1a5af4e5d90.js HTTP/1.1" 200 6966 "https://my.cerill.com/ngsw-worker.js" "Mozilla/5.0 (Linux; Android 10; K) AppleWebKit/537.36 (KHTML, like Gecko) Chrome/142.0.0.0 Mobile Safari/537.36"
103.165.77.203 - - [09/Nov/2025:09:50:43 +0530] "GET /ngsw.json?ngsw-cache-bust=0.688129988465209 HTTP/1.1" 200 12508 "https://my.cerill.com/ngsw-worker.js" "Mozilla/5.0 (Windows NT 10.0; Win64; x64) AppleWebKit/537.36 (KHTML, like Gecko) Chrome/109.0.0.0 Safari/537.36"
223.181.17.191 - - [09/Nov/2025:09:50:44 +0530] "GET /7580.116c1e7483c82fb0.js HTTP/1.1" 200 31915 "https://my.cerill.com/ngsw-worker.js" "Mozilla/5.0 (Linux; Android 10; K) AppleWebKit/537.36 (KHTML, like Gecko) Chrome/142.0.0.0 Mobile Safari/537.36"
223.181.17.191 - - [09/Nov/2025:09:50:44 +0530] "GET /7611.e1b40ee92f5c8020.js HTTP/1.1" 200 12679 "https://my.cerill.com/ngsw-worker.js" "Mozilla/5.0 (Linux; Android 10; K) AppleWebKit/537.36 (KHTML, like Gecko) Chrome/142.0.0.0 Mobile Safari/537.36"
223.181.17.191 - - [09/Nov/2025:09:50:44 +0530] "GET /7731.687489202bca4dc7.js HTTP/1.1" 200 28724 "https://my.cerill.com/ngsw-worker.js" "Mozilla/5.0 (Linux; Android 10; K) AppleWebKit/537.36 (KHTML, like Gecko) Chrome/142.0.0.0 Mobile Safari/537.36"
223.181.17.191 - - [09/Nov/2025:09:50:45 +0530] "GET /7961.b8c685d37f3d62c3.js HTTP/1.1" 200 4613 "https://my.cerill.com/ngsw-worker.js" "Mozilla/5.0 (Linux; Android 10; K) AppleWebKit/537.36 (KHTML, like Gecko) Chrome/142.0.0.0 Mobile Safari/537.36"
223.181.17.191 - - [09/Nov/2025:09:50:46 +0530] "GET /8037.182bd4bc87fbd6e2.js HTTP/1.1" 200 1241 "https://my.cerill.com/ngsw-worker.js" "Mozilla/5.0 (Linux; Android 10; K) AppleWebKit/537.36 (KHTML, like Gecko) Chrome/142.0.0.0 Mobile Safari/537.36"
223.181.17.191 - - [09/Nov/2025:09:50:46 +0530] "GET /8314.7aee43d723936261.js HTTP/1.1" 200 24004 "https://my.cerill.com/ngsw-worker.js" "Mozilla/5.0 (Linux; Android 10; K) AppleWebKit/537.36 (KHTML, like Gecko) Chrome/142.0.0.0 Mobile Safari/537.36"
223.181.17.191 - - [09/Nov/2025:09:50:46 +0530] "GET /8593.d0353afd7b78e8a3.js HTTP/1.1" 200 27830 "https://my.cerill.com/ngsw-worker.js" "Mozilla/5.0 (Linux; Android 10; K) AppleWebKit/537.36 (KHTML, like Gecko) Chrome/142.0.0.0 Mobile Safari/537.36"
223.181.17.191 - - [09/Nov/2025:09:50:47 +0530] "GET /8625.783be70ae3215100.js HTTP/1.1" 200 1850 "https://my.cerill.com/ngsw-worker.js" "Mozilla/5.0 (Linux; Android 10; K) AppleWebKit/537.36 (KHTML, like Gecko) Chrome/142.0.0.0 Mobile Safari/537.36"
223.181.17.191 - - [09/Nov/2025:09:50:47 +0530] "GET /8631.e356b2959195c865.js HTTP/1.1" 200 30169 "https://my.cerill.com/ngsw-worker.js" "Mozilla/5.0 (Linux; Android 10; K) AppleWebKit/537.36 (KHTML, like Gecko) Chrome/142.0.0.0 Mobile Safari/537.36"
223.181.17.191 - - [09/Nov/2025:09:50:47 +0530] "GET /9098.5418fa44a130a5fa.js HTTP/1.1" 200 3748 "https://my.cerill.com/ngsw-worker.js" "Mozilla/5.0 (Linux; Android 10; K) AppleWebKit/537.36 (KHTML, like Gecko) Chrome/142.0.0.0 Mobile Safari/537.36"
223.181.17.191 - - [09/Nov/2025:09:50:47 +0530] "GET /9402.4eca41347f9f016d.js HTTP/1.1" 200 861819 "https://my.cerill.com/ngsw-worker.js" "Mozilla/5.0 (Linux; Android 10; K) AppleWebKit/537.36 (KHTML, like Gecko) Chrome/142.0.0.0 Mobile Safari/537.36"
223.181.17.191 - - [09/Nov/2025:09:50:49 +0530] "GET /9758.4084f78e8819780e.js HTTP/1.1" 200 29689 "https://my.cerill.com/ngsw-worker.js" "Mozilla/5.0 (Linux; Android 10; K) AppleWebKit/537.36 (KHTML, like Gecko) Chrome/142.0.0.0 Mobile Safari/537.36"
223.181.17.191 - - [09/Nov/2025:09:50:49 +0530] "GET /9860.268d559756388966.js HTTP/1.1" 200 96047 "https://my.cerill.com/ngsw-worker.js" "Mozilla/5.0 (Linux; Android 10; K) AppleWebKit/537.36 (KHTML, like Gecko) Chrome/142.0.0.0 Mobile Safari/537.36"
223.181.17.191 - - [09/Nov/2025:09:50:50 +0530] "GET /favicon.ico HTTP/1.1" 200 948 "https://my.cerill.com/ngsw-worker.js" "Mozilla/5.0 (Linux; Android 10; K) AppleWebKit/537.36 (KHTML, like Gecko) Chrome/142.0.0.0 Mobile Safari/537.36"
223.181.17.191 - - [09/Nov/2025:09:50:50 +0530] "GET /index.html HTTP/1.1" 200 8166 "https://my.cerill.com/ngsw-worker.js" "Mozilla/5.0 (Linux; Android 10; K) AppleWebKit/537.36 (KHTML, like Gecko) Chrome/142.0.0.0 Mobile Safari/537.36"
103.110.250.49 - - [09/Nov/2025:09:51:42 +0530] "GET /ngsw.json?ngsw-cache-bust=0.26694404600618793 HTTP/1.1" 200 12508 "https://my.cerill.com/ngsw-worker.js" "Mozilla/5.0 (Windows NT 10.0; Win64; x64) AppleWebKit/537.36 (KHTML, like Gecko) Chrome/142.0.0.0 Safari/537.36"
223.181.17.191 - - [09/Nov/2025:09:51:43 +0530] "GET /ngsw-worker.js HTTP/1.1" 304 - "https://my.cerill.com/ngsw-worker.js" "Mozilla/5.0 (Linux; Android 10; K) AppleWebKit/537.36 (KHTML, like Gecko) Chrome/142.0.0.0 Mobile Safari/537.36"
223.181.17.191 - - [09/Nov/2025:09:51:54 +0530] "GET /ngsw-worker.js HTTP/1.1" 304 - "https://my.cerill.com/ngsw-worker.js" "Mozilla/5.0 (Linux; Android 10; K) AppleWebKit/537.36 (KHTML, like Gecko) Chrome/142.0.0.0 Mobile Safari/537.36"
223.181.17.191 - - [09/Nov/2025:09:51:58 +0530] "GET /ngsw.json?ngsw-cache-bust=0.31649291213715935 HTTP/1.1" 200 12508 "https://my.cerill.com/ngsw-worker.js" "Mozilla/5.0 (Linux; Android 10; K) AppleWebKit/537.36 (KHTML, like Gecko) Chrome/142.0.0.0 Mobile Safari/537.36"
103.4.250.7 - - [09/Nov/2025:09:52:12 +0530] "GET / HTTP/1.1" 200 8166 "-" "Mozilla/5.0 (X11; Linux x86_64) AppleWebKit/537.36 (KHTML, like Gecko) Chrome/117.0.0.0 Safari/537.36"
103.4.251.217 - - [09/Nov/2025:09:52:12 +0530] "GET / HTTP/1.1" 200 8166 "-" "Mozilla/5.0 (Windows NT 10.0; Win64; x64) AppleWebKit/537.36 (KHTML, like Gecko) Chrome/116.0.0.0 Safari/537.36"
103.4.251.217 - - [09/Nov/2025:09:52:20 +0530] "GET / HTTP/1.1" 200 8166 "-" "Mozilla/5.0 (Macintosh; Intel Mac OS X 10_15_7) AppleWebKit/537.36 (KHTML, like Gecko) Chrome/117.0.0.0 Safari/537.36"
103.4.251.217 - - [09/Nov/2025:09:52:34 +0530] "GET /manifest.webmanifest HTTP/1.1" 200 1336 "-" "Mozilla/5.0 (Macintosh; Intel Mac OS X 10_15_7) AppleWebKit/537.36 (KHTML, like Gecko) Chrome/117.0.0.0 Safari/537.36"
103.4.251.217 - - [09/Nov/2025:09:52:35 +0530] "GET /runtime.bcfacb1707b4e27e.js HTTP/1.1" 200 4472 "-" "Mozilla/5.0 (Macintosh; Intel Mac OS X 10_15_7) AppleWebKit/537.36 (KHTML, like Gecko) Chrome/117.0.0.0 Safari/537.36"
103.4.251.217 - - [09/Nov/2025:09:52:37 +0530] "GET /polyfills.831c296c51eb72f7.js HTTP/1.1" 200 34843 "-" "Mozilla/5.0 (Macintosh; Intel Mac OS X 10_15_7) AppleWebKit/537.36 (KHTML, like Gecko) Chrome/117.0.0.0 Safari/537.36"
103.4.251.217 - - [09/Nov/2025:09:52:38 +0530] "GET /scripts.b538351bb7336a90.js HTTP/1.1" 200 228453 "-" "Mozilla/5.0 (Macintosh; Intel Mac OS X 10_15_7) AppleWebKit/537.36 (KHTML, like Gecko) Chrome/117.0.0.0 Safari/537.36"
103.4.251.217 - - [09/Nov/2025:09:52:38 +0530] "GET / HTTP/1.1" 200 8166 "-" "Mozilla/5.0 (Macintosh; Intel Mac OS X 10_15_7) AppleWebKit/537.36 (KHTML, like Gecko) Chrome/117.0.0.0 Safari/537.36"
103.4.251.217 - - [09/Nov/2025:09:52:38 +0530] "GET /main.fad73ec275fb78f6.js HTTP/1.1" 200 722170 "-" "Mozilla/5.0 (Macintosh; Intel Mac OS X 10_15_7) AppleWebKit/537.36 (KHTML, like Gecko) Chrome/117.0.0.0 Safari/537.36"
103.165.77.203 - - [09/Nov/2025:09:53:05 +0530] "GET /ngsw.json?ngsw-cache-bust=0.9325836644108987 HTTP/1.1" 200 12508 "https://my.cerill.com/ngsw-worker.js" "Mozilla/5.0 (Windows NT 10.0; Win64; x64) AppleWebKit/537.36 (KHTML, like Gecko) Chrome/109.0.0.0 Safari/537.36"
103.110.250.49 - - [09/Nov/2025:09:53:22 +0530] "GET /ngsw-worker.js HTTP/1.1" 304 - "https://my.cerill.com/ngsw-worker.js" "Mozilla/5.0 (Windows NT 10.0; Win64; x64) AppleWebKit/537.36 (KHTML, like Gecko) Chrome/142.0.0.0 Safari/537.36"
103.110.250.49 - - [09/Nov/2025:09:53:25 +0530] "GET /ngsw.json?ngsw-cache-bust=0.7755737934475375 HTTP/1.1" 200 12508 "https://my.cerill.com/ngsw-worker.js" "Mozilla/5.0 (Windows NT 10.0; Win64; x64) AppleWebKit/537.36 (KHTML, like Gecko) Chrome/142.0.0.0 Safari/537.36"
103.165.77.203 - - [09/Nov/2025:09:55:34 +0530] "GET /ngsw-worker.js HTTP/1.1" 304 - "https://my.cerill.com/ngsw-worker.js" "Mozilla/5.0 (Windows NT 10.0; Win64; x64) AppleWebKit/537.36 (KHTML, like Gecko) Chrome/109.0.0.0 Safari/537.36"
103.165.77.203 - - [09/Nov/2025:09:55:38 +0530] "GET /ngsw.json?ngsw-cache-bust=0.038974467159267334 HTTP/1.1" 200 12508 "https://my.cerill.com/ngsw-worker.js" "Mozilla/5.0 (Windows NT 10.0; Win64; x64) AppleWebKit/537.36 (KHTML, like Gecko) Chrome/109.0.0.0 Safari/537.36"
103.110.250.49 - - [09/Nov/2025:09:55:59 +0530] "GET /ngsw-worker.js HTTP/1.1" 304 - "https://my.cerill.com/ngsw-worker.js" "Mozilla/5.0 (Windows NT 10.0; Win64; x64) AppleWebKit/537.36 (KHTML, like Gecko) Chrome/142.0.0.0 Safari/537.36"
103.110.250.49 - - [09/Nov/2025:09:56:02 +0530] "GET /ngsw.json?ngsw-cache-bust=0.6290461177015754 HTTP/1.1" 200 12508 "https://my.cerill.com/ngsw-worker.js" "Mozilla/5.0 (Windows NT 10.0; Win64; x64) AppleWebKit/537.36 (KHTML, like Gecko) Chrome/142.0.0.0 Safari/537.36"
103.110.250.49 - - [09/Nov/2025:09:56:02 +0530] "GET /ngsw.json?ngsw-cache-bust=0.518893504245545 HTTP/1.1" 200 12508 "https://my.cerill.com/ngsw-worker.js" "Mozilla/5.0 (Windows NT 10.0; Win64; x64) AppleWebKit/537.36 (KHTML, like Gecko) Chrome/142.0.0.0 Safari/537.36"
103.165.77.203 - - [09/Nov/2025:09:56:23 +0530] "GET /ngsw.json?ngsw-cache-bust=0.9147504725490407 HTTP/1.1" 200 12508 "https://my.cerill.com/ngsw-worker.js" "Mozilla/5.0 (Windows NT 10.0; Win64; x64) AppleWebKit/537.36 (KHTML, like Gecko) Chrome/109.0.0.0 Safari/537.36"
103.110.250.49 - - [09/Nov/2025:09:57:28 +0530] "GET /ngsw.json?ngsw-cache-bust=0.1595894486170505 HTTP/1.1" 200 12508 "https://my.cerill.com/ngsw-worker.js" "Mozilla/5.0 (Windows NT 10.0; Win64; x64) AppleWebKit/537.36 (KHTML, like Gecko) Chrome/142.0.0.0 Safari/537.36"
103.110.250.49 - - [09/Nov/2025:09:58:37 +0530] "GET /ngsw-worker.js HTTP/1.1" 304 - "https://my.cerill.com/ngsw-worker.js" "Mozilla/5.0 (Windows NT 10.0; Win64; x64) AppleWebKit/537.36 (KHTML, like Gecko) Chrome/142.0.0.0 Safari/537.36"
103.110.250.49 - - [09/Nov/2025:09:58:40 +0530] "GET /ngsw.json?ngsw-cache-bust=0.9389540136709524 HTTP/1.1" 200 12508 "https://my.cerill.com/ngsw-worker.js" "Mozilla/5.0 (Windows NT 10.0; Win64; x64) AppleWebKit/537.36 (KHTML, like Gecko) Chrome/142.0.0.0 Safari/537.36"
103.110.250.49 - - [09/Nov/2025:09:59:14 +0530] "GET /ngsw-worker.js HTTP/1.1" 304 - "https://my.cerill.com/ngsw-worker.js" "Mozilla/5.0 (Windows NT 10.0; Win64; x64) AppleWebKit/537.36 (KHTML, like Gecko) Chrome/142.0.0.0 Safari/537.36"
103.110.250.49 - - [09/Nov/2025:09:59:18 +0530] "GET /ngsw.json?ngsw-cache-bust=0.1508524409068699 HTTP/1.1" 200 12508 "https://my.cerill.com/ngsw-worker.js" "Mozilla/5.0 (Windows NT 10.0; Win64; x64) AppleWebKit/537.36 (KHTML, like Gecko) Chrome/142.0.0.0 Safari/537.36"
103.110.250.49 - - [09/Nov/2025:10:00:34 +0530] "GET /ngsw.json?ngsw-cache-bust=0.3704169331471453 HTTP/1.1" 200 12508 "https://my.cerill.com/ngsw-worker.js" "Mozilla/5.0 (Windows NT 10.0; Win64; x64) AppleWebKit/537.36 (KHTML, like Gecko) Chrome/142.0.0.0 Safari/537.36"
103.110.250.49 - - [09/Nov/2025:10:01:55 +0530] "GET /ngsw-worker.js HTTP/1.1" 304 - "https://my.cerill.com/ngsw-worker.js" "Mozilla/5.0 (Windows NT 10.0; Win64; x64) AppleWebKit/537.36 (KHTML, like Gecko) Chrome/142.0.0.0 Safari/537.36"
103.110.250.49 - - [09/Nov/2025:10:01:58 +0530] "GET /ngsw.json?ngsw-cache-bust=0.8069091829782393 HTTP/1.1" 200 12508 "https://my.cerill.com/ngsw-worker.js" "Mozilla/5.0 (Windows NT 10.0; Win64; x64) AppleWebKit/537.36 (KHTML, like Gecko) Chrome/142.0.0.0 Safari/537.36"
103.110.250.49 - - [09/Nov/2025:10:01:59 +0530] "GET /ngsw.json?ngsw-cache-bust=0.1800615512679331 HTTP/1.1" 200 12508 "https://my.cerill.com/ngsw-worker.js" "Mozilla/5.0 (Windows NT 10.0; Win64; x64) AppleWebKit/537.36 (KHTML, like Gecko) Chrome/142.0.0.0 Safari/537.36"
103.110.250.49 - - [09/Nov/2025:10:02:57 +0530] "GET /ngsw.json?ngsw-cache-bust=0.7742175012415321 HTTP/1.1" 200 12508 "https://my.cerill.com/ngsw-worker.js" "Mozilla/5.0 (Windows NT 10.0; Win64; x64) AppleWebKit/537.36 (KHTML, like Gecko) Chrome/142.0.0.0 Safari/537.36"
152.58.78.191 - - [09/Nov/2025:10:06:05 +0530] "GET /ngsw-worker.js HTTP/1.1" 304 - "https://my.cerill.com/ngsw-worker.js" "Mozilla/5.0 (Windows NT 10.0; Win64; x64) AppleWebKit/537.36 (KHTML, like Gecko) Chrome/142.0.0.0 Safari/537.36"
152.58.78.191 - - [09/Nov/2025:10:06:13 +0530] "GET /ngsw.json?ngsw-cache-bust=0.6358483195990086 HTTP/1.1" 200 12508 "https://my.cerill.com/ngsw-worker.js" "Mozilla/5.0 (Windows NT 10.0; Win64; x64) AppleWebKit/537.36 (KHTML, like Gecko) Chrome/142.0.0.0 Safari/537.36"
152.58.78.191 - - [09/Nov/2025:10:06:14 +0530] "GET /ngsw.json?ngsw-cache-bust=0.5506703253442028 HTTP/1.1" 200 12508 "https://my.cerill.com/ngsw-worker.js" "Mozilla/5.0 (Windows NT 10.0; Win64; x64) AppleWebKit/537.36 (KHTML, like Gecko) Chrome/142.0.0.0 Safari/537.36"
152.58.78.191 - - [09/Nov/2025:10:07:58 +0530] "GET /ngsw-worker.js HTTP/1.1" 304 - "https://my.cerill.com/ngsw-worker.js" "Mozilla/5.0 (Windows NT 10.0; Win64; x64) AppleWebKit/537.36 (KHTML, like Gecko) Chrome/142.0.0.0 Safari/537.36"
152.58.78.191 - - [09/Nov/2025:10:08:02 +0530] "GET /ngsw.json?ngsw-cache-bust=0.3091041301944102 HTTP/1.1" 200 12508 "https://my.cerill.com/ngsw-worker.js" "Mozilla/5.0 (Windows NT 10.0; Win64; x64) AppleWebKit/537.36 (KHTML, like Gecko) Chrome/142.0.0.0 Safari/537.36"
152.58.78.191 - - [09/Nov/2025:10:14:35 +0530] "GET /ngsw.json?ngsw-cache-bust=0.455372110598402 HTTP/1.1" 200 12508 "https://my.cerill.com/ngsw-worker.js" "Mozilla/5.0 (Windows NT 10.0; Win64; x64) AppleWebKit/537.36 (KHTML, like Gecko) Chrome/142.0.0.0 Safari/537.36"
5.196.80.240 - - [09/Nov/2025:10:32:19 +0530] "GET /.git/config HTTP/1.1" 404 196 "-" "libcurl-agent/2.0"
5.196.80.240 - - [09/Nov/2025:10:32:19 +0530] "GET /.git/config HTTP/1.1" 404 196 "-" "C# HttpClient/6.0"
103.110.250.49 - - [09/Nov/2025:10:35:27 +0530] "GET /ngsw.json?ngsw-cache-bust=0.34156630332143467 HTTP/1.1" 200 12508 "https://my.cerill.com/ngsw-worker.js" "Mozilla/5.0 (Windows NT 10.0; Win64; x64) AppleWebKit/537.36 (KHTML, like Gecko) Chrome/142.0.0.0 Safari/537.36"
103.110.250.49 - - [09/Nov/2025:10:40:27 +0530] "GET /ngsw.json?ngsw-cache-bust=0.0338618192559873 HTTP/1.1" 200 12508 "https://my.cerill.com/ngsw-worker.js" "Mozilla/5.0 (Windows NT 10.0; Win64; x64) AppleWebKit/537.36 (KHTML, like Gecko) Chrome/142.0.0.0 Safari/537.36"
103.110.250.49 - - [09/Nov/2025:10:41:31 +0530] "GET /ngsw-worker.js HTTP/1.1" 304 - "https://my.cerill.com/ngsw-worker.js" "Mozilla/5.0 (Windows NT 10.0; Win64; x64) AppleWebKit/537.36 (KHTML, like Gecko) Chrome/142.0.0.0 Safari/537.36"
103.110.250.49 - - [09/Nov/2025:10:41:39 +0530] "GET /ngsw.json?ngsw-cache-bust=0.2655470377589151 HTTP/1.1" 200 12508 "https://my.cerill.com/ngsw-worker.js" "Mozilla/5.0 (Windows NT 10.0; Win64; x64) AppleWebKit/537.36 (KHTML, like Gecko) Chrome/142.0.0.0 Safari/537.36"
103.110.250.49 - - [09/Nov/2025:10:43:40 +0530] "GET /ngsw.json?ngsw-cache-bust=0.9844698696614997 HTTP/1.1" 200 12508 "https://my.cerill.com/ngsw-worker.js" "Mozilla/5.0 (Windows NT 10.0; Win64; x64) AppleWebKit/537.36 (KHTML, like Gecko) Chrome/142.0.0.0 Safari/537.36"
103.110.250.49 - - [09/Nov/2025:10:45:31 +0530] "GET /ngsw-worker.js HTTP/1.1" 304 - "https://my.cerill.com/ngsw-worker.js" "Mozilla/5.0 (Windows NT 10.0; Win64; x64) AppleWebKit/537.36 (KHTML, like Gecko) Chrome/142.0.0.0 Safari/537.36"
103.110.250.49 - - [09/Nov/2025:10:45:34 +0530] "GET /ngsw.json?ngsw-cache-bust=0.9030038829446123 HTTP/1.1" 200 12508 "https://my.cerill.com/ngsw-worker.js" "Mozilla/5.0 (Windows NT 10.0; Win64; x64) AppleWebKit/537.36 (KHTML, like Gecko) Chrome/142.0.0.0 Safari/537.36"
103.165.77.203 - - [09/Nov/2025:10:47:21 +0530] "GET /ngsw.json?ngsw-cache-bust=0.17553479145058737 HTTP/1.1" 200 12508 "https://my.cerill.com/ngsw-worker.js" "Mozilla/5.0 (Windows NT 10.0; Win64; x64) AppleWebKit/537.36 (KHTML, like Gecko) Chrome/109.0.0.0 Safari/537.36"
103.165.77.203 - - [09/Nov/2025:10:48:01 +0530] "GET /ngsw.json?ngsw-cache-bust=0.9402530194830792 HTTP/1.1" 200 12508 "https://my.cerill.com/ngsw-worker.js" "Mozilla/5.0 (Windows NT 10.0; Win64; x64) AppleWebKit/537.36 (KHTML, like Gecko) Chrome/109.0.0.0 Safari/537.36"
103.110.250.49 - - [09/Nov/2025:10:49:05 +0530] "GET /ngsw-worker.js HTTP/1.1" 304 - "https://my.cerill.com/ngsw-worker.js" "Mozilla/5.0 (Windows NT 10.0; Win64; x64) AppleWebKit/537.36 (KHTML, like Gecko) Chrome/142.0.0.0 Safari/537.36"
103.110.250.49 - - [09/Nov/2025:10:49:09 +0530] "GET /ngsw.json?ngsw-cache-bust=0.23963759829174391 HTTP/1.1" 200 12508 "https://my.cerill.com/ngsw-worker.js" "Mozilla/5.0 (Windows NT 10.0; Win64; x64) AppleWebKit/537.36 (KHTML, like Gecko) Chrome/142.0.0.0 Safari/537.36"
103.110.250.49 - - [09/Nov/2025:10:49:10 +0530] "GET /ngsw.json?ngsw-cache-bust=0.26809782251564074 HTTP/1.1" 200 12508 "https://my.cerill.com/ngsw-worker.js" "Mozilla/5.0 (Windows NT 10.0; Win64; x64) AppleWebKit/537.36 (KHTML, like Gecko) Chrome/142.0.0.0 Safari/537.36"
146.70.185.32 - - [09/Nov/2025:10:52:46 +0530] "HEAD / HTTP/1.1" 200 - "-" "Mozilla/5.0 (Windows NT 10.0; Win64; x64) AppleWebKit/537.36 (KHTML, like Gecko) Chrome/58.0.3029.110 Safari/537.3"
146.70.185.32 - - [09/Nov/2025:10:52:47 +0530] "HEAD / HTTP/1.1" 200 - "-" "Mozilla/5.0 (Windows NT 10.0; Win64; x64) AppleWebKit/537.36 (KHTML, like Gecko) Chrome/58.0.3029.110 Safari/537.3"
152.58.78.191 - - [09/Nov/2025:10:59:19 +0530] "GET /ngsw-worker.js HTTP/1.1" 304 - "https://my.cerill.com/ngsw-worker.js" "Mozilla/5.0 (Windows NT 10.0; Win64; x64) AppleWebKit/537.36 (KHTML, like Gecko) Chrome/142.0.0.0 Safari/537.36"
152.58.78.191 - - [09/Nov/2025:10:59:27 +0530] "GET /ngsw.json?ngsw-cache-bust=0.07180046891597014 HTTP/1.1" 200 12508 "https://my.cerill.com/ngsw-worker.js" "Mozilla/5.0 (Windows NT 10.0; Win64; x64) AppleWebKit/537.36 (KHTML, like Gecko) Chrome/142.0.0.0 Safari/537.36"
152.58.78.191 - - [09/Nov/2025:10:59:27 +0530] "GET /ngsw.json?ngsw-cache-bust=0.8865646865284289 HTTP/1.1" 200 12508 "https://my.cerill.com/ngsw-worker.js" "Mozilla/5.0 (Windows NT 10.0; Win64; x64) AppleWebKit/537.36 (KHTML, like Gecko) Chrome/142.0.0.0 Safari/537.36"
152.58.78.191 - - [09/Nov/2025:11:01:40 +0530] "GET /ngsw.json?ngsw-cache-bust=0.5124688626620503 HTTP/1.1" 200 12508 "https://my.cerill.com/ngsw-worker.js" "Mozilla/5.0 (Windows NT 10.0; Win64; x64) AppleWebKit/537.36 (KHTML, like Gecko) Chrome/142.0.0.0 Safari/537.36"
103.165.77.203 - - [09/Nov/2025:11:02:19 +0530] "GET /ngsw.json?ngsw-cache-bust=0.32893526716681376 HTTP/1.1" 200 12508 "https://my.cerill.com/ngsw-worker.js" "Mozilla/5.0 (Windows NT 10.0; Win64; x64) AppleWebKit/537.36 (KHTML, like Gecko) Chrome/109.0.0.0 Safari/537.36"
103.165.77.203 - - [09/Nov/2025:11:03:21 +0530] "GET /ngsw.json?ngsw-cache-bust=0.8154628635388197 HTTP/1.1" 200 12508 "https://my.cerill.com/ngsw-worker.js" "Mozilla/5.0 (Windows NT 10.0; Win64; x64) AppleWebKit/537.36 (KHTML, like Gecko) Chrome/109.0.0.0 Safari/537.36"
103.165.77.203 - - [09/Nov/2025:11:04:30 +0530] "GET /ngsw-worker.js HTTP/1.1" 304 - "https://my.cerill.com/ngsw-worker.js" "Mozilla/5.0 (Windows NT 10.0; Win64; x64) AppleWebKit/537.36 (KHTML, like Gecko) Chrome/109.0.0.0 Safari/537.36"
103.165.77.203 - - [09/Nov/2025:11:04:33 +0530] "GET /ngsw.json?ngsw-cache-bust=0.21880696734268068 HTTP/1.1" 200 12508 "https://my.cerill.com/ngsw-worker.js" "Mozilla/5.0 (Windows NT 10.0; Win64; x64) AppleWebKit/537.36 (KHTML, like Gecko) Chrome/109.0.0.0 Safari/537.36"
103.165.77.203 - - [09/Nov/2025:11:04:58 +0530] "GET /ngsw-worker.js HTTP/1.1" 304 - "https://my.cerill.com/ngsw-worker.js" "Mozilla/5.0 (Windows NT 10.0; Win64; x64) AppleWebKit/537.36 (KHTML, like Gecko) Chrome/109.0.0.0 Safari/537.36"
103.165.77.203 - - [09/Nov/2025:11:05:01 +0530] "GET /ngsw.json?ngsw-cache-bust=0.34278055979226196 HTTP/1.1" 200 12508 "https://my.cerill.com/ngsw-worker.js" "Mozilla/5.0 (Windows NT 10.0; Win64; x64) AppleWebKit/537.36 (KHTML, like Gecko) Chrome/109.0.0.0 Safari/537.36"
152.58.78.191 - - [09/Nov/2025:11:05:14 +0530] "GET /ngsw.json?ngsw-cache-bust=0.24426588429437845 HTTP/1.1" 200 12508 "https://my.cerill.com/ngsw-worker.js" "Mozilla/5.0 (Windows NT 10.0; Win64; x64) AppleWebKit/537.36 (KHTML, like Gecko) Chrome/142.0.0.0 Safari/537.36"
152.58.78.191 - - [09/Nov/2025:11:05:14 +0530] "GET /ngsw.json?ngsw-cache-bust=0.44474297116181793 HTTP/1.1" 200 12508 "https://my.cerill.com/ngsw-worker.js" "Mozilla/5.0 (Windows NT 10.0; Win64; x64) AppleWebKit/537.36 (KHTML, like Gecko) Chrome/142.0.0.0 Safari/537.36"
152.58.78.191 - - [09/Nov/2025:11:05:15 +0530] "GET /ngsw-worker.js HTTP/1.1" 304 - "https://my.cerill.com/ngsw-worker.js" "Mozilla/5.0 (Windows NT 10.0; Win64; x64) AppleWebKit/537.36 (KHTML, like Gecko) Chrome/142.0.0.0 Safari/537.36"
152.58.78.191 - - [09/Nov/2025:11:06:09 +0530] "GET /ngsw-worker.js HTTP/1.1" 304 - "https://my.cerill.com/ngsw-worker.js" "Mozilla/5.0 (Windows NT 10.0; Win64; x64) AppleWebKit/537.36 (KHTML, like Gecko) Chrome/142.0.0.0 Safari/537.36"
103.165.77.203 - - [09/Nov/2025:11:06:10 +0530] "GET /ngsw.json?ngsw-cache-bust=0.4511165711052225 HTTP/1.1" 200 12508 "https://my.cerill.com/ngsw-worker.js" "Mozilla/5.0 (Windows NT 10.0; Win64; x64) AppleWebKit/537.36 (KHTML, like Gecko) Chrome/109.0.0.0 Safari/537.36"
152.58.78.191 - - [09/Nov/2025:11:06:16 +0530] "GET /ngsw.json?ngsw-cache-bust=0.13996975275049117 HTTP/1.1" 200 12508 "https://my.cerill.com/ngsw-worker.js" "Mozilla/5.0 (Windows NT 10.0; Win64; x64) AppleWebKit/537.36 (KHTML, like Gecko) Chrome/142.0.0.0 Safari/537.36"
152.58.78.191 - - [09/Nov/2025:11:06:16 +0530] "GET /ngsw.json?ngsw-cache-bust=0.23633667142243242 HTTP/1.1" 200 12508 "https://my.cerill.com/ngsw-worker.js" "Mozilla/5.0 (Windows NT 10.0; Win64; x64) AppleWebKit/537.36 (KHTML, like Gecko) Chrome/142.0.0.0 Safari/537.36"
152.58.78.191 - - [09/Nov/2025:11:06:57 +0530] "GET /ngsw-worker.js HTTP/1.1" 304 - "https://my.cerill.com/ngsw-worker.js" "Mozilla/5.0 (Windows NT 10.0; Win64; x64) AppleWebKit/537.36 (KHTML, like Gecko) Chrome/142.0.0.0 Safari/537.36"
152.58.78.191 - - [09/Nov/2025:11:07:02 +0530] "GET /ngsw.json?ngsw-cache-bust=0.20194198792153162 HTTP/1.1" 200 12508 "https://my.cerill.com/ngsw-worker.js" "Mozilla/5.0 (Windows NT 10.0; Win64; x64) AppleWebKit/537.36 (KHTML, like Gecko) Chrome/142.0.0.0 Safari/537.36"
74.7.230.8 - - [09/Nov/2025:11:08:29 +0530] "GET /robots.txt HTTP/1.1" 404 196 "-" "Mozilla/5.0 (Macintosh; Intel Mac OS X 10_15_7) AppleWebKit/537.36 (KHTML, like Gecko) Chrome/131.0.0.0 Safari/537.36; compatible; OAI-SearchBot/1.0; robots.txt; +https://openai.com/searchbot"
3.85.61.56 - - [09/Nov/2025:11:09:35 +0530] "GET /.git/config HTTP/1.1" 404 196 "-" "Mozilla/5.0 (Windows NT 6.1; WOW64) AppleWebKit/534.27 (KHTML, like Gecko) Chrome/12.0.712.0 Safari/534.27"
74.7.228.0 - - [09/Nov/2025:11:10:38 +0530] "GET /robots.txt HTTP/1.1" 404 196 "-" "Mozilla/5.0 (Macintosh; Intel Mac OS X 10_15_7) AppleWebKit/537.36 (KHTML, like Gecko) Chrome/131.0.0.0 Safari/537.36; compatible; OAI-SearchBot/1.0; robots.txt; +https://openai.com/searchbot"
