103.40.199.68 - - [03/Nov/2025:14:51:25 +0530] "GET /ngsw.json?ngsw-cache-bust=0.37634466529385935 HTTP/1.1" 200 12508 "https://my.cerill.com/ngsw-worker.js" "Mozilla/5.0 (Windows NT 10.0; Win64; x64) AppleWebKit/537.36 (KHTML, like Gecko) Chrome/109.0.0.0 Safari/537.36"
103.40.199.68 - - [03/Nov/2025:14:51:33 +0530] "GET /ngsw-worker.js HTTP/1.1" 304 - "https://my.cerill.com/ngsw-worker.js" "Mozilla/5.0 (Windows NT 10.0; Win64; x64) AppleWebKit/537.36 (KHTML, like Gecko) Chrome/109.0.0.0 Safari/537.36"
103.40.199.68 - - [03/Nov/2025:14:51:36 +0530] "GET /ngsw.json?ngsw-cache-bust=0.40808889104948043 HTTP/1.1" 200 12508 "https://my.cerill.com/ngsw-worker.js" "Mozilla/5.0 (Windows NT 10.0; Win64; x64) AppleWebKit/537.36 (KHTML, like Gecko) Chrome/109.0.0.0 Safari/537.36"
103.40.199.68 - - [03/Nov/2025:14:53:08 +0530] "GET /ngsw.json?ngsw-cache-bust=0.7178945912327386 HTTP/1.1" 200 12508 "https://my.cerill.com/ngsw-worker.js" "Mozilla/5.0 (Windows NT 10.0; Win64; x64) AppleWebKit/537.36 (KHTML, like Gecko) Chrome/109.0.0.0 Safari/537.36"
103.110.249.205 - - [03/Nov/2025:15:02:45 +0530] "GET /ngsw.json?ngsw-cache-bust=0.6786873817713042 HTTP/1.1" 200 12508 "https://my.cerill.com/ngsw-worker.js" "Mozilla/5.0 (Windows NT 10.0; Win64; x64) AppleWebKit/537.36 (KHTML, like Gecko) Chrome/141.0.0.0 Safari/537.36"
103.110.249.205 - - [03/Nov/2025:15:04:17 +0530] "GET /ngsw.json?ngsw-cache-bust=0.9553798562162937 HTTP/1.1" 200 12508 "https://my.cerill.com/ngsw-worker.js" "Mozilla/5.0 (Windows NT 10.0; Win64; x64) AppleWebKit/537.36 (KHTML, like Gecko) Chrome/141.0.0.0 Safari/537.36"
103.110.249.205 - - [03/Nov/2025:15:04:38 +0530] "GET /ngsw-worker.js HTTP/1.1" 304 - "https://my.cerill.com/ngsw-worker.js" "Mozilla/5.0 (Windows NT 10.0; Win64; x64) AppleWebKit/537.36 (KHTML, like Gecko) Chrome/141.0.0.0 Safari/537.36"
103.110.249.205 - - [03/Nov/2025:15:04:41 +0530] "GET /ngsw.json?ngsw-cache-bust=0.282343863291295 HTTP/1.1" 200 12508 "https://my.cerill.com/ngsw-worker.js" "Mozilla/5.0 (Windows NT 10.0; Win64; x64) AppleWebKit/537.36 (KHTML, like Gecko) Chrome/141.0.0.0 Safari/537.36"
103.40.199.68 - - [03/Nov/2025:15:06:36 +0530] "GET /ngsw.json?ngsw-cache-bust=0.48285802723852256 HTTP/1.1" 200 12508 "https://my.cerill.com/ngsw-worker.js" "Mozilla/5.0 (Windows NT 10.0; Win64; x64) AppleWebKit/537.36 (KHTML, like Gecko) Chrome/109.0.0.0 Safari/537.36"
103.40.199.68 - - [03/Nov/2025:15:06:57 +0530] "GET /ngsw-worker.js HTTP/1.1" 304 - "https://my.cerill.com/ngsw-worker.js" "Mozilla/5.0 (Windows NT 10.0; Win64; x64) AppleWebKit/537.36 (KHTML, like Gecko) Chrome/109.0.0.0 Safari/537.36"
103.40.199.68 - - [03/Nov/2025:15:07:01 +0530] "GET /ngsw.json?ngsw-cache-bust=0.6394752259068774 HTTP/1.1" 200 12508 "https://my.cerill.com/ngsw-worker.js" "Mozilla/5.0 (Windows NT 10.0; Win64; x64) AppleWebKit/537.36 (KHTML, like Gecko) Chrome/109.0.0.0 Safari/537.36"
103.40.199.68 - - [03/Nov/2025:15:08:05 +0530] "GET /ngsw.json?ngsw-cache-bust=0.5111843764159545 HTTP/1.1" 200 12508 "https://my.cerill.com/ngsw-worker.js" "Mozilla/5.0 (Windows NT 10.0; Win64; x64) AppleWebKit/537.36 (KHTML, like Gecko) Chrome/109.0.0.0 Safari/537.36"
103.110.249.205 - - [03/Nov/2025:15:12:31 +0530] "GET /ngsw.json?ngsw-cache-bust=0.3798531446178369 HTTP/1.1" 200 12508 "https://my.cerill.com/ngsw-worker.js" "Mozilla/5.0 (Windows NT 10.0; Win64; x64) AppleWebKit/537.36 (KHTML, like Gecko) Chrome/141.0.0.0 Safari/537.36"
103.40.199.68 - - [03/Nov/2025:15:12:33 +0530] "GET /ngsw.json?ngsw-cache-bust=0.5995547511959165 HTTP/1.1" 200 12508 "https://my.cerill.com/ngsw-worker.js" "Mozilla/5.0 (Windows NT 10.0; Win64; x64) AppleWebKit/537.36 (KHTML, like Gecko) Chrome/109.0.0.0 Safari/537.36"
103.110.249.205 - - [03/Nov/2025:15:12:37 +0530] "GET /ngsw-worker.js HTTP/1.1" 304 - "https://my.cerill.com/ngsw-worker.js" "Mozilla/5.0 (Windows NT 10.0; Win64; x64) AppleWebKit/537.36 (KHTML, like Gecko) Chrome/141.0.0.0 Safari/537.36"
103.110.249.205 - - [03/Nov/2025:15:12:41 +0530] "GET /ngsw.json?ngsw-cache-bust=0.07611610348730091 HTTP/1.1" 200 12508 "https://my.cerill.com/ngsw-worker.js" "Mozilla/5.0 (Windows NT 10.0; Win64; x64) AppleWebKit/537.36 (KHTML, like Gecko) Chrome/141.0.0.0 Safari/537.36"
103.40.199.68 - - [03/Nov/2025:15:12:42 +0530] "GET /ngsw-worker.js HTTP/1.1" 304 - "https://my.cerill.com/ngsw-worker.js" "Mozilla/5.0 (Windows NT 10.0; Win64; x64) AppleWebKit/537.36 (KHTML, like Gecko) Chrome/109.0.0.0 Safari/537.36"
103.40.199.68 - - [03/Nov/2025:15:12:45 +0530] "GET /ngsw.json?ngsw-cache-bust=0.33571101537622305 HTTP/1.1" 200 12508 "https://my.cerill.com/ngsw-worker.js" "Mozilla/5.0 (Windows NT 10.0; Win64; x64) AppleWebKit/537.36 (KHTML, like Gecko) Chrome/109.0.0.0 Safari/537.36"
103.110.249.205 - - [03/Nov/2025:15:14:28 +0530] "GET /ngsw.json?ngsw-cache-bust=0.9999627011070676 HTTP/1.1" 200 12508 "https://my.cerill.com/ngsw-worker.js" "Mozilla/5.0 (Windows NT 10.0; Win64; x64) AppleWebKit/537.36 (KHTML, like Gecko) Chrome/141.0.0.0 Safari/537.36"
49.43.93.117 - - [03/Nov/2025:15:23:52 +0530] "GET /ngsw.json?ngsw-cache-bust=0.2713643641989505 HTTP/1.1" 200 12508 "https://my.cerill.com/ngsw-worker.js" "Mozilla/5.0 (Windows NT 10.0; Win64; x64) AppleWebKit/537.36 (KHTML, like Gecko) Chrome/141.0.0.0 Safari/537.36"
103.40.199.68 - - [03/Nov/2025:15:47:44 +0530] "GET /ngsw.json?ngsw-cache-bust=0.38636557598284305 HTTP/1.1" 200 12508 "https://my.cerill.com/ngsw-worker.js" "Mozilla/5.0 (Windows NT 10.0; Win64; x64) AppleWebKit/537.36 (KHTML, like Gecko) Chrome/109.0.0.0 Safari/537.36"
103.110.249.205 - - [03/Nov/2025:15:48:32 +0530] "GET /ngsw.json?ngsw-cache-bust=0.25211790541478574 HTTP/1.1" 200 12508 "https://my.cerill.com/ngsw-worker.js" "Mozilla/5.0 (Windows NT 10.0; Win64; x64) AppleWebKit/537.36 (KHTML, like Gecko) Chrome/141.0.0.0 Safari/537.36"
103.110.249.205 - - [03/Nov/2025:16:07:01 +0530] "GET /ngsw.json?ngsw-cache-bust=0.39749661193639907 HTTP/1.1" 200 12508 "https://my.cerill.com/ngsw-worker.js" "Mozilla/5.0 (Windows NT 10.0; Win64; x64) AppleWebKit/537.36 (KHTML, like Gecko) Chrome/141.0.0.0 Safari/537.36"
103.110.249.205 - - [03/Nov/2025:16:09:01 +0530] "GET /ngsw-worker.js HTTP/1.1" 304 - "https://my.cerill.com/ngsw-worker.js" "Mozilla/5.0 (Windows NT 10.0; Win64; x64) AppleWebKit/537.36 (KHTML, like Gecko) Chrome/141.0.0.0 Safari/537.36"
103.110.249.205 - - [03/Nov/2025:16:09:05 +0530] "GET /ngsw.json?ngsw-cache-bust=0.5125683923077807 HTTP/1.1" 200 12508 "https://my.cerill.com/ngsw-worker.js" "Mozilla/5.0 (Windows NT 10.0; Win64; x64) AppleWebKit/537.36 (KHTML, like Gecko) Chrome/141.0.0.0 Safari/537.36"
103.110.249.205 - - [03/Nov/2025:16:09:05 +0530] "GET /ngsw.json?ngsw-cache-bust=0.9798297208649648 HTTP/1.1" 200 12508 "https://my.cerill.com/ngsw-worker.js" "Mozilla/5.0 (Windows NT 10.0; Win64; x64) AppleWebKit/537.36 (KHTML, like Gecko) Chrome/141.0.0.0 Safari/537.36"
103.110.249.205 - - [03/Nov/2025:16:10:31 +0530] "GET /ngsw.json?ngsw-cache-bust=0.4357971317266651 HTTP/1.1" 200 12508 "https://my.cerill.com/ngsw-worker.js" "Mozilla/5.0 (Windows NT 10.0; Win64; x64) AppleWebKit/537.36 (KHTML, like Gecko) Chrome/141.0.0.0 Safari/537.36"
103.110.249.205 - - [03/Nov/2025:16:10:52 +0530] "GET /ngsw-worker.js HTTP/1.1" 304 - "https://my.cerill.com/ngsw-worker.js" "Mozilla/5.0 (Windows NT 10.0; Win64; x64) AppleWebKit/537.36 (KHTML, like Gecko) Chrome/141.0.0.0 Safari/537.36"
103.110.249.205 - - [03/Nov/2025:16:10:56 +0530] "GET /ngsw.json?ngsw-cache-bust=0.29025131521382197 HTTP/1.1" 200 12508 "https://my.cerill.com/ngsw-worker.js" "Mozilla/5.0 (Windows NT 10.0; Win64; x64) AppleWebKit/537.36 (KHTML, like Gecko) Chrome/141.0.0.0 Safari/537.36"
103.110.249.205 - - [03/Nov/2025:16:11:07 +0530] "GET /ngsw-worker.js HTTP/1.1" 304 - "https://my.cerill.com/ngsw-worker.js" "Mozilla/5.0 (Windows NT 10.0; Win64; x64) AppleWebKit/537.36 (KHTML, like Gecko) Chrome/141.0.0.0 Safari/537.36"
103.110.249.205 - - [03/Nov/2025:16:11:10 +0530] "GET /ngsw.json?ngsw-cache-bust=0.7927764575851536 HTTP/1.1" 200 12508 "https://my.cerill.com/ngsw-worker.js" "Mozilla/5.0 (Windows NT 10.0; Win64; x64) AppleWebKit/537.36 (KHTML, like Gecko) Chrome/141.0.0.0 Safari/537.36"
103.40.199.68 - - [03/Nov/2025:16:15:14 +0530] "GET /ngsw.json?ngsw-cache-bust=0.20820610696233888 HTTP/1.1" 200 12508 "https://my.cerill.com/ngsw-worker.js" "Mozilla/5.0 (Windows NT 10.0; Win64; x64) AppleWebKit/537.36 (KHTML, like Gecko) Chrome/109.0.0.0 Safari/537.36"
152.59.84.54 - - [03/Nov/2025:16:15:37 +0530] "GET /ngsw.json?ngsw-cache-bust=0.3216141505771709 HTTP/1.1" 200 12508 "https://my.cerill.com/ngsw-worker.js" "Mozilla/5.0 (Windows NT 10.0; Win64; x64) AppleWebKit/537.36 (KHTML, like Gecko) Chrome/142.0.0.0 Safari/537.36"
152.59.84.54 - - [03/Nov/2025:16:16:55 +0530] "GET /ngsw.json?ngsw-cache-bust=0.7364244467724178 HTTP/1.1" 200 12508 "https://my.cerill.com/ngsw-worker.js" "Mozilla/5.0 (Windows NT 10.0; Win64; x64) AppleWebKit/537.36 (KHTML, like Gecko) Chrome/142.0.0.0 Safari/537.36"
103.110.249.205 - - [03/Nov/2025:16:18:25 +0530] "GET /ngsw.json?ngsw-cache-bust=0.34708281333502733 HTTP/1.1" 200 12508 "https://my.cerill.com/ngsw-worker.js" "Mozilla/5.0 (Windows NT 10.0; Win64; x64) AppleWebKit/537.36 (KHTML, like Gecko) Chrome/141.0.0.0 Safari/537.36"
103.40.199.68 - - [03/Nov/2025:16:21:59 +0530] "GET /ngsw.json?ngsw-cache-bust=0.6806510406669211 HTTP/1.1" 200 12508 "https://my.cerill.com/ngsw-worker.js" "Mozilla/5.0 (Windows NT 10.0; Win64; x64) AppleWebKit/537.36 (KHTML, like Gecko) Chrome/109.0.0.0 Safari/537.36"
103.110.249.205 - - [03/Nov/2025:16:22:42 +0530] "GET /ngsw-worker.js HTTP/1.1" 304 - "https://my.cerill.com/ngsw-worker.js" "Mozilla/5.0 (Windows NT 10.0; Win64; x64) AppleWebKit/537.36 (KHTML, like Gecko) Chrome/141.0.0.0 Safari/537.36"
103.110.249.205 - - [03/Nov/2025:16:22:51 +0530] "GET /ngsw.json?ngsw-cache-bust=0.9709890221845832 HTTP/1.1" 200 12508 "https://my.cerill.com/ngsw-worker.js" "Mozilla/5.0 (Windows NT 10.0; Win64; x64) AppleWebKit/537.36 (KHTML, like Gecko) Chrome/141.0.0.0 Safari/537.36"
103.110.249.205 - - [03/Nov/2025:16:22:51 +0530] "GET /ngsw.json?ngsw-cache-bust=0.020735835268485325 HTTP/1.1" 200 12508 "https://my.cerill.com/ngsw-worker.js" "Mozilla/5.0 (Windows NT 10.0; Win64; x64) AppleWebKit/537.36 (KHTML, like Gecko) Chrome/141.0.0.0 Safari/537.36"
103.110.249.205 - - [03/Nov/2025:16:23:03 +0530] "GET /ngsw-worker.js HTTP/1.1" 304 - "https://my.cerill.com/ngsw-worker.js" "Mozilla/5.0 (Windows NT 10.0; Win64; x64) AppleWebKit/537.36 (KHTML, like Gecko) Chrome/141.0.0.0 Safari/537.36"
103.110.249.205 - - [03/Nov/2025:16:23:07 +0530] "GET /ngsw.json?ngsw-cache-bust=0.9150749554945168 HTTP/1.1" 200 12508 "https://my.cerill.com/ngsw-worker.js" "Mozilla/5.0 (Windows NT 10.0; Win64; x64) AppleWebKit/537.36 (KHTML, like Gecko) Chrome/141.0.0.0 Safari/537.36"
196.251.71.49 - - [03/Nov/2025:16:23:53 +0530] "GET / HTTP/1.1" 200 8166 "-" "-"
103.110.249.205 - - [03/Nov/2025:16:27:59 +0530] "GET /ngsw.json?ngsw-cache-bust=0.39764651659144135 HTTP/1.1" 200 12508 "https://my.cerill.com/ngsw-worker.js" "Mozilla/5.0 (Windows NT 10.0; Win64; x64) AppleWebKit/537.36 (KHTML, like Gecko) Chrome/141.0.0.0 Safari/537.36"
152.59.84.54 - - [03/Nov/2025:16:40:41 +0530] "GET /ngsw.json?ngsw-cache-bust=0.26104952292529726 HTTP/1.1" 200 12508 "https://my.cerill.com/ngsw-worker.js" "Mozilla/5.0 (Windows NT 10.0; Win64; x64) AppleWebKit/537.36 (KHTML, like Gecko) Chrome/142.0.0.0 Safari/537.36"
152.59.84.54 - - [03/Nov/2025:16:44:25 +0530] "GET /ngsw.json?ngsw-cache-bust=0.22239372827852755 HTTP/1.1" 200 12508 "https://my.cerill.com/ngsw-worker.js" "Mozilla/5.0 (Windows NT 10.0; Win64; x64) AppleWebKit/537.36 (KHTML, like Gecko) Chrome/142.0.0.0 Safari/537.36"
152.59.84.54 - - [03/Nov/2025:16:44:46 +0530] "GET /ngsw-worker.js HTTP/1.1" 304 - "https://my.cerill.com/ngsw-worker.js" "Mozilla/5.0 (Windows NT 10.0; Win64; x64) AppleWebKit/537.36 (KHTML, like Gecko) Chrome/142.0.0.0 Safari/537.36"
152.59.84.54 - - [03/Nov/2025:16:44:49 +0530] "GET /ngsw.json?ngsw-cache-bust=0.6196708685336012 HTTP/1.1" 200 12508 "https://my.cerill.com/ngsw-worker.js" "Mozilla/5.0 (Windows NT 10.0; Win64; x64) AppleWebKit/537.36 (KHTML, like Gecko) Chrome/142.0.0.0 Safari/537.36"
103.110.249.205 - - [03/Nov/2025:16:45:47 +0530] "GET /ngsw.json?ngsw-cache-bust=0.4258582465155867 HTTP/1.1" 200 12508 "https://my.cerill.com/ngsw-worker.js" "Mozilla/5.0 (Windows NT 10.0; Win64; x64) AppleWebKit/537.36 (KHTML, like Gecko) Chrome/141.0.0.0 Safari/537.36"
152.59.84.54 - - [03/Nov/2025:16:45:51 +0530] "GET /ngsw-worker.js HTTP/1.1" 304 - "https://my.cerill.com/ngsw-worker.js" "Mozilla/5.0 (Windows NT 10.0; Win64; x64) AppleWebKit/537.36 (KHTML, like Gecko) Chrome/142.0.0.0 Safari/537.36"
152.59.84.54 - - [03/Nov/2025:16:45:59 +0530] "GET /ngsw.json?ngsw-cache-bust=0.33253973979210627 HTTP/1.1" 200 12508 "https://my.cerill.com/ngsw-worker.js" "Mozilla/5.0 (Windows NT 10.0; Win64; x64) AppleWebKit/537.36 (KHTML, like Gecko) Chrome/142.0.0.0 Safari/537.36"
152.59.84.54 - - [03/Nov/2025:16:45:59 +0530] "GET /ngsw.json?ngsw-cache-bust=0.5987072431880756 HTTP/1.1" 200 12508 "https://my.cerill.com/ngsw-worker.js" "Mozilla/5.0 (Windows NT 10.0; Win64; x64) AppleWebKit/537.36 (KHTML, like Gecko) Chrome/142.0.0.0 Safari/537.36"
152.59.84.54 - - [03/Nov/2025:16:47:14 +0530] "GET /ngsw.json?ngsw-cache-bust=0.713843268785634 HTTP/1.1" 200 12508 "https://my.cerill.com/ngsw-worker.js" "Mozilla/5.0 (Windows NT 10.0; Win64; x64) AppleWebKit/537.36 (KHTML, like Gecko) Chrome/142.0.0.0 Safari/537.36"
152.59.84.54 - - [03/Nov/2025:16:48:02 +0530] "GET /ngsw.json?ngsw-cache-bust=0.7435427929329472 HTTP/1.1" 200 12508 "https://my.cerill.com/ngsw-worker.js" "Mozilla/5.0 (Windows NT 10.0; Win64; x64) AppleWebKit/537.36 (KHTML, like Gecko) Chrome/142.0.0.0 Safari/537.36"
152.59.84.54 - - [03/Nov/2025:16:48:51 +0530] "GET /ngsw-worker.js HTTP/1.1" 304 - "https://my.cerill.com/ngsw-worker.js" "Mozilla/5.0 (Windows NT 10.0; Win64; x64) AppleWebKit/537.36 (KHTML, like Gecko) Chrome/142.0.0.0 Safari/537.36"
152.59.84.54 - - [03/Nov/2025:16:48:55 +0530] "GET /ngsw.json?ngsw-cache-bust=0.006276144700706698 HTTP/1.1" 200 12508 "https://my.cerill.com/ngsw-worker.js" "Mozilla/5.0 (Windows NT 10.0; Win64; x64) AppleWebKit/537.36 (KHTML, like Gecko) Chrome/142.0.0.0 Safari/537.36"
103.110.249.205 - - [03/Nov/2025:16:49:07 +0530] "GET /ngsw.json?ngsw-cache-bust=0.33691993755902205 HTTP/1.1" 200 12508 "https://my.cerill.com/ngsw-worker.js" "Mozilla/5.0 (Windows NT 10.0; Win64; x64) AppleWebKit/537.36 (KHTML, like Gecko) Chrome/141.0.0.0 Safari/537.36"
152.59.84.54 - - [03/Nov/2025:16:50:44 +0530] "GET /ngsw.json?ngsw-cache-bust=0.3589077634649652 HTTP/1.1" 200 12508 "https://my.cerill.com/ngsw-worker.js" "Mozilla/5.0 (Windows NT 10.0; Win64; x64) AppleWebKit/537.36 (KHTML, like Gecko) Chrome/142.0.0.0 Safari/537.36"
152.59.84.54 - - [03/Nov/2025:16:51:07 +0530] "GET /ngsw-worker.js HTTP/1.1" 304 - "https://my.cerill.com/ngsw-worker.js" "Mozilla/5.0 (Windows NT 10.0; Win64; x64) AppleWebKit/537.36 (KHTML, like Gecko) Chrome/142.0.0.0 Safari/537.36"
152.59.84.54 - - [03/Nov/2025:16:51:09 +0530] "GET /ngsw.json?ngsw-cache-bust=0.10712725651395894 HTTP/1.1" 200 12508 "https://my.cerill.com/ngsw-worker.js" "Mozilla/5.0 (Windows NT 10.0; Win64; x64) AppleWebKit/537.36 (KHTML, like Gecko) Chrome/142.0.0.0 Safari/537.36"
152.59.84.54 - - [03/Nov/2025:16:51:10 +0530] "GET /ngsw.json?ngsw-cache-bust=0.8085534520045057 HTTP/1.1" 200 12508 "https://my.cerill.com/ngsw-worker.js" "Mozilla/5.0 (Windows NT 10.0; Win64; x64) AppleWebKit/537.36 (KHTML, like Gecko) Chrome/142.0.0.0 Safari/537.36"
103.110.249.205 - - [03/Nov/2025:16:53:02 +0530] "GET /ngsw.json?ngsw-cache-bust=0.4713289453435774 HTTP/1.1" 200 12508 "https://my.cerill.com/ngsw-worker.js" "Mozilla/5.0 (Windows NT 10.0; Win64; x64) AppleWebKit/537.36 (KHTML, like Gecko) Chrome/141.0.0.0 Safari/537.36"
103.110.249.205 - - [03/Nov/2025:16:53:46 +0530] "GET /ngsw-worker.js HTTP/1.1" 304 - "https://my.cerill.com/ngsw-worker.js" "Mozilla/5.0 (Windows NT 10.0; Win64; x64) AppleWebKit/537.36 (KHTML, like Gecko) Chrome/141.0.0.0 Safari/537.36"
103.110.249.205 - - [03/Nov/2025:16:53:50 +0530] "GET /ngsw-worker.js HTTP/1.1" 304 - "https://my.cerill.com/ngsw-worker.js" "Mozilla/5.0 (Windows NT 10.0; Win64; x64) AppleWebKit/537.36 (KHTML, like Gecko) Chrome/141.0.0.0 Safari/537.36"
103.110.249.205 - - [03/Nov/2025:16:53:54 +0530] "GET /ngsw.json?ngsw-cache-bust=0.6413759862062116 HTTP/1.1" 200 12508 "https://my.cerill.com/ngsw-worker.js" "Mozilla/5.0 (Windows NT 10.0; Win64; x64) AppleWebKit/537.36 (KHTML, like Gecko) Chrome/141.0.0.0 Safari/537.36"
103.40.199.68 - - [03/Nov/2025:16:55:59 +0530] "GET /ngsw.json?ngsw-cache-bust=0.15976989725349422 HTTP/1.1" 200 12508 "https://my.cerill.com/ngsw-worker.js" "Mozilla/5.0 (Windows NT 10.0; Win64; x64) AppleWebKit/537.36 (KHTML, like Gecko) Chrome/109.0.0.0 Safari/537.36"
103.40.199.68 - - [03/Nov/2025:16:56:37 +0530] "GET /ngsw-worker.js HTTP/1.1" 304 - "https://my.cerill.com/ngsw-worker.js" "Mozilla/5.0 (Windows NT 10.0; Win64; x64) AppleWebKit/537.36 (KHTML, like Gecko) Chrome/109.0.0.0 Safari/537.36"
103.40.199.68 - - [03/Nov/2025:16:56:41 +0530] "GET /ngsw.json?ngsw-cache-bust=0.494092846291196 HTTP/1.1" 200 12508 "https://my.cerill.com/ngsw-worker.js" "Mozilla/5.0 (Windows NT 10.0; Win64; x64) AppleWebKit/537.36 (KHTML, like Gecko) Chrome/109.0.0.0 Safari/537.36"
103.40.199.68 - - [03/Nov/2025:17:00:34 +0530] "GET /ngsw.json?ngsw-cache-bust=0.22487164541051774 HTTP/1.1" 200 12508 "https://my.cerill.com/ngsw-worker.js" "Mozilla/5.0 (Windows NT 10.0; Win64; x64) AppleWebKit/537.36 (KHTML, like Gecko) Chrome/109.0.0.0 Safari/537.36"
103.40.199.68 - - [03/Nov/2025:17:06:21 +0530] "GET /ngsw.json?ngsw-cache-bust=0.7816900269350948 HTTP/1.1" 200 12508 "https://my.cerill.com/ngsw-worker.js" "Mozilla/5.0 (Windows NT 10.0; Win64; x64) AppleWebKit/537.36 (KHTML, like Gecko) Chrome/109.0.0.0 Safari/537.36"
103.40.199.68 - - [03/Nov/2025:17:06:47 +0530] "GET /ngsw-worker.js HTTP/1.1" 304 - "https://my.cerill.com/ngsw-worker.js" "Mozilla/5.0 (Windows NT 10.0; Win64; x64) AppleWebKit/537.36 (KHTML, like Gecko) Chrome/109.0.0.0 Safari/537.36"
103.40.199.68 - - [03/Nov/2025:17:07:11 +0530] "GET /ngsw.json?ngsw-cache-bust=0.10585516867370881 HTTP/1.1" 200 12508 "https://my.cerill.com/ngsw-worker.js" "Mozilla/5.0 (Windows NT 10.0; Win64; x64) AppleWebKit/537.36 (KHTML, like Gecko) Chrome/109.0.0.0 Safari/537.36"
103.40.199.68 - - [03/Nov/2025:17:08:32 +0530] "GET /ngsw-worker.js HTTP/1.1" 304 - "https://my.cerill.com/ngsw-worker.js" "Mozilla/5.0 (Windows NT 10.0; Win64; x64) AppleWebKit/537.36 (KHTML, like Gecko) Chrome/109.0.0.0 Safari/537.36"
103.40.199.68 - - [03/Nov/2025:17:08:36 +0530] "GET /ngsw.json?ngsw-cache-bust=0.01404760061532273 HTTP/1.1" 200 12508 "https://my.cerill.com/ngsw-worker.js" "Mozilla/5.0 (Windows NT 10.0; Win64; x64) AppleWebKit/537.36 (KHTML, like Gecko) Chrome/109.0.0.0 Safari/537.36"
103.110.249.205 - - [03/Nov/2025:17:12:34 +0530] "GET /ngsw.json?ngsw-cache-bust=0.5077375553006261 HTTP/1.1" 200 12508 "https://my.cerill.com/ngsw-worker.js" "Mozilla/5.0 (Windows NT 10.0; Win64; x64) AppleWebKit/537.36 (KHTML, like Gecko) Chrome/141.0.0.0 Safari/537.36"
103.40.199.68 - - [03/Nov/2025:17:13:50 +0530] "GET /ngsw.json?ngsw-cache-bust=0.05089964211994036 HTTP/1.1" 200 12508 "https://my.cerill.com/ngsw-worker.js" "Mozilla/5.0 (Windows NT 10.0; Win64; x64) AppleWebKit/537.36 (KHTML, like Gecko) Chrome/109.0.0.0 Safari/537.36"
103.110.249.205 - - [03/Nov/2025:17:13:58 +0530] "GET /ngsw-worker.js HTTP/1.1" 304 - "https://my.cerill.com/ngsw-worker.js" "Mozilla/5.0 (Windows NT 10.0; Win64; x64) AppleWebKit/537.36 (KHTML, like Gecko) Chrome/141.0.0.0 Safari/537.36"
103.110.249.205 - - [03/Nov/2025:17:14:01 +0530] "GET /ngsw.json?ngsw-cache-bust=0.9561801551208311 HTTP/1.1" 200 12508 "https://my.cerill.com/ngsw-worker.js" "Mozilla/5.0 (Windows NT 10.0; Win64; x64) AppleWebKit/537.36 (KHTML, like Gecko) Chrome/141.0.0.0 Safari/537.36"
103.110.249.205 - - [03/Nov/2025:17:14:02 +0530] "GET /ngsw.json?ngsw-cache-bust=0.9605785989535344 HTTP/1.1" 200 12508 "https://my.cerill.com/ngsw-worker.js" "Mozilla/5.0 (Windows NT 10.0; Win64; x64) AppleWebKit/537.36 (KHTML, like Gecko) Chrome/141.0.0.0 Safari/537.36"
103.40.199.68 - - [03/Nov/2025:17:15:12 +0530] "GET /ngsw-worker.js HTTP/1.1" 304 - "https://my.cerill.com/ngsw-worker.js" "Mozilla/5.0 (Windows NT 10.0; Win64; x64) AppleWebKit/537.36 (KHTML, like Gecko) Chrome/109.0.0.0 Safari/537.36"
103.40.199.68 - - [03/Nov/2025:17:15:15 +0530] "GET /ngsw.json?ngsw-cache-bust=0.9554768638903648 HTTP/1.1" 200 12508 "https://my.cerill.com/ngsw-worker.js" "Mozilla/5.0 (Windows NT 10.0; Win64; x64) AppleWebKit/537.36 (KHTML, like Gecko) Chrome/109.0.0.0 Safari/537.36"
103.110.249.205 - - [03/Nov/2025:17:23:29 +0530] "GET /ngsw-worker.js HTTP/1.1" 304 - "https://my.cerill.com/ngsw-worker.js" "Mozilla/5.0 (Windows NT 10.0; Win64; x64) AppleWebKit/537.36 (KHTML, like Gecko) Chrome/141.0.0.0 Safari/537.36"
103.110.249.205 - - [03/Nov/2025:17:23:32 +0530] "GET /ngsw.json?ngsw-cache-bust=0.7558999132199503 HTTP/1.1" 200 12508 "https://my.cerill.com/ngsw-worker.js" "Mozilla/5.0 (Windows NT 10.0; Win64; x64) AppleWebKit/537.36 (KHTML, like Gecko) Chrome/141.0.0.0 Safari/537.36"
103.110.249.205 - - [03/Nov/2025:17:23:32 +0530] "GET /ngsw.json?ngsw-cache-bust=0.18556759666586653 HTTP/1.1" 200 12508 "https://my.cerill.com/ngsw-worker.js" "Mozilla/5.0 (Windows NT 10.0; Win64; x64) AppleWebKit/537.36 (KHTML, like Gecko) Chrome/141.0.0.0 Safari/537.36"
103.110.249.205 - - [03/Nov/2025:17:24:35 +0530] "GET /ngsw-worker.js HTTP/1.1" 304 - "https://my.cerill.com/ngsw-worker.js" "Mozilla/5.0 (Windows NT 10.0; Win64; x64) AppleWebKit/537.36 (KHTML, like Gecko) Chrome/141.0.0.0 Safari/537.36"
103.110.249.205 - - [03/Nov/2025:17:24:41 +0530] "GET /ngsw.json?ngsw-cache-bust=0.7739096709745542 HTTP/1.1" 200 12508 "https://my.cerill.com/ngsw-worker.js" "Mozilla/5.0 (Windows NT 10.0; Win64; x64) AppleWebKit/537.36 (KHTML, like Gecko) Chrome/141.0.0.0 Safari/537.36"
103.110.249.205 - - [03/Nov/2025:17:24:41 +0530] "GET /ngsw.json?ngsw-cache-bust=0.4046236132030566 HTTP/1.1" 200 12508 "https://my.cerill.com/ngsw-worker.js" "Mozilla/5.0 (Windows NT 10.0; Win64; x64) AppleWebKit/537.36 (KHTML, like Gecko) Chrome/141.0.0.0 Safari/537.36"
103.110.249.205 - - [03/Nov/2025:17:26:01 +0530] "GET /ngsw.json?ngsw-cache-bust=0.7713131981538504 HTTP/1.1" 200 12508 "https://my.cerill.com/ngsw-worker.js" "Mozilla/5.0 (Windows NT 10.0; Win64; x64) AppleWebKit/537.36 (KHTML, like Gecko) Chrome/141.0.0.0 Safari/537.36"
152.59.84.54 - - [03/Nov/2025:17:33:47 +0530] "GET /ngsw.json?ngsw-cache-bust=0.044302851832684675 HTTP/1.1" 200 12508 "https://my.cerill.com/ngsw-worker.js" "Mozilla/5.0 (Windows NT 10.0; Win64; x64) AppleWebKit/537.36 (KHTML, like Gecko) Chrome/142.0.0.0 Safari/537.36"
152.59.84.54 - - [03/Nov/2025:17:36:37 +0530] "GET /ngsw.json?ngsw-cache-bust=0.6273827356747453 HTTP/1.1" 200 12508 "https://my.cerill.com/ngsw-worker.js" "Mozilla/5.0 (Windows NT 10.0; Win64; x64) AppleWebKit/537.36 (KHTML, like Gecko) Chrome/142.0.0.0 Safari/537.36"
103.40.199.68 - - [03/Nov/2025:17:39:25 +0530] "GET /ngsw.json?ngsw-cache-bust=0.7624175094042447 HTTP/1.1" 200 12508 "https://my.cerill.com/ngsw-worker.js" "Mozilla/5.0 (Windows NT 10.0; Win64; x64) AppleWebKit/537.36 (KHTML, like Gecko) Chrome/109.0.0.0 Safari/537.36"
152.59.84.54 - - [03/Nov/2025:17:46:50 +0530] "GET /ngsw.json?ngsw-cache-bust=0.5949857069527531 HTTP/1.1" 200 12508 "https://my.cerill.com/ngsw-worker.js" "Mozilla/5.0 (Windows NT 10.0; Win64; x64) AppleWebKit/537.36 (KHTML, like Gecko) Chrome/142.0.0.0 Safari/537.36"
152.59.84.54 - - [03/Nov/2025:17:47:42 +0530] "GET /ngsw-worker.js HTTP/1.1" 304 - "https://my.cerill.com/ngsw-worker.js" "Mozilla/5.0 (Windows NT 10.0; Win64; x64) AppleWebKit/537.36 (KHTML, like Gecko) Chrome/142.0.0.0 Safari/537.36"
152.59.84.54 - - [03/Nov/2025:17:47:48 +0530] "GET /ngsw.json?ngsw-cache-bust=0.5951490385900322 HTTP/1.1" 200 12508 "https://my.cerill.com/ngsw-worker.js" "Mozilla/5.0 (Windows NT 10.0; Win64; x64) AppleWebKit/537.36 (KHTML, like Gecko) Chrome/142.0.0.0 Safari/537.36"
152.59.84.54 - - [03/Nov/2025:17:57:41 +0530] "GET /ngsw.json?ngsw-cache-bust=0.1472070296507615 HTTP/1.1" 200 12508 "https://my.cerill.com/ngsw-worker.js" "Mozilla/5.0 (Windows NT 10.0; Win64; x64) AppleWebKit/537.36 (KHTML, like Gecko) Chrome/142.0.0.0 Safari/537.36"
103.110.249.205 - - [03/Nov/2025:18:02:43 +0530] "GET /ngsw.json?ngsw-cache-bust=0.7637308353706195 HTTP/1.1" 200 12508 "https://my.cerill.com/ngsw-worker.js" "Mozilla/5.0 (Windows NT 10.0; Win64; x64) AppleWebKit/537.36 (KHTML, like Gecko) Chrome/141.0.0.0 Safari/537.36"
103.110.249.205 - - [03/Nov/2025:18:02:55 +0530] "GET /ngsw-worker.js HTTP/1.1" 304 - "https://my.cerill.com/ngsw-worker.js" "Mozilla/5.0 (Windows NT 10.0; Win64; x64) AppleWebKit/537.36 (KHTML, like Gecko) Chrome/141.0.0.0 Safari/537.36"
103.110.249.205 - - [03/Nov/2025:18:02:58 +0530] "GET /ngsw.json?ngsw-cache-bust=0.35241965849139445 HTTP/1.1" 200 12508 "https://my.cerill.com/ngsw-worker.js" "Mozilla/5.0 (Windows NT 10.0; Win64; x64) AppleWebKit/537.36 (KHTML, like Gecko) Chrome/141.0.0.0 Safari/537.36"
152.59.84.54 - - [03/Nov/2025:18:03:13 +0530] "GET /ngsw.json?ngsw-cache-bust=0.7106959329525184 HTTP/1.1" 200 12508 "https://my.cerill.com/ngsw-worker.js" "Mozilla/5.0 (Windows NT 10.0; Win64; x64) AppleWebKit/537.36 (KHTML, like Gecko) Chrome/142.0.0.0 Safari/537.36"
152.59.84.54 - - [03/Nov/2025:18:03:19 +0530] "GET /ngsw-worker.js HTTP/1.1" 304 - "https://my.cerill.com/ngsw-worker.js" "Mozilla/5.0 (Windows NT 10.0; Win64; x64) AppleWebKit/537.36 (KHTML, like Gecko) Chrome/142.0.0.0 Safari/537.36"
152.59.84.54 - - [03/Nov/2025:18:03:23 +0530] "GET /ngsw.json?ngsw-cache-bust=0.3122595085218448 HTTP/1.1" 200 12508 "https://my.cerill.com/ngsw-worker.js" "Mozilla/5.0 (Windows NT 10.0; Win64; x64) AppleWebKit/537.36 (KHTML, like Gecko) Chrome/142.0.0.0 Safari/537.36"
103.110.249.205 - - [03/Nov/2025:18:03:31 +0530] "GET /ngsw-worker.js HTTP/1.1" 304 - "https://my.cerill.com/ngsw-worker.js" "Mozilla/5.0 (Windows NT 10.0; Win64; x64) AppleWebKit/537.36 (KHTML, like Gecko) Chrome/141.0.0.0 Safari/537.36"
103.110.249.205 - - [03/Nov/2025:18:03:34 +0530] "GET /ngsw.json?ngsw-cache-bust=0.9239416668366236 HTTP/1.1" 200 12508 "https://my.cerill.com/ngsw-worker.js" "Mozilla/5.0 (Windows NT 10.0; Win64; x64) AppleWebKit/537.36 (KHTML, like Gecko) Chrome/141.0.0.0 Safari/537.36"
152.59.84.54 - - [03/Nov/2025:18:04:13 +0530] "GET /ngsw.json?ngsw-cache-bust=0.09010929536955992 HTTP/1.1" 200 12508 "https://my.cerill.com/ngsw-worker.js" "Mozilla/5.0 (Windows NT 10.0; Win64; x64) AppleWebKit/537.36 (KHTML, like Gecko) Chrome/142.0.0.0 Safari/537.36"
152.59.84.54 - - [03/Nov/2025:18:04:22 +0530] "GET /ngsw-worker.js HTTP/1.1" 304 - "https://my.cerill.com/ngsw-worker.js" "Mozilla/5.0 (Windows NT 10.0; Win64; x64) AppleWebKit/537.36 (KHTML, like Gecko) Chrome/142.0.0.0 Safari/537.36"
152.59.84.54 - - [03/Nov/2025:18:04:26 +0530] "GET /ngsw.json?ngsw-cache-bust=0.6679375453167049 HTTP/1.1" 200 12508 "https://my.cerill.com/ngsw-worker.js" "Mozilla/5.0 (Windows NT 10.0; Win64; x64) AppleWebKit/537.36 (KHTML, like Gecko) Chrome/142.0.0.0 Safari/537.36"
152.59.84.54 - - [03/Nov/2025:18:28:49 +0530] "GET /ngsw.json?ngsw-cache-bust=0.8392326358584239 HTTP/1.1" 200 12508 "https://my.cerill.com/ngsw-worker.js" "Mozilla/5.0 (Windows NT 10.0; Win64; x64) AppleWebKit/537.36 (KHTML, like Gecko) Chrome/142.0.0.0 Safari/537.36"
152.59.84.54 - - [03/Nov/2025:18:29:26 +0530] "GET /ngsw-worker.js HTTP/1.1" 304 - "https://my.cerill.com/ngsw-worker.js" "Mozilla/5.0 (Windows NT 10.0; Win64; x64) AppleWebKit/537.36 (KHTML, like Gecko) Chrome/142.0.0.0 Safari/537.36"
152.59.84.54 - - [03/Nov/2025:18:29:30 +0530] "GET /ngsw.json?ngsw-cache-bust=0.5368420327815475 HTTP/1.1" 200 12508 "https://my.cerill.com/ngsw-worker.js" "Mozilla/5.0 (Windows NT 10.0; Win64; x64) AppleWebKit/537.36 (KHTML, like Gecko) Chrome/142.0.0.0 Safari/537.36"
103.110.249.205 - - [03/Nov/2025:18:30:23 +0530] "GET /ngsw.json?ngsw-cache-bust=0.8768953929263952 HTTP/1.1" 200 12508 "https://my.cerill.com/ngsw-worker.js" "Mozilla/5.0 (Windows NT 10.0; Win64; x64) AppleWebKit/537.36 (KHTML, like Gecko) Chrome/141.0.0.0 Safari/537.36"
49.43.93.129 - - [03/Nov/2025:18:31:46 +0530] "GET /ngsw-worker.js HTTP/1.1" 304 - "https://my.cerill.com/ngsw-worker.js" "Mozilla/5.0 (Windows NT 10.0; Win64; x64) AppleWebKit/537.36 (KHTML, like Gecko) Chrome/141.0.0.0 Safari/537.36"
49.43.93.129 - - [03/Nov/2025:18:31:50 +0530] "GET /ngsw-worker.js HTTP/1.1" 304 - "https://my.cerill.com/ngsw-worker.js" "Mozilla/5.0 (Windows NT 10.0; Win64; x64) AppleWebKit/537.36 (KHTML, like Gecko) Chrome/141.0.0.0 Safari/537.36"
152.59.84.54 - - [03/Nov/2025:18:32:00 +0530] "GET /ngsw-worker.js HTTP/1.1" 304 - "https://my.cerill.com/ngsw-worker.js" "Mozilla/5.0 (Windows NT 10.0; Win64; x64) AppleWebKit/537.36 (KHTML, like Gecko) Chrome/142.0.0.0 Safari/537.36"
152.59.84.54 - - [03/Nov/2025:18:32:04 +0530] "GET /ngsw.json?ngsw-cache-bust=0.13440951591602313 HTTP/1.1" 200 12508 "https://my.cerill.com/ngsw-worker.js" "Mozilla/5.0 (Windows NT 10.0; Win64; x64) AppleWebKit/537.36 (KHTML, like Gecko) Chrome/142.0.0.0 Safari/537.36"
152.59.84.54 - - [03/Nov/2025:18:32:05 +0530] "GET /ngsw.json?ngsw-cache-bust=0.12715687133440423 HTTP/1.1" 200 12508 "https://my.cerill.com/ngsw-worker.js" "Mozilla/5.0 (Windows NT 10.0; Win64; x64) AppleWebKit/537.36 (KHTML, like Gecko) Chrome/142.0.0.0 Safari/537.36"
49.43.93.129 - - [03/Nov/2025:18:32:08 +0530] "GET /ngsw-worker.js HTTP/1.1" 304 - "https://my.cerill.com/ngsw-worker.js" "Mozilla/5.0 (Windows NT 10.0; Win64; x64) AppleWebKit/537.36 (KHTML, like Gecko) Chrome/141.0.0.0 Safari/537.36"
103.110.249.205 - - [03/Nov/2025:18:32:12 +0530] "GET /ngsw.json?ngsw-cache-bust=0.655233947756409 HTTP/1.1" 200 12508 "https://my.cerill.com/ngsw-worker.js" "Mozilla/5.0 (Windows NT 10.0; Win64; x64) AppleWebKit/537.36 (KHTML, like Gecko) Chrome/141.0.0.0 Safari/537.36"
49.43.93.129 - - [03/Nov/2025:18:32:14 +0530] "GET /ngsw.json?ngsw-cache-bust=0.5262417248319793 HTTP/1.1" 200 12508 "https://my.cerill.com/ngsw-worker.js" "Mozilla/5.0 (Windows NT 10.0; Win64; x64) AppleWebKit/537.36 (KHTML, like Gecko) Chrome/141.0.0.0 Safari/537.36"
49.43.93.129 - - [03/Nov/2025:18:32:18 +0530] "GET /ngsw.json?ngsw-cache-bust=0.2895386673256881 HTTP/1.1" 200 12508 "https://my.cerill.com/ngsw-worker.js" "Mozilla/5.0 (Windows NT 10.0; Win64; x64) AppleWebKit/537.36 (KHTML, like Gecko) Chrome/141.0.0.0 Safari/537.36"
49.43.93.129 - - [03/Nov/2025:18:33:12 +0530] "GET /ngsw-worker.js HTTP/1.1" 304 - "https://my.cerill.com/ngsw-worker.js" "Mozilla/5.0 (Windows NT 10.0; Win64; x64) AppleWebKit/537.36 (KHTML, like Gecko) Chrome/141.0.0.0 Safari/537.36"
49.43.93.129 - - [03/Nov/2025:18:33:15 +0530] "GET /ngsw.json?ngsw-cache-bust=0.39356883261729614 HTTP/1.1" 200 12508 "https://my.cerill.com/ngsw-worker.js" "Mozilla/5.0 (Windows NT 10.0; Win64; x64) AppleWebKit/537.36 (KHTML, like Gecko) Chrome/141.0.0.0 Safari/537.36"
103.110.249.205 - - [03/Nov/2025:19:07:48 +0530] "GET /ngsw.json?ngsw-cache-bust=0.8510706212069754 HTTP/1.1" 200 12508 "https://my.cerill.com/ngsw-worker.js" "Mozilla/5.0 (Windows NT 10.0; Win64; x64) AppleWebKit/537.36 (KHTML, like Gecko) Chrome/141.0.0.0 Safari/537.36"
103.110.249.205 - - [03/Nov/2025:19:10:38 +0530] "GET /ngsw.json?ngsw-cache-bust=0.07400771008701057 HTTP/1.1" 200 12508 "https://my.cerill.com/ngsw-worker.js" "Mozilla/5.0 (Windows NT 10.0; Win64; x64) AppleWebKit/537.36 (KHTML, like Gecko) Chrome/141.0.0.0 Safari/537.36"
103.110.249.205 - - [03/Nov/2025:19:19:21 +0530] "GET /ngsw-worker.js HTTP/1.1" 304 - "https://my.cerill.com/ngsw-worker.js" "Mozilla/5.0 (Linux; Android 10; K) AppleWebKit/537.36 (KHTML, like Gecko) Chrome/141.0.0.0 Mobile Safari/537.36"
103.110.249.205 - - [03/Nov/2025:19:19:33 +0530] "GET /ngsw.json?ngsw-cache-bust=0.12092281406920125 HTTP/1.1" 200 12508 "https://my.cerill.com/ngsw-worker.js" "Mozilla/5.0 (Linux; Android 10; K) AppleWebKit/537.36 (KHTML, like Gecko) Chrome/141.0.0.0 Mobile Safari/537.36"
103.110.249.205 - - [03/Nov/2025:19:19:34 +0530] "GET /ngsw.json?ngsw-cache-bust=0.6389812621189125 HTTP/1.1" 200 12508 "https://my.cerill.com/ngsw-worker.js" "Mozilla/5.0 (Linux; Android 10; K) AppleWebKit/537.36 (KHTML, like Gecko) Chrome/141.0.0.0 Mobile Safari/537.36"
103.110.249.205 - - [03/Nov/2025:19:20:07 +0530] "GET /ngsw-worker.js HTTP/1.1" 304 - "https://my.cerill.com/ngsw-worker.js" "Mozilla/5.0 (Linux; Android 10; K) AppleWebKit/537.36 (KHTML, like Gecko) Chrome/141.0.0.0 Mobile Safari/537.36"
103.110.249.205 - - [03/Nov/2025:19:20:10 +0530] "GET /ngsw.json?ngsw-cache-bust=0.0003276753517228448 HTTP/1.1" 200 12508 "https://my.cerill.com/ngsw-worker.js" "Mozilla/5.0 (Linux; Android 10; K) AppleWebKit/537.36 (KHTML, like Gecko) Chrome/141.0.0.0 Mobile Safari/537.36"
103.110.249.205 - - [03/Nov/2025:19:20:23 +0530] "GET /ngsw-worker.js HTTP/1.1" 304 - "https://my.cerill.com/ngsw-worker.js" "Mozilla/5.0 (Linux; Android 10; K) AppleWebKit/537.36 (KHTML, like Gecko) Chrome/141.0.0.0 Mobile Safari/537.36"
103.110.249.205 - - [03/Nov/2025:19:20:27 +0530] "GET /ngsw.json?ngsw-cache-bust=0.6605638315010653 HTTP/1.1" 200 12508 "https://my.cerill.com/ngsw-worker.js" "Mozilla/5.0 (Linux; Android 10; K) AppleWebKit/537.36 (KHTML, like Gecko) Chrome/141.0.0.0 Mobile Safari/537.36"
103.110.249.205 - - [03/Nov/2025:19:20:47 +0530] "GET /ngsw-worker.js HTTP/1.1" 304 - "https://my.cerill.com/ngsw-worker.js" "Mozilla/5.0 (Linux; Android 10; K) AppleWebKit/537.36 (KHTML, like Gecko) Chrome/141.0.0.0 Mobile Safari/537.36"
103.110.249.205 - - [03/Nov/2025:19:20:51 +0530] "GET /ngsw.json?ngsw-cache-bust=0.8159871669105541 HTTP/1.1" 200 12508 "https://my.cerill.com/ngsw-worker.js" "Mozilla/5.0 (Linux; Android 10; K) AppleWebKit/537.36 (KHTML, like Gecko) Chrome/141.0.0.0 Mobile Safari/537.36"
103.110.249.205 - - [03/Nov/2025:19:34:59 +0530] "GET /ngsw.json?ngsw-cache-bust=0.38682980573440384 HTTP/1.1" 200 12508 "https://my.cerill.com/ngsw-worker.js" "Mozilla/5.0 (Windows NT 10.0; Win64; x64) AppleWebKit/537.36 (KHTML, like Gecko) Chrome/141.0.0.0 Safari/537.36"
46.39.228.71 - - [03/Nov/2025:19:39:09 +0530] "GET /mah.php HTTP/1.1" 404 16 "-" "Mozilla/5.0 (X11; Linux x86_64) AppleWebKit/537.36 (KHTML, like Gecko) Chrome/140.0.0.0 Safari/537.36"
46.39.228.71 - - [03/Nov/2025:19:39:09 +0530] "GET /chosen.php HTTP/1.1" 404 16 "-" "Mozilla/5.0 (X11; Linux x86_64) AppleWebKit/537.36 (KHTML, like Gecko) Chrome/140.0.0.0 Safari/537.36"
46.39.228.71 - - [03/Nov/2025:19:39:09 +0530] "GET /goods.php HTTP/1.1" 404 16 "-" "Mozilla/5.0 (X11; Linux x86_64) AppleWebKit/537.36 (KHTML, like Gecko) Chrome/140.0.0.0 Safari/537.36"
37.214.33.93 - - [03/Nov/2025:19:40:32 +0530] "GET /chosen.php HTTP/1.1" 404 16 "-" "Mozilla/5.0 (Macintosh; Intel Mac OS X 10_15_7) AppleWebKit/537.36 (KHTML, like Gecko) Chrome/136.0.0.0 Safari/537.36"
37.214.33.93 - - [03/Nov/2025:19:40:32 +0530] "GET /goods.php HTTP/1.1" 404 16 "-" "Mozilla/5.0 (Macintosh; Intel Mac OS X 10_15_7) AppleWebKit/537.36 (KHTML, like Gecko) Chrome/136.0.0.0 Safari/537.36"
37.214.33.93 - - [03/Nov/2025:19:40:32 +0530] "GET /mah.php HTTP/1.1" 404 16 "-" "Mozilla/5.0 (Macintosh; Intel Mac OS X 10_15_7) AppleWebKit/537.36 (KHTML, like Gecko) Chrome/136.0.0.0 Safari/537.36"
64.233.173.203 - - [03/Nov/2025:21:09:36 +0530] "GET /.well-known/assetlinks.json HTTP/1.1" 404 196 "-" "GoogleAssociationService"
64.233.173.203 - - [03/Nov/2025:21:09:36 +0530] "GET /.well-known/assetlinks.json HTTP/1.1" 404 196 "-" "GoogleAssociationService"
74.7.227.22 - - [03/Nov/2025:21:16:57 +0530] "GET / HTTP/1.1" 200 8166 "-" "Mozilla/5.0 AppleWebKit/537.36 (KHTML, like Gecko; compatible; GPTBot/1.2; +https://openai.com/gptbot)"
74.7.227.158 - - [03/Nov/2025:21:27:45 +0530] "GET / HTTP/1.1" 200 8166 "-" "Mozilla/5.0 AppleWebKit/537.36 (KHTML, like Gecko; compatible; GPTBot/1.2; +https://openai.com/gptbot)"
35.247.170.209 - - [03/Nov/2025:21:53:52 +0530] "GET / HTTP/1.1" 200 8166 "-" "Mozilla/5.0 (Linux; Android 5.1.1; SM-J111F)"
35.247.170.209 - - [03/Nov/2025:21:53:53 +0530] "GET /wordpress/ HTTP/1.1" 404 196 "-" "Mozilla/5.0 (Linux; Android 5.1.1; SM-J111F)"
173.252.87.8 - - [04/Nov/2025:04:59:22 +0530] "GET /robots.txt HTTP/1.1" 404 196 "-" "facebookexternalhit/1.1 (+http://www.facebook.com/externalhit_uatext.php)"
54.74.86.22 - - [04/Nov/2025:05:24:46 +0530] "GET / HTTP/1.0" 200 8166 "-" "Mozilla/5.0 (compatible; NetcraftSurveyAgent/1.0; +info@netcraft.com)"
103.110.249.205 - - [04/Nov/2025:09:05:06 +0530] "GET /ngsw-worker.js HTTP/1.1" 304 - "https://my.cerill.com/ngsw-worker.js" "Mozilla/5.0 (Windows NT 10.0; Win64; x64) AppleWebKit/537.36 (KHTML, like Gecko) Chrome/141.0.0.0 Safari/537.36"
103.110.249.205 - - [04/Nov/2025:09:05:14 +0530] "GET /ngsw.json?ngsw-cache-bust=0.6105761302098864 HTTP/1.1" 200 12508 "https://my.cerill.com/ngsw-worker.js" "Mozilla/5.0 (Windows NT 10.0; Win64; x64) AppleWebKit/537.36 (KHTML, like Gecko) Chrome/141.0.0.0 Safari/537.36"
103.110.249.205 - - [04/Nov/2025:09:05:14 +0530] "GET /ngsw.json?ngsw-cache-bust=0.5853293290888305 HTTP/1.1" 200 12508 "https://my.cerill.com/ngsw-worker.js" "Mozilla/5.0 (Windows NT 10.0; Win64; x64) AppleWebKit/537.36 (KHTML, like Gecko) Chrome/141.0.0.0 Safari/537.36"
103.110.249.205 - - [04/Nov/2025:09:08:13 +0530] "GET /ngsw.json?ngsw-cache-bust=0.5330303592498453 HTTP/1.1" 200 12508 "https://my.cerill.com/ngsw-worker.js" "Mozilla/5.0 (Windows NT 10.0; Win64; x64) AppleWebKit/537.36 (KHTML, like Gecko) Chrome/141.0.0.0 Safari/537.36"
103.40.199.68 - - [04/Nov/2025:09:11:46 +0530] "GET /ngsw-worker.js HTTP/1.1" 304 - "https://my.cerill.com/ngsw-worker.js" "Mozilla/5.0 (Windows NT 10.0; Win64; x64) AppleWebKit/537.36 (KHTML, like Gecko) Chrome/109.0.0.0 Safari/537.36"
103.40.199.68 - - [04/Nov/2025:09:11:55 +0530] "GET /ngsw.json?ngsw-cache-bust=0.05744802859609677 HTTP/1.1" 200 12508 "https://my.cerill.com/ngsw-worker.js" "Mozilla/5.0 (Windows NT 10.0; Win64; x64) AppleWebKit/537.36 (KHTML, like Gecko) Chrome/109.0.0.0 Safari/537.36"
103.40.199.68 - - [04/Nov/2025:09:11:57 +0530] "GET /ngsw.json?ngsw-cache-bust=0.5192778628949031 HTTP/1.1" 200 12508 "https://my.cerill.com/ngsw-worker.js" "Mozilla/5.0 (Windows NT 10.0; Win64; x64) AppleWebKit/537.36 (KHTML, like Gecko) Chrome/109.0.0.0 Safari/537.36"
103.110.249.205 - - [04/Nov/2025:09:28:07 +0530] "GET /ngsw-worker.js HTTP/1.1" 304 - "https://my.cerill.com/ngsw-worker.js" "Mozilla/5.0 (Windows NT 10.0; Win64; x64) AppleWebKit/537.36 (KHTML, like Gecko) Chrome/141.0.0.0 Safari/537.36"
103.110.249.205 - - [04/Nov/2025:09:28:11 +0530] "GET /ngsw.json?ngsw-cache-bust=0.011503837968558583 HTTP/1.1" 200 12508 "https://my.cerill.com/ngsw-worker.js" "Mozilla/5.0 (Windows NT 10.0; Win64; x64) AppleWebKit/537.36 (KHTML, like Gecko) Chrome/141.0.0.0 Safari/537.36"
103.110.249.205 - - [04/Nov/2025:09:28:11 +0530] "GET /ngsw.json?ngsw-cache-bust=0.9541398305544673 HTTP/1.1" 200 12508 "https://my.cerill.com/ngsw-worker.js" "Mozilla/5.0 (Windows NT 10.0; Win64; x64) AppleWebKit/537.36 (KHTML, like Gecko) Chrome/141.0.0.0 Safari/537.36"
103.40.199.68 - - [04/Nov/2025:09:29:00 +0530] "GET /ngsw.json?ngsw-cache-bust=0.8579679617287119 HTTP/1.1" 200 12508 "https://my.cerill.com/ngsw-worker.js" "Mozilla/5.0 (Windows NT 10.0; Win64; x64) AppleWebKit/537.36 (KHTML, like Gecko) Chrome/109.0.0.0 Safari/537.36"
103.110.249.205 - - [04/Nov/2025:09:29:31 +0530] "GET /ngsw.json?ngsw-cache-bust=0.597988190348132 HTTP/1.1" 200 12508 "https://my.cerill.com/ngsw-worker.js" "Mozilla/5.0 (Windows NT 10.0; Win64; x64) AppleWebKit/537.36 (KHTML, like Gecko) Chrome/141.0.0.0 Safari/537.36"
103.110.249.205 - - [04/Nov/2025:09:30:42 +0530] "GET /ngsw.json?ngsw-cache-bust=0.21838845229713588 HTTP/1.1" 200 12508 "https://my.cerill.com/ngsw-worker.js" "Mozilla/5.0 (Windows NT 10.0; Win64; x64) AppleWebKit/537.36 (KHTML, like Gecko) Chrome/141.0.0.0 Safari/537.36"
103.110.249.205 - - [04/Nov/2025:09:32:01 +0530] "GET /ngsw.json?ngsw-cache-bust=0.8338937354671833 HTTP/1.1" 200 12508 "https://my.cerill.com/ngsw-worker.js" "Mozilla/5.0 (Windows NT 10.0; Win64; x64) AppleWebKit/537.36 (KHTML, like Gecko) Chrome/141.0.0.0 Safari/537.36"
103.110.249.205 - - [04/Nov/2025:09:53:36 +0530] "GET /ngsw.json?ngsw-cache-bust=0.12120175303194702 HTTP/1.1" 200 12508 "https://my.cerill.com/ngsw-worker.js" "Mozilla/5.0 (Windows NT 10.0; Win64; x64) AppleWebKit/537.36 (KHTML, like Gecko) Chrome/141.0.0.0 Safari/537.36"
103.110.249.205 - - [04/Nov/2025:09:55:06 +0530] "GET /ngsw-worker.js HTTP/1.1" 304 - "https://my.cerill.com/ngsw-worker.js" "Mozilla/5.0 (Windows NT 10.0; Win64; x64) AppleWebKit/537.36 (KHTML, like Gecko) Chrome/141.0.0.0 Safari/537.36"
103.110.249.205 - - [04/Nov/2025:09:55:10 +0530] "GET /ngsw.json?ngsw-cache-bust=0.09832928811621833 HTTP/1.1" 200 12508 "https://my.cerill.com/ngsw-worker.js" "Mozilla/5.0 (Windows NT 10.0; Win64; x64) AppleWebKit/537.36 (KHTML, like Gecko) Chrome/141.0.0.0 Safari/537.36"
103.110.249.205 - - [04/Nov/2025:09:55:11 +0530] "GET /ngsw.json?ngsw-cache-bust=0.5297718325881987 HTTP/1.1" 200 12508 "https://my.cerill.com/ngsw-worker.js" "Mozilla/5.0 (Windows NT 10.0; Win64; x64) AppleWebKit/537.36 (KHTML, like Gecko) Chrome/141.0.0.0 Safari/537.36"
103.110.249.205 - - [04/Nov/2025:09:56:28 +0530] "GET /ngsw.json?ngsw-cache-bust=0.3991668234353125 HTTP/1.1" 200 12508 "https://my.cerill.com/ngsw-worker.js" "Mozilla/5.0 (Windows NT 10.0; Win64; x64) AppleWebKit/537.36 (KHTML, like Gecko) Chrome/141.0.0.0 Safari/537.36"
103.110.249.205 - - [04/Nov/2025:09:58:06 +0530] "GET /ngsw.json?ngsw-cache-bust=0.9239593274085709 HTTP/1.1" 200 12508 "https://my.cerill.com/ngsw-worker.js" "Mozilla/5.0 (Windows NT 10.0; Win64; x64) AppleWebKit/537.36 (KHTML, like Gecko) Chrome/141.0.0.0 Safari/537.36"
103.110.249.205 - - [04/Nov/2025:09:58:23 +0530] "GET /ngsw-worker.js HTTP/1.1" 304 - "https://my.cerill.com/ngsw-worker.js" "Mozilla/5.0 (Windows NT 10.0; Win64; x64) AppleWebKit/537.36 (KHTML, like Gecko) Chrome/141.0.0.0 Safari/537.36"
103.110.249.205 - - [04/Nov/2025:09:58:26 +0530] "GET /ngsw.json?ngsw-cache-bust=0.841480567401977 HTTP/1.1" 200 12508 "https://my.cerill.com/ngsw-worker.js" "Mozilla/5.0 (Windows NT 10.0; Win64; x64) AppleWebKit/537.36 (KHTML, like Gecko) Chrome/141.0.0.0 Safari/537.36"
103.40.199.68 - - [04/Nov/2025:09:58:58 +0530] "GET /ngsw.json?ngsw-cache-bust=0.7197698785486741 HTTP/1.1" 200 12508 "https://my.cerill.com/ngsw-worker.js" "Mozilla/5.0 (Windows NT 10.0; Win64; x64) AppleWebKit/537.36 (KHTML, like Gecko) Chrome/109.0.0.0 Safari/537.36"
103.110.249.205 - - [04/Nov/2025:10:01:30 +0530] "GET /ngsw.json?ngsw-cache-bust=0.8245656441749012 HTTP/1.1" 200 12508 "https://my.cerill.com/ngsw-worker.js" "Mozilla/5.0 (Windows NT 10.0; Win64; x64) AppleWebKit/537.36 (KHTML, like Gecko) Chrome/141.0.0.0 Safari/537.36"
103.110.249.205 - - [04/Nov/2025:10:04:04 +0530] "GET /ngsw.json?ngsw-cache-bust=0.6892699054816104 HTTP/1.1" 200 12508 "https://my.cerill.com/ngsw-worker.js" "Mozilla/5.0 (Windows NT 10.0; Win64; x64) AppleWebKit/537.36 (KHTML, like Gecko) Chrome/141.0.0.0 Safari/537.36"
103.110.249.205 - - [04/Nov/2025:10:07:36 +0530] "GET /ngsw.json?ngsw-cache-bust=0.9603522139602226 HTTP/1.1" 200 12508 "https://my.cerill.com/ngsw-worker.js" "Mozilla/5.0 (Windows NT 10.0; Win64; x64) AppleWebKit/537.36 (KHTML, like Gecko) Chrome/141.0.0.0 Safari/537.36"
103.110.249.205 - - [04/Nov/2025:10:07:44 +0530] "GET /ngsw-worker.js HTTP/1.1" 304 - "https://my.cerill.com/ngsw-worker.js" "Mozilla/5.0 (Windows NT 10.0; Win64; x64) AppleWebKit/537.36 (KHTML, like Gecko) Chrome/141.0.0.0 Safari/537.36"
103.110.249.205 - - [04/Nov/2025:10:07:47 +0530] "GET /ngsw.json?ngsw-cache-bust=0.9096193248223414 HTTP/1.1" 200 12508 "https://my.cerill.com/ngsw-worker.js" "Mozilla/5.0 (Windows NT 10.0; Win64; x64) AppleWebKit/537.36 (KHTML, like Gecko) Chrome/141.0.0.0 Safari/537.36"
103.40.199.68 - - [04/Nov/2025:10:10:08 +0530] "GET /ngsw.json?ngsw-cache-bust=0.12058015198625882 HTTP/1.1" 200 12508 "https://my.cerill.com/ngsw-worker.js" "Mozilla/5.0 (Windows NT 10.0; Win64; x64) AppleWebKit/537.36 (KHTML, like Gecko) Chrome/109.0.0.0 Safari/537.36"
103.40.199.68 - - [04/Nov/2025:10:12:37 +0530] "GET /ngsw.json?ngsw-cache-bust=0.19537285258544745 HTTP/1.1" 200 12508 "https://my.cerill.com/ngsw-worker.js" "Mozilla/5.0 (Windows NT 10.0; Win64; x64) AppleWebKit/537.36 (KHTML, like Gecko) Chrome/109.0.0.0 Safari/537.36"
103.40.199.68 - - [04/Nov/2025:10:12:38 +0530] "GET /ngsw.json?ngsw-cache-bust=0.985807436376209 HTTP/1.1" 200 12508 "https://my.cerill.com/ngsw-worker.js" "Mozilla/5.0 (Windows NT 10.0; Win64; x64) AppleWebKit/537.36 (KHTML, like Gecko) Chrome/109.0.0.0 Safari/537.36"
103.40.199.68 - - [04/Nov/2025:10:12:39 +0530] "GET /ngsw-worker.js HTTP/1.1" 304 - "https://my.cerill.com/ngsw-worker.js" "Mozilla/5.0 (Windows NT 10.0; Win64; x64) AppleWebKit/537.36 (KHTML, like Gecko) Chrome/109.0.0.0 Safari/537.36"
103.40.199.68 - - [04/Nov/2025:10:13:50 +0530] "GET /ngsw.json?ngsw-cache-bust=0.25751385145740113 HTTP/1.1" 200 12508 "https://my.cerill.com/ngsw-worker.js" "Mozilla/5.0 (Windows NT 10.0; Win64; x64) AppleWebKit/537.36 (KHTML, like Gecko) Chrome/109.0.0.0 Safari/537.36"
103.40.199.68 - - [04/Nov/2025:10:14:29 +0530] "GET /ngsw-worker.js HTTP/1.1" 304 - "https://my.cerill.com/ngsw-worker.js" "Mozilla/5.0 (Windows NT 10.0; Win64; x64) AppleWebKit/537.36 (KHTML, like Gecko) Chrome/109.0.0.0 Safari/537.36"
103.40.199.68 - - [04/Nov/2025:10:14:32 +0530] "GET /ngsw.json?ngsw-cache-bust=0.957167421576401 HTTP/1.1" 200 12508 "https://my.cerill.com/ngsw-worker.js" "Mozilla/5.0 (Windows NT 10.0; Win64; x64) AppleWebKit/537.36 (KHTML, like Gecko) Chrome/109.0.0.0 Safari/537.36"
103.110.249.205 - - [04/Nov/2025:10:15:04 +0530] "GET /ngsw-worker.js HTTP/1.1" 304 - "https://my.cerill.com/ngsw-worker.js" "Mozilla/5.0 (Windows NT 10.0; Win64; x64) AppleWebKit/537.36 (KHTML, like Gecko) Chrome/141.0.0.0 Safari/537.36"
103.110.249.205 - - [04/Nov/2025:10:15:06 +0530] "GET /ngsw-worker.js HTTP/1.1" 304 - "https://my.cerill.com/ngsw-worker.js" "Mozilla/5.0 (Windows NT 10.0; Win64; x64) AppleWebKit/537.36 (KHTML, like Gecko) Chrome/141.0.0.0 Safari/537.36"
103.110.249.205 - - [04/Nov/2025:10:15:13 +0530] "GET /ngsw.json?ngsw-cache-bust=0.9859079339008464 HTTP/1.1" 200 12508 "https://my.cerill.com/ngsw-worker.js" "Mozilla/5.0 (Windows NT 10.0; Win64; x64) AppleWebKit/537.36 (KHTML, like Gecko) Chrome/141.0.0.0 Safari/537.36"
103.110.249.205 - - [04/Nov/2025:10:15:14 +0530] "GET /ngsw.json?ngsw-cache-bust=0.8708212465603701 HTTP/1.1" 200 12508 "https://my.cerill.com/ngsw-worker.js" "Mozilla/5.0 (Windows NT 10.0; Win64; x64) AppleWebKit/537.36 (KHTML, like Gecko) Chrome/141.0.0.0 Safari/537.36"
103.110.249.205 - - [04/Nov/2025:10:36:04 +0530] "GET /ngsw-worker.js HTTP/1.1" 304 - "https://my.cerill.com/ngsw-worker.js" "Mozilla/5.0 (Windows NT 10.0; Win64; x64) AppleWebKit/537.36 (KHTML, like Gecko) Chrome/141.0.0.0 Safari/537.36"
103.110.249.205 - - [04/Nov/2025:10:36:07 +0530] "GET /ngsw.json?ngsw-cache-bust=0.4495138222196129 HTTP/1.1" 200 12508 "https://my.cerill.com/ngsw-worker.js" "Mozilla/5.0 (Windows NT 10.0; Win64; x64) AppleWebKit/537.36 (KHTML, like Gecko) Chrome/141.0.0.0 Safari/537.36"
103.110.249.205 - - [04/Nov/2025:10:36:07 +0530] "GET /ngsw.json?ngsw-cache-bust=0.49822658792627683 HTTP/1.1" 200 12508 "https://my.cerill.com/ngsw-worker.js" "Mozilla/5.0 (Windows NT 10.0; Win64; x64) AppleWebKit/537.36 (KHTML, like Gecko) Chrome/141.0.0.0 Safari/537.36"
103.110.249.205 - - [04/Nov/2025:10:40:56 +0530] "GET /ngsw.json?ngsw-cache-bust=0.34247729003178307 HTTP/1.1" 200 12508 "https://my.cerill.com/ngsw-worker.js" "Mozilla/5.0 (Windows NT 10.0; Win64; x64) AppleWebKit/537.36 (KHTML, like Gecko) Chrome/141.0.0.0 Safari/537.36"
103.110.249.205 - - [04/Nov/2025:10:42:18 +0530] "GET /ngsw.json?ngsw-cache-bust=0.0996497430705201 HTTP/1.1" 200 12508 "https://my.cerill.com/ngsw-worker.js" "Mozilla/5.0 (Windows NT 10.0; Win64; x64) AppleWebKit/537.36 (KHTML, like Gecko) Chrome/141.0.0.0 Safari/537.36"
103.40.199.68 - - [04/Nov/2025:10:42:38 +0530] "GET /ngsw.json?ngsw-cache-bust=0.8330199051266203 HTTP/1.1" 200 12508 "https://my.cerill.com/ngsw-worker.js" "Mozilla/5.0 (Windows NT 10.0; Win64; x64) AppleWebKit/537.36 (KHTML, like Gecko) Chrome/109.0.0.0 Safari/537.36"
103.110.249.205 - - [04/Nov/2025:10:43:33 +0530] "GET /ngsw-worker.js HTTP/1.1" 304 - "https://my.cerill.com/ngsw-worker.js" "Mozilla/5.0 (Windows NT 10.0; Win64; x64) AppleWebKit/537.36 (KHTML, like Gecko) Chrome/141.0.0.0 Safari/537.36"
103.110.249.205 - - [04/Nov/2025:10:43:37 +0530] "GET /ngsw.json?ngsw-cache-bust=0.5328439668468798 HTTP/1.1" 200 12508 "https://my.cerill.com/ngsw-worker.js" "Mozilla/5.0 (Windows NT 10.0; Win64; x64) AppleWebKit/537.36 (KHTML, like Gecko) Chrome/141.0.0.0 Safari/537.36"
94.230.174.42 - - [04/Nov/2025:10:45:05 +0530] "GET / HTTP/1.1" 200 8166 "-" "Mozilla/5.0 (X11; Linux x86_64) AppleWebKit/537.36 (KHTML, like Gecko) Chrome/122.0.0.0 Safari/537.36"
193.0.151.210 - - [04/Nov/2025:10:46:29 +0530] "GET / HTTP/1.1" 200 8166 "-" "Mozilla/5.0 (Windows NT 10.0; Win64; x64) AppleWebKit/537.36 (KHTML, like Gecko) Chrome/138.0.7204.93 Safari/537.36"
103.110.249.205 - - [04/Nov/2025:10:47:25 +0530] "GET /ngsw.json?ngsw-cache-bust=0.24177773074386422 HTTP/1.1" 200 12508 "https://my.cerill.com/ngsw-worker.js" "Mozilla/5.0 (Windows NT 10.0; Win64; x64) AppleWebKit/537.36 (KHTML, like Gecko) Chrome/141.0.0.0 Safari/537.36"
