152.58.106.150 - - [06/Nov/2025:14:02:26 +0530] "GET /ngsw-worker.js HTTP/1.1" 304 - "https://my.cerill.com/ngsw-worker.js" "Mozilla/5.0 (Windows NT 10.0; Win64; x64) AppleWebKit/537.36 (KHTML, like Gecko) Chrome/142.0.0.0 Safari/537.36"
152.58.106.150 - - [06/Nov/2025:14:02:30 +0530] "GET /ngsw.json?ngsw-cache-bust=0.08872045267978534 HTTP/1.1" 200 12508 "https://my.cerill.com/ngsw-worker.js" "Mozilla/5.0 (Windows NT 10.0; Win64; x64) AppleWebKit/537.36 (KHTML, like Gecko) Chrome/142.0.0.0 Safari/537.36"
152.58.106.150 - - [06/Nov/2025:14:04:46 +0530] "GET /ngsw-worker.js HTTP/1.1" 304 - "https://my.cerill.com/ngsw-worker.js" "Mozilla/5.0 (Windows NT 10.0; Win64; x64) AppleWebKit/537.36 (KHTML, like Gecko) Chrome/142.0.0.0 Safari/537.36"
152.58.106.150 - - [06/Nov/2025:14:04:48 +0530] "GET /ngsw-worker.js HTTP/1.1" 304 - "https://my.cerill.com/ngsw-worker.js" "Mozilla/5.0 (Windows NT 10.0; Win64; x64) AppleWebKit/537.36 (KHTML, like Gecko) Chrome/142.0.0.0 Safari/537.36"
152.58.106.150 - - [06/Nov/2025:14:04:53 +0530] "GET /ngsw.json?ngsw-cache-bust=0.3480228104562406 HTTP/1.1" 200 12508 "https://my.cerill.com/ngsw-worker.js" "Mozilla/5.0 (Windows NT 10.0; Win64; x64) AppleWebKit/537.36 (KHTML, like Gecko) Chrome/142.0.0.0 Safari/537.36"
152.58.106.150 - - [06/Nov/2025:14:04:53 +0530] "GET /ngsw.json?ngsw-cache-bust=0.5470752570766017 HTTP/1.1" 200 12508 "https://my.cerill.com/ngsw-worker.js" "Mozilla/5.0 (Windows NT 10.0; Win64; x64) AppleWebKit/537.36 (KHTML, like Gecko) Chrome/142.0.0.0 Safari/537.36"
152.58.106.150 - - [06/Nov/2025:14:10:33 +0530] "GET /ngsw-worker.js HTTP/1.1" 304 - "https://my.cerill.com/ngsw-worker.js" "Mozilla/5.0 (Windows NT 10.0; Win64; x64) AppleWebKit/537.36 (KHTML, like Gecko) Chrome/142.0.0.0 Safari/537.36"
152.58.106.150 - - [06/Nov/2025:14:10:38 +0530] "GET /ngsw.json?ngsw-cache-bust=0.7667792938408667 HTTP/1.1" 200 12508 "https://my.cerill.com/ngsw-worker.js" "Mozilla/5.0 (Windows NT 10.0; Win64; x64) AppleWebKit/537.36 (KHTML, like Gecko) Chrome/142.0.0.0 Safari/537.36"
152.58.106.150 - - [06/Nov/2025:14:10:38 +0530] "GET /ngsw.json?ngsw-cache-bust=0.8830497839621552 HTTP/1.1" 200 12508 "https://my.cerill.com/ngsw-worker.js" "Mozilla/5.0 (Windows NT 10.0; Win64; x64) AppleWebKit/537.36 (KHTML, like Gecko) Chrome/142.0.0.0 Safari/537.36"
152.58.106.150 - - [06/Nov/2025:14:11:34 +0530] "GET /ngsw.json?ngsw-cache-bust=0.745596791565487 HTTP/1.1" 200 12508 "https://my.cerill.com/ngsw-worker.js" "Mozilla/5.0 (Windows NT 10.0; Win64; x64) AppleWebKit/537.36 (KHTML, like Gecko) Chrome/142.0.0.0 Safari/537.36"
152.59.84.109 - - [06/Nov/2025:14:11:41 +0530] "GET /ngsw.json?ngsw-cache-bust=0.8996916399257368 HTTP/1.1" 200 12508 "https://my.cerill.com/ngsw-worker.js" "Mozilla/5.0 (Windows NT 10.0; Win64; x64) AppleWebKit/537.36 (KHTML, like Gecko) Chrome/142.0.0.0 Safari/537.36"
152.58.106.150 - - [06/Nov/2025:14:12:06 +0530] "GET /ngsw-worker.js HTTP/1.1" 304 - "https://my.cerill.com/ngsw-worker.js" "Mozilla/5.0 (Windows NT 10.0; Win64; x64) AppleWebKit/537.36 (KHTML, like Gecko) Chrome/142.0.0.0 Safari/537.36"
152.58.106.150 - - [06/Nov/2025:14:12:10 +0530] "GET /ngsw.json?ngsw-cache-bust=0.7511174271044566 HTTP/1.1" 200 12508 "https://my.cerill.com/ngsw-worker.js" "Mozilla/5.0 (Windows NT 10.0; Win64; x64) AppleWebKit/537.36 (KHTML, like Gecko) Chrome/142.0.0.0 Safari/537.36"
152.59.84.109 - - [06/Nov/2025:14:15:40 +0530] "GET /ngsw.json?ngsw-cache-bust=0.35488748569111694 HTTP/1.1" 200 12508 "https://my.cerill.com/ngsw-worker.js" "Mozilla/5.0 (Windows NT 10.0; Win64; x64) AppleWebKit/537.36 (KHTML, like Gecko) Chrome/142.0.0.0 Safari/537.36"
152.59.84.109 - - [06/Nov/2025:14:20:30 +0530] "GET /ngsw.json?ngsw-cache-bust=0.5502141313297791 HTTP/1.1" 200 12508 "https://my.cerill.com/ngsw-worker.js" "Mozilla/5.0 (Windows NT 10.0; Win64; x64) AppleWebKit/537.36 (KHTML, like Gecko) Chrome/142.0.0.0 Safari/537.36"
152.59.84.109 - - [06/Nov/2025:14:22:33 +0530] "GET /ngsw-worker.js HTTP/1.1" 304 - "https://my.cerill.com/ngsw-worker.js" "Mozilla/5.0 (Windows NT 10.0; Win64; x64) AppleWebKit/537.36 (KHTML, like Gecko) Chrome/142.0.0.0 Safari/537.36"
152.59.84.109 - - [06/Nov/2025:14:22:37 +0530] "GET /ngsw.json?ngsw-cache-bust=0.05613485048234701 HTTP/1.1" 200 12508 "https://my.cerill.com/ngsw-worker.js" "Mozilla/5.0 (Windows NT 10.0; Win64; x64) AppleWebKit/537.36 (KHTML, like Gecko) Chrome/142.0.0.0 Safari/537.36"
152.58.106.150 - - [06/Nov/2025:14:24:56 +0530] "GET /ngsw.json?ngsw-cache-bust=0.8214794076381198 HTTP/1.1" 200 12508 "https://my.cerill.com/ngsw-worker.js" "Mozilla/5.0 (Windows NT 10.0; Win64; x64) AppleWebKit/537.36 (KHTML, like Gecko) Chrome/142.0.0.0 Safari/537.36"
152.58.106.150 - - [06/Nov/2025:14:28:51 +0530] "GET /ngsw.json?ngsw-cache-bust=0.5061324210203094 HTTP/1.1" 200 12508 "https://my.cerill.com/ngsw-worker.js" "Mozilla/5.0 (Windows NT 10.0; Win64; x64) AppleWebKit/537.36 (KHTML, like Gecko) Chrome/142.0.0.0 Safari/537.36"
103.187.84.229 - - [06/Nov/2025:14:29:55 +0530] "GET /ngsw.json?ngsw-cache-bust=0.06493332981386657 HTTP/1.1" 200 12508 "https://my.cerill.com/ngsw-worker.js" "Mozilla/5.0 (Windows NT 10.0; Win64; x64) AppleWebKit/537.36 (KHTML, like Gecko) Chrome/142.0.0.0 Safari/537.36"
103.187.84.229 - - [06/Nov/2025:14:30:02 +0530] "GET /ngsw-worker.js HTTP/1.1" 304 - "https://my.cerill.com/ngsw-worker.js" "Mozilla/5.0 (Windows NT 10.0; Win64; x64) AppleWebKit/537.36 (KHTML, like Gecko) Chrome/142.0.0.0 Safari/537.36"
103.187.84.229 - - [06/Nov/2025:14:30:06 +0530] "GET /ngsw.json?ngsw-cache-bust=0.9713606647387285 HTTP/1.1" 200 12508 "https://my.cerill.com/ngsw-worker.js" "Mozilla/5.0 (Windows NT 10.0; Win64; x64) AppleWebKit/537.36 (KHTML, like Gecko) Chrome/142.0.0.0 Safari/537.36"
64.233.173.202 - - [06/Nov/2025:14:30:08 +0530] "GET /.well-known/assetlinks.json HTTP/1.1" 404 196 "-" "GoogleAssociationService"
64.233.173.202 - - [06/Nov/2025:14:30:08 +0530] "GET /.well-known/assetlinks.json HTTP/1.1" 404 196 "-" "GoogleAssociationService"
64.233.173.203 - - [06/Nov/2025:14:30:11 +0530] "GET /.well-known/assetlinks.json HTTP/1.1" 404 196 "-" "GoogleAssociationService"
64.233.173.203 - - [06/Nov/2025:14:30:11 +0530] "GET /.well-known/assetlinks.json HTTP/1.1" 404 196 "-" "GoogleAssociationService"
103.40.199.68 - - [06/Nov/2025:14:38:21 +0530] "GET /ngsw.json?ngsw-cache-bust=0.18839830952598446 HTTP/1.1" 200 12508 "https://my.cerill.com/ngsw-worker.js" "Mozilla/5.0 (Windows NT 10.0; Win64; x64) AppleWebKit/537.36 (KHTML, like Gecko) Chrome/109.0.0.0 Safari/537.36"
152.59.84.109 - - [06/Nov/2025:15:02:11 +0530] "GET /ngsw-worker.js HTTP/1.1" 304 - "https://my.cerill.com/ngsw-worker.js" "Mozilla/5.0 (Windows NT 10.0; Win64; x64) AppleWebKit/537.36 (KHTML, like Gecko) Chrome/142.0.0.0 Safari/537.36"
152.59.84.109 - - [06/Nov/2025:15:02:14 +0530] "GET /ngsw.json?ngsw-cache-bust=0.33384097183347516 HTTP/1.1" 200 12508 "https://my.cerill.com/ngsw-worker.js" "Mozilla/5.0 (Windows NT 10.0; Win64; x64) AppleWebKit/537.36 (KHTML, like Gecko) Chrome/142.0.0.0 Safari/537.36"
152.59.84.109 - - [06/Nov/2025:15:02:15 +0530] "GET /ngsw.json?ngsw-cache-bust=0.2734880761126992 HTTP/1.1" 200 12508 "https://my.cerill.com/ngsw-worker.js" "Mozilla/5.0 (Windows NT 10.0; Win64; x64) AppleWebKit/537.36 (KHTML, like Gecko) Chrome/142.0.0.0 Safari/537.36"
152.59.84.109 - - [06/Nov/2025:15:03:00 +0530] "GET /ngsw-worker.js HTTP/1.1" 304 - "https://my.cerill.com/ngsw-worker.js" "Mozilla/5.0 (Windows NT 10.0; Win64; x64) AppleWebKit/537.36 (KHTML, like Gecko) Chrome/142.0.0.0 Safari/537.36"
152.59.84.109 - - [06/Nov/2025:15:03:11 +0530] "GET /ngsw-worker.js HTTP/1.1" 304 - "https://my.cerill.com/ngsw-worker.js" "Mozilla/5.0 (Windows NT 10.0; Win64; x64) AppleWebKit/537.36 (KHTML, like Gecko) Chrome/142.0.0.0 Safari/537.36"
152.59.84.109 - - [06/Nov/2025:15:03:19 +0530] "GET /ngsw.json?ngsw-cache-bust=0.6258150313313936 HTTP/1.1" 200 12508 "https://my.cerill.com/ngsw-worker.js" "Mozilla/5.0 (Windows NT 10.0; Win64; x64) AppleWebKit/537.36 (KHTML, like Gecko) Chrome/142.0.0.0 Safari/537.36"
152.59.84.109 - - [06/Nov/2025:15:03:19 +0530] "GET /ngsw.json?ngsw-cache-bust=0.3140628166293127 HTTP/1.1" 200 12508 "https://my.cerill.com/ngsw-worker.js" "Mozilla/5.0 (Windows NT 10.0; Win64; x64) AppleWebKit/537.36 (KHTML, like Gecko) Chrome/142.0.0.0 Safari/537.36"
103.40.199.68 - - [06/Nov/2025:15:10:06 +0530] "GET /ngsw.json?ngsw-cache-bust=0.8850632250644854 HTTP/1.1" 200 12508 "https://my.cerill.com/ngsw-worker.js" "Mozilla/5.0 (Windows NT 10.0; Win64; x64) AppleWebKit/537.36 (KHTML, like Gecko) Chrome/109.0.0.0 Safari/537.36"
103.40.199.68 - - [06/Nov/2025:15:11:57 +0530] "GET /ngsw-worker.js HTTP/1.1" 304 - "https://my.cerill.com/ngsw-worker.js" "Mozilla/5.0 (Windows NT 10.0; Win64; x64) AppleWebKit/537.36 (KHTML, like Gecko) Chrome/109.0.0.0 Safari/537.36"
103.40.199.68 - - [06/Nov/2025:15:12:00 +0530] "GET /ngsw.json?ngsw-cache-bust=0.8144761430779639 HTTP/1.1" 200 12508 "https://my.cerill.com/ngsw-worker.js" "Mozilla/5.0 (Windows NT 10.0; Win64; x64) AppleWebKit/537.36 (KHTML, like Gecko) Chrome/109.0.0.0 Safari/537.36"
103.40.199.68 - - [06/Nov/2025:15:12:00 +0530] "GET /ngsw.json?ngsw-cache-bust=0.3627912323140865 HTTP/1.1" 200 12508 "https://my.cerill.com/ngsw-worker.js" "Mozilla/5.0 (Windows NT 10.0; Win64; x64) AppleWebKit/537.36 (KHTML, like Gecko) Chrome/109.0.0.0 Safari/537.36"
152.59.84.109 - - [06/Nov/2025:15:14:05 +0530] "GET /ngsw.json?ngsw-cache-bust=0.5800252227586151 HTTP/1.1" 200 12508 "https://my.cerill.com/ngsw-worker.js" "Mozilla/5.0 (Windows NT 10.0; Win64; x64) AppleWebKit/537.36 (KHTML, like Gecko) Chrome/142.0.0.0 Safari/537.36"
152.59.84.109 - - [06/Nov/2025:15:14:34 +0530] "GET /ngsw-worker.js HTTP/1.1" 304 - "https://my.cerill.com/ngsw-worker.js" "Mozilla/5.0 (Windows NT 10.0; Win64; x64) AppleWebKit/537.36 (KHTML, like Gecko) Chrome/142.0.0.0 Safari/537.36"
152.59.84.109 - - [06/Nov/2025:15:14:38 +0530] "GET /ngsw.json?ngsw-cache-bust=0.28096740649319984 HTTP/1.1" 200 12508 "https://my.cerill.com/ngsw-worker.js" "Mozilla/5.0 (Windows NT 10.0; Win64; x64) AppleWebKit/537.36 (KHTML, like Gecko) Chrome/142.0.0.0 Safari/537.36"
103.187.84.229 - - [06/Nov/2025:15:18:30 +0530] "GET /ngsw.json?ngsw-cache-bust=0.9199076301370268 HTTP/1.1" 200 12508 "https://my.cerill.com/ngsw-worker.js" "Mozilla/5.0 (Windows NT 10.0; Win64; x64) AppleWebKit/537.36 (KHTML, like Gecko) Chrome/142.0.0.0 Safari/537.36"
157.39.255.193 - - [06/Nov/2025:15:26:40 +0530] "GET /ngsw-worker.js HTTP/1.1" 304 - "https://my.cerill.com/ngsw-worker.js" "Mozilla/5.0 (Windows NT 10.0; Win64; x64) AppleWebKit/537.36 (KHTML, like Gecko) Chrome/141.0.0.0 Safari/537.36"
103.40.199.68 - - [06/Nov/2025:15:26:51 +0530] "GET /ngsw.json?ngsw-cache-bust=0.07938526909623067 HTTP/1.1" 200 12508 "https://my.cerill.com/ngsw-worker.js" "Mozilla/5.0 (Windows NT 10.0; Win64; x64) AppleWebKit/537.36 (KHTML, like Gecko) Chrome/109.0.0.0 Safari/537.36"
157.39.255.193 - - [06/Nov/2025:15:26:52 +0530] "GET /ngsw.json?ngsw-cache-bust=0.17840790247623894 HTTP/1.1" 200 12508 "https://my.cerill.com/ngsw-worker.js" "Mozilla/5.0 (Windows NT 10.0; Win64; x64) AppleWebKit/537.36 (KHTML, like Gecko) Chrome/141.0.0.0 Safari/537.36"
157.39.255.193 - - [06/Nov/2025:15:27:08 +0530] "GET /ngsw-worker.js HTTP/1.1" 304 - "https://my.cerill.com/ngsw-worker.js" "Mozilla/5.0 (Windows NT 10.0; Win64; x64) AppleWebKit/537.36 (KHTML, like Gecko) Chrome/141.0.0.0 Safari/537.36"
157.39.255.193 - - [06/Nov/2025:15:27:15 +0530] "GET /ngsw.json?ngsw-cache-bust=0.904761677027528 HTTP/1.1" 200 12508 "https://my.cerill.com/ngsw-worker.js" "Mozilla/5.0 (Windows NT 10.0; Win64; x64) AppleWebKit/537.36 (KHTML, like Gecko) Chrome/141.0.0.0 Safari/537.36"
103.40.199.68 - - [06/Nov/2025:15:27:50 +0530] "GET /ngsw.json?ngsw-cache-bust=0.832684205193867 HTTP/1.1" 200 12508 "https://my.cerill.com/ngsw-worker.js" "Mozilla/5.0 (Windows NT 10.0; Win64; x64) AppleWebKit/537.36 (KHTML, like Gecko) Chrome/109.0.0.0 Safari/537.36"
157.39.255.193 - - [06/Nov/2025:15:31:49 +0530] "GET /ngsw.json?ngsw-cache-bust=0.4759606998707171 HTTP/1.1" 200 12508 "https://my.cerill.com/ngsw-worker.js" "Mozilla/5.0 (Windows NT 10.0; Win64; x64) AppleWebKit/537.36 (KHTML, like Gecko) Chrome/141.0.0.0 Safari/537.36"
157.39.255.193 - - [06/Nov/2025:15:32:30 +0530] "GET /ngsw-worker.js HTTP/1.1" 304 - "https://my.cerill.com/ngsw-worker.js" "Mozilla/5.0 (Windows NT 10.0; Win64; x64) AppleWebKit/537.36 (KHTML, like Gecko) Chrome/141.0.0.0 Safari/537.36"
157.39.255.193 - - [06/Nov/2025:15:32:34 +0530] "GET /ngsw.json?ngsw-cache-bust=0.3130475027378389 HTTP/1.1" 200 12508 "https://my.cerill.com/ngsw-worker.js" "Mozilla/5.0 (Windows NT 10.0; Win64; x64) AppleWebKit/537.36 (KHTML, like Gecko) Chrome/141.0.0.0 Safari/537.36"
157.39.255.193 - - [06/Nov/2025:15:34:23 +0530] "GET /ngsw.json?ngsw-cache-bust=0.0394444612881244 HTTP/1.1" 200 12508 "https://my.cerill.com/ngsw-worker.js" "Mozilla/5.0 (Windows NT 10.0; Win64; x64) AppleWebKit/537.36 (KHTML, like Gecko) Chrome/141.0.0.0 Safari/537.36"
157.39.255.193 - - [06/Nov/2025:15:34:54 +0530] "GET /ngsw-worker.js HTTP/1.1" 304 - "https://my.cerill.com/ngsw-worker.js" "Mozilla/5.0 (Windows NT 10.0; Win64; x64) AppleWebKit/537.36 (KHTML, like Gecko) Chrome/141.0.0.0 Safari/537.36"
157.39.255.193 - - [06/Nov/2025:15:34:57 +0530] "GET /ngsw.json?ngsw-cache-bust=0.24079581207937328 HTTP/1.1" 200 12508 "https://my.cerill.com/ngsw-worker.js" "Mozilla/5.0 (Windows NT 10.0; Win64; x64) AppleWebKit/537.36 (KHTML, like Gecko) Chrome/141.0.0.0 Safari/537.36"
103.40.199.68 - - [06/Nov/2025:15:36:49 +0530] "GET /ngsw-worker.js HTTP/1.1" 304 - "https://my.cerill.com/ngsw-worker.js" "Mozilla/5.0 (Windows NT 10.0; Win64; x64) AppleWebKit/537.36 (KHTML, like Gecko) Chrome/109.0.0.0 Safari/537.36"
103.40.199.68 - - [06/Nov/2025:15:36:52 +0530] "GET /ngsw.json?ngsw-cache-bust=0.16493165930323972 HTTP/1.1" 200 12508 "https://my.cerill.com/ngsw-worker.js" "Mozilla/5.0 (Windows NT 10.0; Win64; x64) AppleWebKit/537.36 (KHTML, like Gecko) Chrome/109.0.0.0 Safari/537.36"
103.40.199.68 - - [06/Nov/2025:15:36:52 +0530] "GET /ngsw.json?ngsw-cache-bust=0.5715341215629228 HTTP/1.1" 200 12508 "https://my.cerill.com/ngsw-worker.js" "Mozilla/5.0 (Windows NT 10.0; Win64; x64) AppleWebKit/537.36 (KHTML, like Gecko) Chrome/109.0.0.0 Safari/537.36"
103.40.199.68 - - [06/Nov/2025:15:47:45 +0530] "GET /ngsw.json?ngsw-cache-bust=0.5355186729668986 HTTP/1.1" 200 12508 "https://my.cerill.com/ngsw-worker.js" "Mozilla/5.0 (Windows NT 10.0; Win64; x64) AppleWebKit/537.36 (KHTML, like Gecko) Chrome/109.0.0.0 Safari/537.36"
103.187.84.229 - - [06/Nov/2025:15:48:30 +0530] "GET /ngsw.json?ngsw-cache-bust=0.7697861061227111 HTTP/1.1" 200 12508 "https://my.cerill.com/ngsw-worker.js" "Mozilla/5.0 (Windows NT 10.0; Win64; x64) AppleWebKit/537.36 (KHTML, like Gecko) Chrome/142.0.0.0 Safari/537.36"
103.40.199.68 - - [06/Nov/2025:15:53:58 +0530] "GET /ngsw.json?ngsw-cache-bust=0.04961384995350748 HTTP/1.1" 200 12508 "https://my.cerill.com/ngsw-worker.js" "Mozilla/5.0 (Windows NT 10.0; Win64; x64) AppleWebKit/537.36 (KHTML, like Gecko) Chrome/109.0.0.0 Safari/537.36"
103.40.199.68 - - [06/Nov/2025:16:01:49 +0530] "GET /ngsw.json?ngsw-cache-bust=0.6693138286934699 HTTP/1.1" 200 12508 "https://my.cerill.com/ngsw-worker.js" "Mozilla/5.0 (Windows NT 10.0; Win64; x64) AppleWebKit/537.36 (KHTML, like Gecko) Chrome/109.0.0.0 Safari/537.36"
103.40.199.68 - - [06/Nov/2025:16:01:49 +0530] "GET /ngsw.json?ngsw-cache-bust=0.9020198254792342 HTTP/1.1" 200 12508 "https://my.cerill.com/ngsw-worker.js" "Mozilla/5.0 (Windows NT 10.0; Win64; x64) AppleWebKit/537.36 (KHTML, like Gecko) Chrome/109.0.0.0 Safari/537.36"
103.40.199.68 - - [06/Nov/2025:16:01:52 +0530] "GET /ngsw-worker.js HTTP/1.1" 304 - "https://my.cerill.com/ngsw-worker.js" "Mozilla/5.0 (Windows NT 10.0; Win64; x64) AppleWebKit/537.36 (KHTML, like Gecko) Chrome/109.0.0.0 Safari/537.36"
103.187.84.229 - - [06/Nov/2025:16:37:36 +0530] "GET /ngsw.json?ngsw-cache-bust=0.2194428770380139 HTTP/1.1" 200 12508 "https://my.cerill.com/ngsw-worker.js" "Mozilla/5.0 (Windows NT 10.0; Win64; x64) AppleWebKit/537.36 (KHTML, like Gecko) Chrome/142.0.0.0 Safari/537.36"
103.40.199.68 - - [06/Nov/2025:16:39:45 +0530] "GET /ngsw.json?ngsw-cache-bust=0.07881614613998034 HTTP/1.1" 200 12508 "https://my.cerill.com/ngsw-worker.js" "Mozilla/5.0 (Windows NT 10.0; Win64; x64) AppleWebKit/537.36 (KHTML, like Gecko) Chrome/109.0.0.0 Safari/537.36"
103.40.199.68 - - [06/Nov/2025:16:41:10 +0530] "GET /ngsw.json?ngsw-cache-bust=0.3814987070766054 HTTP/1.1" 200 12508 "https://my.cerill.com/ngsw-worker.js" "Mozilla/5.0 (Windows NT 10.0; Win64; x64) AppleWebKit/537.36 (KHTML, like Gecko) Chrome/109.0.0.0 Safari/537.36"
103.187.84.229 - - [06/Nov/2025:16:42:19 +0530] "GET /ngsw.json?ngsw-cache-bust=0.4272147231996961 HTTP/1.1" 200 12508 "https://my.cerill.com/ngsw-worker.js" "Mozilla/5.0 (Windows NT 10.0; Win64; x64) AppleWebKit/537.36 (KHTML, like Gecko) Chrome/142.0.0.0 Safari/537.36"
103.187.84.229 - - [06/Nov/2025:16:43:36 +0530] "GET /ngsw-worker.js HTTP/1.1" 304 - "https://my.cerill.com/ngsw-worker.js" "Mozilla/5.0 (Windows NT 10.0; Win64; x64) AppleWebKit/537.36 (KHTML, like Gecko) Chrome/142.0.0.0 Safari/537.36"
103.187.84.229 - - [06/Nov/2025:16:43:40 +0530] "GET /ngsw.json?ngsw-cache-bust=0.9878682813882997 HTTP/1.1" 200 12508 "https://my.cerill.com/ngsw-worker.js" "Mozilla/5.0 (Windows NT 10.0; Win64; x64) AppleWebKit/537.36 (KHTML, like Gecko) Chrome/142.0.0.0 Safari/537.36"
103.40.199.68 - - [06/Nov/2025:16:46:23 +0530] "GET /ngsw.json?ngsw-cache-bust=0.002654105976618304 HTTP/1.1" 200 12508 "https://my.cerill.com/ngsw-worker.js" "Mozilla/5.0 (Windows NT 10.0; Win64; x64) AppleWebKit/537.36 (KHTML, like Gecko) Chrome/109.0.0.0 Safari/537.36"
103.187.84.229 - - [06/Nov/2025:17:17:34 +0530] "GET /ngsw.json?ngsw-cache-bust=0.2673077546195196 HTTP/1.1" 200 12508 "https://my.cerill.com/ngsw-worker.js" "Mozilla/5.0 (Windows NT 10.0; Win64; x64) AppleWebKit/537.36 (KHTML, like Gecko) Chrome/142.0.0.0 Safari/537.36"
103.187.84.229 - - [06/Nov/2025:17:19:56 +0530] "GET /ngsw.json?ngsw-cache-bust=0.9307337292578095 HTTP/1.1" 200 12508 "https://my.cerill.com/ngsw-worker.js" "Mozilla/5.0 (Windows NT 10.0; Win64; x64) AppleWebKit/537.36 (KHTML, like Gecko) Chrome/142.0.0.0 Safari/537.36"
103.187.84.229 - - [06/Nov/2025:17:20:03 +0530] "GET /ngsw-worker.js HTTP/1.1" 304 - "https://my.cerill.com/ngsw-worker.js" "Mozilla/5.0 (Windows NT 10.0; Win64; x64) AppleWebKit/537.36 (KHTML, like Gecko) Chrome/142.0.0.0 Safari/537.36"
103.187.84.229 - - [06/Nov/2025:17:20:07 +0530] "GET /ngsw.json?ngsw-cache-bust=0.4914389064516791 HTTP/1.1" 200 12508 "https://my.cerill.com/ngsw-worker.js" "Mozilla/5.0 (Windows NT 10.0; Win64; x64) AppleWebKit/537.36 (KHTML, like Gecko) Chrome/142.0.0.0 Safari/537.36"
103.187.84.229 - - [06/Nov/2025:17:20:36 +0530] "GET / HTTP/1.1" 304 - "-" "Mozilla/5.0 (Windows NT 10.0; Win64; x64) AppleWebKit/537.36 (KHTML, like Gecko) Chrome/142.0.0.0 Safari/537.36"
103.187.84.229 - - [06/Nov/2025:17:20:47 +0530] "GET /ngsw-worker.js HTTP/1.1" 304 - "https://my.cerill.com/ngsw-worker.js" "Mozilla/5.0 (Windows NT 10.0; Win64; x64) AppleWebKit/537.36 (KHTML, like Gecko) Chrome/142.0.0.0 Safari/537.36"
103.187.84.229 - - [06/Nov/2025:17:20:50 +0530] "GET /ngsw.json?ngsw-cache-bust=0.23110481008830386 HTTP/1.1" 200 12508 "https://my.cerill.com/ngsw-worker.js" "Mozilla/5.0 (Windows NT 10.0; Win64; x64) AppleWebKit/537.36 (KHTML, like Gecko) Chrome/142.0.0.0 Safari/537.36"
103.187.84.229 - - [06/Nov/2025:17:20:56 +0530] "GET /ngsw-worker.js HTTP/1.1" 304 - "https://my.cerill.com/ngsw-worker.js" "Mozilla/5.0 (Windows NT 10.0; Win64; x64) AppleWebKit/537.36 (KHTML, like Gecko) Chrome/142.0.0.0 Safari/537.36"
103.187.84.229 - - [06/Nov/2025:17:21:01 +0530] "GET /ngsw.json?ngsw-cache-bust=0.7564314041556027 HTTP/1.1" 200 12508 "https://my.cerill.com/ngsw-worker.js" "Mozilla/5.0 (Windows NT 10.0; Win64; x64) AppleWebKit/537.36 (KHTML, like Gecko) Chrome/142.0.0.0 Safari/537.36"
103.187.84.229 - - [06/Nov/2025:17:34:08 +0530] "GET /ngsw.json?ngsw-cache-bust=0.12071961604235482 HTTP/1.1" 200 12508 "https://my.cerill.com/ngsw-worker.js" "Mozilla/5.0 (Windows NT 10.0; Win64; x64) AppleWebKit/537.36 (KHTML, like Gecko) Chrome/142.0.0.0 Safari/537.36"
106.221.101.55 - - [06/Nov/2025:17:35:00 +0530] "GET /ngsw-worker.js HTTP/1.1" 200 84115 "" "Mozilla/5.0 (iPhone; CPU iPhone OS 16_7_11 like Mac OS X) AppleWebKit/605.1.15 (KHTML, like Gecko) Version/16.6.1 Mobile/15E148 Safari/604.1"
103.187.84.229 - - [06/Nov/2025:17:35:18 +0530] "GET /ngsw.json?ngsw-cache-bust=0.0028645886667049147 HTTP/1.1" 200 12508 "https://my.cerill.com/ngsw-worker.js" "Mozilla/5.0 (Windows NT 10.0; Win64; x64) AppleWebKit/537.36 (KHTML, like Gecko) Chrome/142.0.0.0 Safari/537.36"
106.221.101.55 - - [06/Nov/2025:17:35:23 +0530] "GET /ngsw.json?ngsw-cache-bust=0.3496600712161446 HTTP/1.1" 200 12508 "https://my.cerill.com/ngsw-worker.js" "Mozilla/5.0 (iPhone; CPU iPhone OS 16_7_11 like Mac OS X) AppleWebKit/605.1.15 (KHTML, like Gecko) Version/16.6.1 Mobile/15E148 Safari/604.1"
106.221.101.55 - - [06/Nov/2025:17:35:23 +0530] "GET /ngsw.json?ngsw-cache-bust=0.421028062372545 HTTP/1.1" 200 12508 "https://my.cerill.com/ngsw-worker.js" "Mozilla/5.0 (iPhone; CPU iPhone OS 16_7_11 like Mac OS X) AppleWebKit/605.1.15 (KHTML, like Gecko) Version/16.6.1 Mobile/15E148 Safari/604.1"
103.187.84.229 - - [06/Nov/2025:17:36:21 +0530] "GET /ngsw-worker.js HTTP/1.1" 304 - "https://my.cerill.com/ngsw-worker.js" "Mozilla/5.0 (Windows NT 10.0; Win64; x64) AppleWebKit/537.36 (KHTML, like Gecko) Chrome/142.0.0.0 Safari/537.36"
103.187.84.229 - - [06/Nov/2025:17:36:24 +0530] "GET /ngsw.json?ngsw-cache-bust=0.886245630767214 HTTP/1.1" 200 12508 "https://my.cerill.com/ngsw-worker.js" "Mozilla/5.0 (Windows NT 10.0; Win64; x64) AppleWebKit/537.36 (KHTML, like Gecko) Chrome/142.0.0.0 Safari/537.36"
103.187.84.229 - - [06/Nov/2025:17:37:50 +0530] "GET /ngsw.json?ngsw-cache-bust=0.5428235248861695 HTTP/1.1" 200 12508 "https://my.cerill.com/ngsw-worker.js" "Mozilla/5.0 (Windows NT 10.0; Win64; x64) AppleWebKit/537.36 (KHTML, like Gecko) Chrome/142.0.0.0 Safari/537.36"
103.187.84.229 - - [06/Nov/2025:17:39:41 +0530] "GET /ngsw.json?ngsw-cache-bust=0.3352398814209916 HTTP/1.1" 200 12508 "https://my.cerill.com/ngsw-worker.js" "Mozilla/5.0 (Windows NT 10.0; Win64; x64) AppleWebKit/537.36 (KHTML, like Gecko) Chrome/142.0.0.0 Safari/537.36"
103.187.84.229 - - [06/Nov/2025:17:40:00 +0530] "GET /ngsw-worker.js HTTP/1.1" 304 - "https://my.cerill.com/ngsw-worker.js" "Mozilla/5.0 (Windows NT 10.0; Win64; x64) AppleWebKit/537.36 (KHTML, like Gecko) Chrome/142.0.0.0 Safari/537.36"
103.187.84.229 - - [06/Nov/2025:17:40:04 +0530] "GET /ngsw.json?ngsw-cache-bust=0.9409996882206282 HTTP/1.1" 200 12508 "https://my.cerill.com/ngsw-worker.js" "Mozilla/5.0 (Windows NT 10.0; Win64; x64) AppleWebKit/537.36 (KHTML, like Gecko) Chrome/142.0.0.0 Safari/537.36"
103.187.84.229 - - [06/Nov/2025:18:01:47 +0530] "GET /ngsw.json?ngsw-cache-bust=0.44763240410022553 HTTP/1.1" 200 12508 "https://my.cerill.com/ngsw-worker.js" "Mozilla/5.0 (Windows NT 10.0; Win64; x64) AppleWebKit/537.36 (KHTML, like Gecko) Chrome/142.0.0.0 Safari/537.36"
103.187.84.229 - - [06/Nov/2025:18:03:46 +0530] "GET /ngsw.json?ngsw-cache-bust=0.8497118670453117 HTTP/1.1" 200 12508 "https://my.cerill.com/ngsw-worker.js" "Mozilla/5.0 (Windows NT 10.0; Win64; x64) AppleWebKit/537.36 (KHTML, like Gecko) Chrome/142.0.0.0 Safari/537.36"
103.187.84.229 - - [06/Nov/2025:18:17:45 +0530] "GET /ngsw.json?ngsw-cache-bust=0.6059779336180229 HTTP/1.1" 200 12508 "https://my.cerill.com/ngsw-worker.js" "Mozilla/5.0 (Windows NT 10.0; Win64; x64) AppleWebKit/537.36 (KHTML, like Gecko) Chrome/142.0.0.0 Safari/537.36"
103.187.84.229 - - [06/Nov/2025:18:18:49 +0530] "GET /ngsw-worker.js HTTP/1.1" 304 - "https://my.cerill.com/ngsw-worker.js" "Mozilla/5.0 (Windows NT 10.0; Win64; x64) AppleWebKit/537.36 (KHTML, like Gecko) Chrome/142.0.0.0 Safari/537.36"
103.187.84.229 - - [06/Nov/2025:18:18:53 +0530] "GET /ngsw.json?ngsw-cache-bust=0.23606935875861013 HTTP/1.1" 200 12508 "https://my.cerill.com/ngsw-worker.js" "Mozilla/5.0 (Windows NT 10.0; Win64; x64) AppleWebKit/537.36 (KHTML, like Gecko) Chrome/142.0.0.0 Safari/537.36"
103.187.84.229 - - [06/Nov/2025:18:44:38 +0530] "GET /ngsw.json?ngsw-cache-bust=0.7526251136237175 HTTP/1.1" 200 12508 "https://my.cerill.com/ngsw-worker.js" "Mozilla/5.0 (Windows NT 10.0; Win64; x64) AppleWebKit/537.36 (KHTML, like Gecko) Chrome/142.0.0.0 Safari/537.36"
103.187.84.229 - - [06/Nov/2025:18:48:23 +0530] "GET /ngsw.json?ngsw-cache-bust=0.48360229598271043 HTTP/1.1" 200 12508 "https://my.cerill.com/ngsw-worker.js" "Mozilla/5.0 (Windows NT 10.0; Win64; x64) AppleWebKit/537.36 (KHTML, like Gecko) Chrome/142.0.0.0 Safari/537.36"
103.187.84.229 - - [06/Nov/2025:18:48:30 +0530] "GET /ngsw-worker.js HTTP/1.1" 304 - "https://my.cerill.com/ngsw-worker.js" "Mozilla/5.0 (Windows NT 10.0; Win64; x64) AppleWebKit/537.36 (KHTML, like Gecko) Chrome/142.0.0.0 Safari/537.36"
103.187.84.229 - - [06/Nov/2025:18:48:33 +0530] "GET /ngsw.json?ngsw-cache-bust=0.9061064799897461 HTTP/1.1" 200 12508 "https://my.cerill.com/ngsw-worker.js" "Mozilla/5.0 (Windows NT 10.0; Win64; x64) AppleWebKit/537.36 (KHTML, like Gecko) Chrome/142.0.0.0 Safari/537.36"
152.58.106.106 - - [06/Nov/2025:19:19:42 +0530] "GET /ngsw.json?ngsw-cache-bust=0.40061564950265893 HTTP/1.1" 200 12508 "https://my.cerill.com/ngsw-worker.js" "Mozilla/5.0 (Windows NT 10.0; Win64; x64) AppleWebKit/537.36 (KHTML, like Gecko) Chrome/142.0.0.0 Safari/537.36"
152.58.106.106 - - [06/Nov/2025:19:19:51 +0530] "GET /ngsw-worker.js HTTP/1.1" 304 - "https://my.cerill.com/ngsw-worker.js" "Mozilla/5.0 (Windows NT 10.0; Win64; x64) AppleWebKit/537.36 (KHTML, like Gecko) Chrome/142.0.0.0 Safari/537.36"
152.58.106.106 - - [06/Nov/2025:19:19:54 +0530] "GET /ngsw.json?ngsw-cache-bust=0.8395728269882351 HTTP/1.1" 200 12508 "https://my.cerill.com/ngsw-worker.js" "Mozilla/5.0 (Windows NT 10.0; Win64; x64) AppleWebKit/537.36 (KHTML, like Gecko) Chrome/142.0.0.0 Safari/537.36"
152.58.106.106 - - [06/Nov/2025:19:32:31 +0530] "GET /ngsw.json?ngsw-cache-bust=0.8258850547554702 HTTP/1.1" 200 12508 "https://my.cerill.com/ngsw-worker.js" "Mozilla/5.0 (Windows NT 10.0; Win64; x64) AppleWebKit/537.36 (KHTML, like Gecko) Chrome/142.0.0.0 Safari/537.36"
152.58.106.250 - - [06/Nov/2025:19:51:33 +0530] "GET /ngsw-worker.js HTTP/1.1" 304 - "https://my.cerill.com/ngsw-worker.js" "Mozilla/5.0 (Linux; Android 10; K) AppleWebKit/537.36 (KHTML, like Gecko) SamsungBrowser/29.0 Chrome/136.0.0.0 Mobile Safari/537.36"
152.58.106.250 - - [06/Nov/2025:19:51:39 +0530] "GET /ngsw.json?ngsw-cache-bust=0.2672923117125132 HTTP/1.1" 200 12508 "https://my.cerill.com/ngsw-worker.js" "Mozilla/5.0 (Linux; Android 10; K) AppleWebKit/537.36 (KHTML, like Gecko) SamsungBrowser/29.0 Chrome/136.0.0.0 Mobile Safari/537.36"
152.58.106.250 - - [06/Nov/2025:19:51:39 +0530] "GET /ngsw.json?ngsw-cache-bust=0.0037137950575601986 HTTP/1.1" 200 12508 "https://my.cerill.com/ngsw-worker.js" "Mozilla/5.0 (Linux; Android 10; K) AppleWebKit/537.36 (KHTML, like Gecko) SamsungBrowser/29.0 Chrome/136.0.0.0 Mobile Safari/537.36"
173.252.70.21 - - [07/Nov/2025:00:05:12 +0530] "GET /robots.txt HTTP/1.1" 404 196 "-" "facebookexternalhit/1.1 (+http://www.facebook.com/externalhit_uatext.php)"
64.233.173.203 - - [07/Nov/2025:07:48:29 +0530] "GET /.well-known/assetlinks.json HTTP/1.1" 404 196 "-" "GoogleAssociationService"
64.233.173.203 - - [07/Nov/2025:07:48:29 +0530] "GET /.well-known/assetlinks.json HTTP/1.1" 404 196 "-" "GoogleAssociationService"
64.233.173.203 - - [07/Nov/2025:08:09:27 +0530] "GET /.well-known/assetlinks.json HTTP/1.1" 404 196 "-" "GoogleAssociationService"
64.233.173.203 - - [07/Nov/2025:08:09:27 +0530] "GET /.well-known/assetlinks.json HTTP/1.1" 404 196 "-" "GoogleAssociationService"
152.59.119.24 - - [07/Nov/2025:09:06:37 +0530] "GET /ngsw-worker.js HTTP/1.1" 304 - "https://my.cerill.com/ngsw-worker.js" "Mozilla/5.0 (Windows NT 10.0; Win64; x64) AppleWebKit/537.36 (KHTML, like Gecko) Chrome/142.0.0.0 Safari/537.36"
152.59.119.24 - - [07/Nov/2025:09:06:46 +0530] "GET /ngsw.json?ngsw-cache-bust=0.7449235463913646 HTTP/1.1" 200 12508 "https://my.cerill.com/ngsw-worker.js" "Mozilla/5.0 (Windows NT 10.0; Win64; x64) AppleWebKit/537.36 (KHTML, like Gecko) Chrome/142.0.0.0 Safari/537.36"
152.59.119.24 - - [07/Nov/2025:09:06:46 +0530] "GET /ngsw.json?ngsw-cache-bust=0.8963125994556328 HTTP/1.1" 200 12508 "https://my.cerill.com/ngsw-worker.js" "Mozilla/5.0 (Windows NT 10.0; Win64; x64) AppleWebKit/537.36 (KHTML, like Gecko) Chrome/142.0.0.0 Safari/537.36"
152.58.79.241 - - [07/Nov/2025:09:09:32 +0530] "GET /ngsw-worker.js HTTP/1.1" 304 - "https://my.cerill.com/ngsw-worker.js" "Mozilla/5.0 (Windows NT 10.0; Win64; x64) AppleWebKit/537.36 (KHTML, like Gecko) Chrome/142.0.0.0 Safari/537.36"
152.58.79.241 - - [07/Nov/2025:09:09:34 +0530] "GET /ngsw-worker.js HTTP/1.1" 304 - "https://my.cerill.com/ngsw-worker.js" "Mozilla/5.0 (Windows NT 10.0; Win64; x64) AppleWebKit/537.36 (KHTML, like Gecko) Chrome/142.0.0.0 Safari/537.36"
152.58.79.241 - - [07/Nov/2025:09:09:43 +0530] "GET /ngsw.json?ngsw-cache-bust=0.7590279257005997 HTTP/1.1" 200 12508 "https://my.cerill.com/ngsw-worker.js" "Mozilla/5.0 (Windows NT 10.0; Win64; x64) AppleWebKit/537.36 (KHTML, like Gecko) Chrome/142.0.0.0 Safari/537.36"
152.58.79.241 - - [07/Nov/2025:09:09:49 +0530] "GET /ngsw.json?ngsw-cache-bust=0.6849009959180408 HTTP/1.1" 200 12508 "https://my.cerill.com/ngsw-worker.js" "Mozilla/5.0 (Windows NT 10.0; Win64; x64) AppleWebKit/537.36 (KHTML, like Gecko) Chrome/142.0.0.0 Safari/537.36"
152.58.79.241 - - [07/Nov/2025:09:11:51 +0530] "GET /ngsw.json?ngsw-cache-bust=0.6743328636638896 HTTP/1.1" 200 12508 "https://my.cerill.com/ngsw-worker.js" "Mozilla/5.0 (Windows NT 10.0; Win64; x64) AppleWebKit/537.36 (KHTML, like Gecko) Chrome/142.0.0.0 Safari/537.36"
152.58.79.241 - - [07/Nov/2025:09:16:34 +0530] "GET /ngsw.json?ngsw-cache-bust=0.5991058931143697 HTTP/1.1" 200 12508 "https://my.cerill.com/ngsw-worker.js" "Mozilla/5.0 (Windows NT 10.0; Win64; x64) AppleWebKit/537.36 (KHTML, like Gecko) Chrome/142.0.0.0 Safari/537.36"
152.58.79.241 - - [07/Nov/2025:09:17:55 +0530] "GET /ngsw.json?ngsw-cache-bust=0.6250003258742733 HTTP/1.1" 200 12508 "https://my.cerill.com/ngsw-worker.js" "Mozilla/5.0 (Windows NT 10.0; Win64; x64) AppleWebKit/537.36 (KHTML, like Gecko) Chrome/142.0.0.0 Safari/537.36"
152.58.79.241 - - [07/Nov/2025:09:18:52 +0530] "GET /ngsw-worker.js HTTP/1.1" 304 - "https://my.cerill.com/ngsw-worker.js" "Mozilla/5.0 (Windows NT 10.0; Win64; x64) AppleWebKit/537.36 (KHTML, like Gecko) Chrome/142.0.0.0 Safari/537.36"
152.58.79.241 - - [07/Nov/2025:09:18:55 +0530] "GET /ngsw.json?ngsw-cache-bust=0.46792779440886767 HTTP/1.1" 200 12508 "https://my.cerill.com/ngsw-worker.js" "Mozilla/5.0 (Windows NT 10.0; Win64; x64) AppleWebKit/537.36 (KHTML, like Gecko) Chrome/142.0.0.0 Safari/537.36"
152.58.79.241 - - [07/Nov/2025:09:18:56 +0530] "GET /ngsw.json?ngsw-cache-bust=0.8164303604838365 HTTP/1.1" 200 12508 "https://my.cerill.com/ngsw-worker.js" "Mozilla/5.0 (Windows NT 10.0; Win64; x64) AppleWebKit/537.36 (KHTML, like Gecko) Chrome/142.0.0.0 Safari/537.36"
152.58.79.241 - - [07/Nov/2025:09:19:16 +0530] "GET /ngsw-worker.js HTTP/1.1" 304 - "https://my.cerill.com/ngsw-worker.js" "Mozilla/5.0 (Windows NT 10.0; Win64; x64) AppleWebKit/537.36 (KHTML, like Gecko) Chrome/142.0.0.0 Safari/537.36"
152.58.79.241 - - [07/Nov/2025:09:19:22 +0530] "GET /ngsw.json?ngsw-cache-bust=0.36036383851586273 HTTP/1.1" 200 12508 "https://my.cerill.com/ngsw-worker.js" "Mozilla/5.0 (Windows NT 10.0; Win64; x64) AppleWebKit/537.36 (KHTML, like Gecko) Chrome/142.0.0.0 Safari/537.36"
152.59.119.24 - - [07/Nov/2025:09:21:20 +0530] "GET /ngsw.json?ngsw-cache-bust=0.7998096208617439 HTTP/1.1" 200 12508 "https://my.cerill.com/ngsw-worker.js" "Mozilla/5.0 (Windows NT 10.0; Win64; x64) AppleWebKit/537.36 (KHTML, like Gecko) Chrome/142.0.0.0 Safari/537.36"
152.59.119.24 - - [07/Nov/2025:09:22:19 +0530] "GET /ngsw-worker.js HTTP/1.1" 304 - "https://my.cerill.com/ngsw-worker.js" "Mozilla/5.0 (Windows NT 10.0; Win64; x64) AppleWebKit/537.36 (KHTML, like Gecko) Chrome/142.0.0.0 Safari/537.36"
152.59.119.24 - - [07/Nov/2025:09:22:23 +0530] "GET /ngsw.json?ngsw-cache-bust=0.04861012153450628 HTTP/1.1" 200 12508 "https://my.cerill.com/ngsw-worker.js" "Mozilla/5.0 (Windows NT 10.0; Win64; x64) AppleWebKit/537.36 (KHTML, like Gecko) Chrome/142.0.0.0 Safari/537.36"
152.58.79.241 - - [07/Nov/2025:09:46:36 +0530] "GET /ngsw.json?ngsw-cache-bust=0.3159711131002235 HTTP/1.1" 200 12508 "https://my.cerill.com/ngsw-worker.js" "Mozilla/5.0 (Windows NT 10.0; Win64; x64) AppleWebKit/537.36 (KHTML, like Gecko) Chrome/142.0.0.0 Safari/537.36"
152.58.79.241 - - [07/Nov/2025:09:51:51 +0530] "GET /ngsw-worker.js HTTP/1.1" 304 - "https://my.cerill.com/ngsw-worker.js" "Mozilla/5.0 (Windows NT 10.0; Win64; x64) AppleWebKit/537.36 (KHTML, like Gecko) Chrome/142.0.0.0 Safari/537.36"
152.58.79.241 - - [07/Nov/2025:09:51:54 +0530] "GET /ngsw.json?ngsw-cache-bust=0.9449501415423077 HTTP/1.1" 200 12508 "https://my.cerill.com/ngsw-worker.js" "Mozilla/5.0 (Windows NT 10.0; Win64; x64) AppleWebKit/537.36 (KHTML, like Gecko) Chrome/142.0.0.0 Safari/537.36"
152.58.79.241 - - [07/Nov/2025:09:51:54 +0530] "GET /ngsw.json?ngsw-cache-bust=0.402729276424156 HTTP/1.1" 200 12508 "https://my.cerill.com/ngsw-worker.js" "Mozilla/5.0 (Windows NT 10.0; Win64; x64) AppleWebKit/537.36 (KHTML, like Gecko) Chrome/142.0.0.0 Safari/537.36"
152.58.79.241 - - [07/Nov/2025:09:54:00 +0530] "GET /ngsw-worker.js HTTP/1.1" 304 - "https://my.cerill.com/ngsw-worker.js" "Mozilla/5.0 (Windows NT 10.0; Win64; x64) AppleWebKit/537.36 (KHTML, like Gecko) Chrome/142.0.0.0 Safari/537.36"
152.58.79.241 - - [07/Nov/2025:09:54:03 +0530] "GET /ngsw.json?ngsw-cache-bust=0.8431459728718288 HTTP/1.1" 200 12508 "https://my.cerill.com/ngsw-worker.js" "Mozilla/5.0 (Windows NT 10.0; Win64; x64) AppleWebKit/537.36 (KHTML, like Gecko) Chrome/142.0.0.0 Safari/537.36"
152.58.79.241 - - [07/Nov/2025:09:54:04 +0530] "GET /ngsw.json?ngsw-cache-bust=0.19706557801883773 HTTP/1.1" 200 12508 "https://my.cerill.com/ngsw-worker.js" "Mozilla/5.0 (Windows NT 10.0; Win64; x64) AppleWebKit/537.36 (KHTML, like Gecko) Chrome/142.0.0.0 Safari/537.36"
103.40.199.68 - - [07/Nov/2025:10:00:18 +0530] "GET /ngsw-worker.js HTTP/1.1" 304 - "https://my.cerill.com/ngsw-worker.js" "Mozilla/5.0 (Windows NT 10.0; Win64; x64) AppleWebKit/537.36 (KHTML, like Gecko) Chrome/109.0.0.0 Safari/537.36"
49.44.76.136 - - [07/Nov/2025:10:00:26 +0530] "GET / HTTP/1.1" 200 8166 "https://www.google.com/" "Mozilla/5.0 (Windows NT 10.0; Win64; x64) AppleWebKit/537.36 (KHTML, like Gecko) Chrome/141.0.0.0 Safari/537.36"
49.44.76.136 - - [07/Nov/2025:10:00:26 +0530] "GET /runtime.bcfacb1707b4e27e.js HTTP/1.1" 200 4472 "https://my.cerill.com/" "Mozilla/5.0 (Windows NT 10.0; Win64; x64) AppleWebKit/537.36 (KHTML, like Gecko) Chrome/141.0.0.0 Safari/537.36"
49.44.76.136 - - [07/Nov/2025:10:00:26 +0530] "GET /polyfills.831c296c51eb72f7.js HTTP/1.1" 200 34843 "https://my.cerill.com/" "Mozilla/5.0 (Windows NT 10.0; Win64; x64) AppleWebKit/537.36 (KHTML, like Gecko) Chrome/141.0.0.0 Safari/537.36"
49.44.76.136 - - [07/Nov/2025:10:00:27 +0530] "GET /scripts.b538351bb7336a90.js HTTP/1.1" 200 228453 "https://my.cerill.com/" "Mozilla/5.0 (Windows NT 10.0; Win64; x64) AppleWebKit/537.36 (KHTML, like Gecko) Chrome/141.0.0.0 Safari/537.36"
49.44.76.136 - - [07/Nov/2025:10:00:27 +0530] "GET /main.fad73ec275fb78f6.js HTTP/1.1" 200 722170 "https://my.cerill.com/" "Mozilla/5.0 (Windows NT 10.0; Win64; x64) AppleWebKit/537.36 (KHTML, like Gecko) Chrome/141.0.0.0 Safari/537.36"
103.40.199.68 - - [07/Nov/2025:10:00:28 +0530] "GET /ngsw.json?ngsw-cache-bust=0.04956205199025088 HTTP/1.1" 200 12508 "https://my.cerill.com/ngsw-worker.js" "Mozilla/5.0 (Windows NT 10.0; Win64; x64) AppleWebKit/537.36 (KHTML, like Gecko) Chrome/109.0.0.0 Safari/537.36"
49.44.76.136 - - [07/Nov/2025:10:00:28 +0530] "GET /styles.5bca02722b6d25c8.css HTTP/1.1" 200 395682 "https://my.cerill.com/" "Mozilla/5.0 (Windows NT 10.0; Win64; x64) AppleWebKit/537.36 (KHTML, like Gecko) Chrome/141.0.0.0 Safari/537.36"
49.44.76.136 - - [07/Nov/2025:10:00:28 +0530] "GET /715.8182f782b710ae95.js HTTP/1.1" 200 219614 "https://my.cerill.com/" "Mozilla/5.0 (Windows NT 10.0; Win64; x64) AppleWebKit/537.36 (KHTML, like Gecko) Chrome/141.0.0.0 Safari/537.36"
49.44.76.136 - - [07/Nov/2025:10:00:28 +0530] "GET /7586.7411434da8507547.js HTTP/1.1" 200 388553 "https://my.cerill.com/" "Mozilla/5.0 (Windows NT 10.0; Win64; x64) AppleWebKit/537.36 (KHTML, like Gecko) Chrome/141.0.0.0 Safari/537.36"
103.40.199.68 - - [07/Nov/2025:10:00:28 +0530] "GET /ngsw.json?ngsw-cache-bust=0.7005885356905488 HTTP/1.1" 200 12508 "https://my.cerill.com/ngsw-worker.js" "Mozilla/5.0 (Windows NT 10.0; Win64; x64) AppleWebKit/537.36 (KHTML, like Gecko) Chrome/109.0.0.0 Safari/537.36"
49.44.76.136 - - [07/Nov/2025:10:00:29 +0530] "GET /2238.c9fe0e6aca5cf39e.js HTTP/1.1" 200 16164 "https://my.cerill.com/" "Mozilla/5.0 (Windows NT 10.0; Win64; x64) AppleWebKit/537.36 (KHTML, like Gecko) Chrome/141.0.0.0 Safari/537.36"
49.44.76.136 - - [07/Nov/2025:10:00:30 +0530] "GET /assets/custom/images/logo.png HTTP/1.1" 200 6982 "https://my.cerill.com/" "Mozilla/5.0 (Windows NT 10.0; Win64; x64) AppleWebKit/537.36 (KHTML, like Gecko) Chrome/141.0.0.0 Safari/537.36"
49.44.76.136 - - [07/Nov/2025:10:00:30 +0530] "GET /assets/custom/images/bg1.jpg HTTP/1.1" 200 134237 "https://my.cerill.com/" "Mozilla/5.0 (Windows NT 10.0; Win64; x64) AppleWebKit/537.36 (KHTML, like Gecko) Chrome/141.0.0.0 Safari/537.36"
49.44.76.136 - - [07/Nov/2025:10:00:31 +0530] "GET /assets/custom/images/favicon.svg HTTP/1.1" 200 3388 "https://my.cerill.com/" "Mozilla/5.0 (Windows NT 10.0; Win64; x64) AppleWebKit/537.36 (KHTML, like Gecko) Chrome/141.0.0.0 Safari/537.36"
49.44.76.136 - - [07/Nov/2025:10:00:32 +0530] "GET /manifest.webmanifest HTTP/1.1" 200 1336 "https://my.cerill.com/" "Mozilla/5.0 (Windows NT 10.0; Win64; x64) AppleWebKit/537.36 (KHTML, like Gecko) Chrome/141.0.0.0 Safari/537.36"
49.44.76.136 - - [07/Nov/2025:10:00:33 +0530] "GET /assets/icons/icon-144x144.png HTTP/1.1" 200 1756 "https://my.cerill.com/" "Mozilla/5.0 (Windows NT 10.0; Win64; x64) AppleWebKit/537.36 (KHTML, like Gecko) Chrome/141.0.0.0 Safari/537.36"
103.40.199.68 - - [07/Nov/2025:10:02:39 +0530] "GET /ngsw.json?ngsw-cache-bust=0.16725122775201684 HTTP/1.1" 200 12508 "https://my.cerill.com/ngsw-worker.js" "Mozilla/5.0 (Windows NT 10.0; Win64; x64) AppleWebKit/537.36 (KHTML, like Gecko) Chrome/109.0.0.0 Safari/537.36"
103.40.199.68 - - [07/Nov/2025:10:03:22 +0530] "GET /ngsw.json?ngsw-cache-bust=0.11309441323480973 HTTP/1.1" 200 12508 "https://my.cerill.com/ngsw-worker.js" "Mozilla/5.0 (Windows NT 10.0; Win64; x64) AppleWebKit/537.36 (KHTML, like Gecko) Chrome/109.0.0.0 Safari/537.36"
152.58.79.241 - - [07/Nov/2025:10:03:22 +0530] "GET /ngsw.json?ngsw-cache-bust=0.009414006082494653 HTTP/1.1" 200 12508 "https://my.cerill.com/ngsw-worker.js" "Mozilla/5.0 (Windows NT 10.0; Win64; x64) AppleWebKit/537.36 (KHTML, like Gecko) Chrome/142.0.0.0 Safari/537.36"
103.110.250.49 - - [07/Nov/2025:10:04:23 +0530] "GET /ngsw-worker.js HTTP/1.1" 304 - "https://my.cerill.com/ngsw-worker.js" "Mozilla/5.0 (Windows NT 10.0; Win64; x64) AppleWebKit/537.36 (KHTML, like Gecko) Chrome/142.0.0.0 Safari/537.36"
103.110.250.49 - - [07/Nov/2025:10:04:26 +0530] "GET /ngsw.json?ngsw-cache-bust=0.4732646655373772 HTTP/1.1" 200 12508 "https://my.cerill.com/ngsw-worker.js" "Mozilla/5.0 (Windows NT 10.0; Win64; x64) AppleWebKit/537.36 (KHTML, like Gecko) Chrome/142.0.0.0 Safari/537.36"
103.110.250.49 - - [07/Nov/2025:10:04:26 +0530] "GET /ngsw.json?ngsw-cache-bust=0.012014114931562347 HTTP/1.1" 200 12508 "https://my.cerill.com/ngsw-worker.js" "Mozilla/5.0 (Windows NT 10.0; Win64; x64) AppleWebKit/537.36 (KHTML, like Gecko) Chrome/142.0.0.0 Safari/537.36"
103.40.199.68 - - [07/Nov/2025:10:04:39 +0530] "GET /ngsw-worker.js HTTP/1.1" 304 - "https://my.cerill.com/ngsw-worker.js" "Mozilla/5.0 (Windows NT 10.0; Win64; x64) AppleWebKit/537.36 (KHTML, like Gecko) Chrome/109.0.0.0 Safari/537.36"
103.40.199.68 - - [07/Nov/2025:10:04:42 +0530] "GET /ngsw.json?ngsw-cache-bust=0.004727967363325369 HTTP/1.1" 200 12508 "https://my.cerill.com/ngsw-worker.js" "Mozilla/5.0 (Windows NT 10.0; Win64; x64) AppleWebKit/537.36 (KHTML, like Gecko) Chrome/109.0.0.0 Safari/537.36"
152.59.119.24 - - [07/Nov/2025:10:05:46 +0530] "GET /ngsw-worker.js HTTP/1.1" 304 - "https://my.cerill.com/ngsw-worker.js" "Mozilla/5.0 (Windows NT 10.0; Win64; x64) AppleWebKit/537.36 (KHTML, like Gecko) Chrome/142.0.0.0 Safari/537.36"
152.59.119.24 - - [07/Nov/2025:10:05:51 +0530] "GET /ngsw.json?ngsw-cache-bust=0.7800958015151309 HTTP/1.1" 200 12508 "https://my.cerill.com/ngsw-worker.js" "Mozilla/5.0 (Windows NT 10.0; Win64; x64) AppleWebKit/537.36 (KHTML, like Gecko) Chrome/142.0.0.0 Safari/537.36"
152.59.119.24 - - [07/Nov/2025:10:05:52 +0530] "GET /ngsw.json?ngsw-cache-bust=0.24311786999802532 HTTP/1.1" 200 12508 "https://my.cerill.com/ngsw-worker.js" "Mozilla/5.0 (Windows NT 10.0; Win64; x64) AppleWebKit/537.36 (KHTML, like Gecko) Chrome/142.0.0.0 Safari/537.36"
103.110.250.49 - - [07/Nov/2025:10:05:55 +0530] "GET /ngsw.json?ngsw-cache-bust=0.9987107548236713 HTTP/1.1" 200 12508 "https://my.cerill.com/ngsw-worker.js" "Mozilla/5.0 (Windows NT 10.0; Win64; x64) AppleWebKit/537.36 (KHTML, like Gecko) Chrome/142.0.0.0 Safari/537.36"
152.59.119.24 - - [07/Nov/2025:10:06:37 +0530] "GET /ngsw-worker.js HTTP/1.1" 304 - "https://my.cerill.com/ngsw-worker.js" "Mozilla/5.0 (Windows NT 10.0; Win64; x64) AppleWebKit/537.36 (KHTML, like Gecko) Chrome/142.0.0.0 Safari/537.36"
152.59.119.24 - - [07/Nov/2025:10:06:45 +0530] "GET /ngsw-worker.js HTTP/1.1" 304 - "https://my.cerill.com/ngsw-worker.js" "Mozilla/5.0 (Windows NT 10.0; Win64; x64) AppleWebKit/537.36 (KHTML, like Gecko) Chrome/142.0.0.0 Safari/537.36"
152.59.119.24 - - [07/Nov/2025:10:06:55 +0530] "GET /ngsw.json?ngsw-cache-bust=0.46416691898111395 HTTP/1.1" 200 12508 "https://my.cerill.com/ngsw-worker.js" "Mozilla/5.0 (Windows NT 10.0; Win64; x64) AppleWebKit/537.36 (KHTML, like Gecko) Chrome/142.0.0.0 Safari/537.36"
152.59.119.24 - - [07/Nov/2025:10:06:56 +0530] "GET /ngsw.json?ngsw-cache-bust=0.8535452156445482 HTTP/1.1" 200 12508 "https://my.cerill.com/ngsw-worker.js" "Mozilla/5.0 (Windows NT 10.0; Win64; x64) AppleWebKit/537.36 (KHTML, like Gecko) Chrome/142.0.0.0 Safari/537.36"
103.40.199.68 - - [07/Nov/2025:10:07:13 +0530] "GET /ngsw.json?ngsw-cache-bust=0.6728176728045197 HTTP/1.1" 200 12508 "https://my.cerill.com/ngsw-worker.js" "Mozilla/5.0 (Windows NT 10.0; Win64; x64) AppleWebKit/537.36 (KHTML, like Gecko) Chrome/109.0.0.0 Safari/537.36"
103.40.199.68 - - [07/Nov/2025:10:07:55 +0530] "GET /ngsw.json?ngsw-cache-bust=0.6340637176483321 HTTP/1.1" 200 12508 "https://my.cerill.com/ngsw-worker.js" "Mozilla/5.0 (Windows NT 10.0; Win64; x64) AppleWebKit/537.36 (KHTML, like Gecko) Chrome/109.0.0.0 Safari/537.36"
103.110.250.49 - - [07/Nov/2025:10:08:07 +0530] "GET /ngsw-worker.js HTTP/1.1" 304 - "https://my.cerill.com/ngsw-worker.js" "Mozilla/5.0 (Windows NT 10.0; Win64; x64) AppleWebKit/537.36 (KHTML, like Gecko) Chrome/142.0.0.0 Safari/537.36"
103.110.250.49 - - [07/Nov/2025:10:08:10 +0530] "GET /ngsw.json?ngsw-cache-bust=0.7398668363906988 HTTP/1.1" 200 12508 "https://my.cerill.com/ngsw-worker.js" "Mozilla/5.0 (Windows NT 10.0; Win64; x64) AppleWebKit/537.36 (KHTML, like Gecko) Chrome/142.0.0.0 Safari/537.36"
103.40.199.68 - - [07/Nov/2025:10:08:47 +0530] "GET /ngsw-worker.js HTTP/1.1" 304 - "https://my.cerill.com/ngsw-worker.js" "Mozilla/5.0 (Windows NT 10.0; Win64; x64) AppleWebKit/537.36 (KHTML, like Gecko) Chrome/109.0.0.0 Safari/537.36"
103.40.199.68 - - [07/Nov/2025:10:08:50 +0530] "GET /ngsw.json?ngsw-cache-bust=0.09217608618359452 HTTP/1.1" 200 12508 "https://my.cerill.com/ngsw-worker.js" "Mozilla/5.0 (Windows NT 10.0; Win64; x64) AppleWebKit/537.36 (KHTML, like Gecko) Chrome/109.0.0.0 Safari/537.36"
103.110.250.49 - - [07/Nov/2025:10:14:23 +0530] "GET /ngsw.json?ngsw-cache-bust=0.8622606961276543 HTTP/1.1" 200 12508 "https://my.cerill.com/ngsw-worker.js" "Mozilla/5.0 (Windows NT 10.0; Win64; x64) AppleWebKit/537.36 (KHTML, like Gecko) Chrome/142.0.0.0 Safari/537.36"
103.110.250.49 - - [07/Nov/2025:10:14:39 +0530] "GET /ngsw-worker.js HTTP/1.1" 304 - "https://my.cerill.com/ngsw-worker.js" "Mozilla/5.0 (Windows NT 10.0; Win64; x64) AppleWebKit/537.36 (KHTML, like Gecko) Chrome/142.0.0.0 Safari/537.36"
103.110.250.49 - - [07/Nov/2025:10:14:43 +0530] "GET /ngsw.json?ngsw-cache-bust=0.6674452380626441 HTTP/1.1" 200 12508 "https://my.cerill.com/ngsw-worker.js" "Mozilla/5.0 (Windows NT 10.0; Win64; x64) AppleWebKit/537.36 (KHTML, like Gecko) Chrome/142.0.0.0 Safari/537.36"
103.110.250.49 - - [07/Nov/2025:10:16:00 +0530] "GET /ngsw.json?ngsw-cache-bust=0.17238328626998312 HTTP/1.1" 200 12508 "https://my.cerill.com/ngsw-worker.js" "Mozilla/5.0 (Windows NT 10.0; Win64; x64) AppleWebKit/537.36 (KHTML, like Gecko) Chrome/142.0.0.0 Safari/537.36"
103.110.250.49 - - [07/Nov/2025:10:16:07 +0530] "GET /ngsw-worker.js HTTP/1.1" 304 - "https://my.cerill.com/ngsw-worker.js" "Mozilla/5.0 (Windows NT 10.0; Win64; x64) AppleWebKit/537.36 (KHTML, like Gecko) Chrome/142.0.0.0 Safari/537.36"
103.110.250.49 - - [07/Nov/2025:10:16:11 +0530] "GET /ngsw.json?ngsw-cache-bust=0.07311770026874886 HTTP/1.1" 200 12508 "https://my.cerill.com/ngsw-worker.js" "Mozilla/5.0 (Windows NT 10.0; Win64; x64) AppleWebKit/537.36 (KHTML, like Gecko) Chrome/142.0.0.0 Safari/537.36"
103.110.250.49 - - [07/Nov/2025:10:18:40 +0530] "GET /ngsw.json?ngsw-cache-bust=0.10012645016022492 HTTP/1.1" 200 12508 "https://my.cerill.com/ngsw-worker.js" "Mozilla/5.0 (Windows NT 10.0; Win64; x64) AppleWebKit/537.36 (KHTML, like Gecko) Chrome/142.0.0.0 Safari/537.36"
103.110.250.49 - - [07/Nov/2025:10:18:44 +0530] "GET /ngsw-worker.js HTTP/1.1" 304 - "https://my.cerill.com/ngsw-worker.js" "Mozilla/5.0 (Windows NT 10.0; Win64; x64) AppleWebKit/537.36 (KHTML, like Gecko) Chrome/142.0.0.0 Safari/537.36"
103.110.250.49 - - [07/Nov/2025:10:18:47 +0530] "GET /ngsw.json?ngsw-cache-bust=0.8640900429514656 HTTP/1.1" 200 12508 "https://my.cerill.com/ngsw-worker.js" "Mozilla/5.0 (Windows NT 10.0; Win64; x64) AppleWebKit/537.36 (KHTML, like Gecko) Chrome/142.0.0.0 Safari/537.36"
103.110.250.49 - - [07/Nov/2025:10:19:10 +0530] "GET /ngsw-worker.js HTTP/1.1" 304 - "https://my.cerill.com/ngsw-worker.js" "Mozilla/5.0 (Windows NT 10.0; Win64; x64) AppleWebKit/537.36 (KHTML, like Gecko) Chrome/142.0.0.0 Safari/537.36"
103.110.250.49 - - [07/Nov/2025:10:19:14 +0530] "GET /ngsw.json?ngsw-cache-bust=0.5363145237195732 HTTP/1.1" 200 12508 "https://my.cerill.com/ngsw-worker.js" "Mozilla/5.0 (Windows NT 10.0; Win64; x64) AppleWebKit/537.36 (KHTML, like Gecko) Chrome/142.0.0.0 Safari/537.36"
152.59.119.24 - - [07/Nov/2025:10:21:15 +0530] "GET /ngsw.json?ngsw-cache-bust=0.3337390882338245 HTTP/1.1" 200 12508 "https://my.cerill.com/ngsw-worker.js" "Mozilla/5.0 (Windows NT 10.0; Win64; x64) AppleWebKit/537.36 (KHTML, like Gecko) Chrome/142.0.0.0 Safari/537.36"
152.59.119.24 - - [07/Nov/2025:10:22:41 +0530] "GET /ngsw.json?ngsw-cache-bust=0.2258418463662213 HTTP/1.1" 200 12508 "https://my.cerill.com/ngsw-worker.js" "Mozilla/5.0 (Windows NT 10.0; Win64; x64) AppleWebKit/537.36 (KHTML, like Gecko) Chrome/142.0.0.0 Safari/537.36"
152.59.119.24 - - [07/Nov/2025:10:23:27 +0530] "GET /ngsw-worker.js HTTP/1.1" 304 - "https://my.cerill.com/ngsw-worker.js" "Mozilla/5.0 (Windows NT 10.0; Win64; x64) AppleWebKit/537.36 (KHTML, like Gecko) Chrome/142.0.0.0 Safari/537.36"
152.59.119.24 - - [07/Nov/2025:10:23:31 +0530] "GET /ngsw.json?ngsw-cache-bust=0.5919906163408946 HTTP/1.1" 200 12508 "https://my.cerill.com/ngsw-worker.js" "Mozilla/5.0 (Windows NT 10.0; Win64; x64) AppleWebKit/537.36 (KHTML, like Gecko) Chrome/142.0.0.0 Safari/537.36"
152.59.119.24 - - [07/Nov/2025:10:23:51 +0530] "GET /ngsw-worker.js HTTP/1.1" 304 - "https://my.cerill.com/ngsw-worker.js" "Mozilla/5.0 (Windows NT 10.0; Win64; x64) AppleWebKit/537.36 (KHTML, like Gecko) Chrome/142.0.0.0 Safari/537.36"
152.59.119.24 - - [07/Nov/2025:10:24:10 +0530] "GET /ngsw.json?ngsw-cache-bust=0.35896616162767225 HTTP/1.1" 200 12508 "https://my.cerill.com/ngsw-worker.js" "Mozilla/5.0 (Windows NT 10.0; Win64; x64) AppleWebKit/537.36 (KHTML, like Gecko) Chrome/142.0.0.0 Safari/537.36"
152.59.119.24 - - [07/Nov/2025:10:24:10 +0530] "GET /ngsw.json?ngsw-cache-bust=0.1680753892527843 HTTP/1.1" 200 12508 "https://my.cerill.com/ngsw-worker.js" "Mozilla/5.0 (Windows NT 10.0; Win64; x64) AppleWebKit/537.36 (KHTML, like Gecko) Chrome/142.0.0.0 Safari/537.36"
103.110.250.49 - - [07/Nov/2025:10:25:36 +0530] "GET /ngsw.json?ngsw-cache-bust=0.7223678298022574 HTTP/1.1" 200 12508 "https://my.cerill.com/ngsw-worker.js" "Mozilla/5.0 (Windows NT 10.0; Win64; x64) AppleWebKit/537.36 (KHTML, like Gecko) Chrome/142.0.0.0 Safari/537.36"
103.110.250.49 - - [07/Nov/2025:10:26:43 +0530] "GET /ngsw-worker.js HTTP/1.1" 304 - "https://my.cerill.com/ngsw-worker.js" "Mozilla/5.0 (Windows NT 10.0; Win64; x64) AppleWebKit/537.36 (KHTML, like Gecko) Chrome/142.0.0.0 Safari/537.36"
103.110.250.49 - - [07/Nov/2025:10:26:46 +0530] "GET /ngsw.json?ngsw-cache-bust=0.6374426410767638 HTTP/1.1" 200 12508 "https://my.cerill.com/ngsw-worker.js" "Mozilla/5.0 (Windows NT 10.0; Win64; x64) AppleWebKit/537.36 (KHTML, like Gecko) Chrome/142.0.0.0 Safari/537.36"
