103.110.249.205 - - [04/Nov/2025:10:47:42 +0530] "GET /ngsw-worker.js HTTP/1.1" 304 - "https://my.cerill.com/ngsw-worker.js" "Mozilla/5.0 (Windows NT 10.0; Win64; x64) AppleWebKit/537.36 (KHTML, like Gecko) Chrome/141.0.0.0 Safari/537.36"
103.110.249.205 - - [04/Nov/2025:10:47:46 +0530] "GET /ngsw.json?ngsw-cache-bust=0.729160988582369 HTTP/1.1" 200 12508 "https://my.cerill.com/ngsw-worker.js" "Mozilla/5.0 (Windows NT 10.0; Win64; x64) AppleWebKit/537.36 (KHTML, like Gecko) Chrome/141.0.0.0 Safari/537.36"
103.110.249.205 - - [04/Nov/2025:10:48:33 +0530] "GET /ngsw-worker.js HTTP/1.1" 304 - "https://my.cerill.com/ngsw-worker.js" "Mozilla/5.0 (Windows NT 10.0; Win64; x64) AppleWebKit/537.36 (KHTML, like Gecko) Chrome/141.0.0.0 Safari/537.36"
103.110.249.205 - - [04/Nov/2025:10:48:36 +0530] "GET /ngsw.json?ngsw-cache-bust=0.5362356966535612 HTTP/1.1" 200 12508 "https://my.cerill.com/ngsw-worker.js" "Mozilla/5.0 (Windows NT 10.0; Win64; x64) AppleWebKit/537.36 (KHTML, like Gecko) Chrome/141.0.0.0 Safari/537.36"
103.110.249.205 - - [04/Nov/2025:10:50:05 +0530] "GET /ngsw-worker.js HTTP/1.1" 304 - "https://my.cerill.com/ngsw-worker.js" "Mozilla/5.0 (Windows NT 10.0; Win64; x64) AppleWebKit/537.36 (KHTML, like Gecko) Chrome/141.0.0.0 Safari/537.36"
103.110.249.205 - - [04/Nov/2025:10:50:09 +0530] "GET /ngsw.json?ngsw-cache-bust=0.12810122279718317 HTTP/1.1" 200 12508 "https://my.cerill.com/ngsw-worker.js" "Mozilla/5.0 (Windows NT 10.0; Win64; x64) AppleWebKit/537.36 (KHTML, like Gecko) Chrome/141.0.0.0 Safari/537.36"
103.110.249.205 - - [04/Nov/2025:10:50:09 +0530] "GET /ngsw.json?ngsw-cache-bust=0.4800191337310653 HTTP/1.1" 200 12508 "https://my.cerill.com/ngsw-worker.js" "Mozilla/5.0 (Windows NT 10.0; Win64; x64) AppleWebKit/537.36 (KHTML, like Gecko) Chrome/141.0.0.0 Safari/537.36"
103.110.249.205 - - [04/Nov/2025:10:51:16 +0530] "GET /ngsw-worker.js HTTP/1.1" 304 - "https://my.cerill.com/ngsw-worker.js" "Mozilla/5.0 (Windows NT 10.0; Win64; x64) AppleWebKit/537.36 (KHTML, like Gecko) Chrome/141.0.0.0 Safari/537.36"
103.110.249.205 - - [04/Nov/2025:10:51:20 +0530] "GET /ngsw.json?ngsw-cache-bust=0.20108156340493033 HTTP/1.1" 200 12508 "https://my.cerill.com/ngsw-worker.js" "Mozilla/5.0 (Windows NT 10.0; Win64; x64) AppleWebKit/537.36 (KHTML, like Gecko) Chrome/141.0.0.0 Safari/537.36"
103.40.199.68 - - [04/Nov/2025:10:55:00 +0530] "GET /ngsw.json?ngsw-cache-bust=0.09767349308601925 HTTP/1.1" 200 12508 "https://my.cerill.com/ngsw-worker.js" "Mozilla/5.0 (Windows NT 10.0; Win64; x64) AppleWebKit/537.36 (KHTML, like Gecko) Chrome/109.0.0.0 Safari/537.36"
103.40.199.68 - - [04/Nov/2025:10:56:27 +0530] "GET /ngsw-worker.js HTTP/1.1" 304 - "https://my.cerill.com/ngsw-worker.js" "Mozilla/5.0 (Windows NT 10.0; Win64; x64) AppleWebKit/537.36 (KHTML, like Gecko) Chrome/109.0.0.0 Safari/537.36"
103.40.199.68 - - [04/Nov/2025:10:56:30 +0530] "GET /ngsw.json?ngsw-cache-bust=0.9712636830782129 HTTP/1.1" 200 12508 "https://my.cerill.com/ngsw-worker.js" "Mozilla/5.0 (Windows NT 10.0; Win64; x64) AppleWebKit/537.36 (KHTML, like Gecko) Chrome/109.0.0.0 Safari/537.36"
103.40.199.68 - - [04/Nov/2025:10:56:31 +0530] "GET /ngsw.json?ngsw-cache-bust=0.2263691750639698 HTTP/1.1" 200 12508 "https://my.cerill.com/ngsw-worker.js" "Mozilla/5.0 (Windows NT 10.0; Win64; x64) AppleWebKit/537.36 (KHTML, like Gecko) Chrome/109.0.0.0 Safari/537.36"
103.110.249.205 - - [04/Nov/2025:11:09:24 +0530] "GET /ngsw-worker.js HTTP/1.1" 304 - "https://my.cerill.com/ngsw-worker.js" "Mozilla/5.0 (Windows NT 10.0; Win64; x64) AppleWebKit/537.36 (KHTML, like Gecko) Chrome/141.0.0.0 Safari/537.36"
103.110.249.205 - - [04/Nov/2025:11:09:27 +0530] "GET /ngsw.json?ngsw-cache-bust=0.46158509946001647 HTTP/1.1" 200 12508 "https://my.cerill.com/ngsw-worker.js" "Mozilla/5.0 (Windows NT 10.0; Win64; x64) AppleWebKit/537.36 (KHTML, like Gecko) Chrome/141.0.0.0 Safari/537.36"
103.110.249.205 - - [04/Nov/2025:11:09:27 +0530] "GET /ngsw.json?ngsw-cache-bust=0.5347412696073252 HTTP/1.1" 200 12508 "https://my.cerill.com/ngsw-worker.js" "Mozilla/5.0 (Windows NT 10.0; Win64; x64) AppleWebKit/537.36 (KHTML, like Gecko) Chrome/141.0.0.0 Safari/537.36"
103.110.249.205 - - [04/Nov/2025:11:11:37 +0530] "GET /ngsw.json?ngsw-cache-bust=0.25785511245544857 HTTP/1.1" 200 12508 "https://my.cerill.com/ngsw-worker.js" "Mozilla/5.0 (Windows NT 10.0; Win64; x64) AppleWebKit/537.36 (KHTML, like Gecko) Chrome/141.0.0.0 Safari/537.36"
103.40.199.68 - - [04/Nov/2025:11:13:50 +0530] "GET /ngsw.json?ngsw-cache-bust=0.5636329893870207 HTTP/1.1" 200 12508 "https://my.cerill.com/ngsw-worker.js" "Mozilla/5.0 (Windows NT 10.0; Win64; x64) AppleWebKit/537.36 (KHTML, like Gecko) Chrome/109.0.0.0 Safari/537.36"
103.110.249.205 - - [04/Nov/2025:11:14:03 +0530] "GET /ngsw.json?ngsw-cache-bust=0.17887075164400135 HTTP/1.1" 200 12508 "https://my.cerill.com/ngsw-worker.js" "Mozilla/5.0 (Windows NT 10.0; Win64; x64) AppleWebKit/537.36 (KHTML, like Gecko) Chrome/141.0.0.0 Safari/537.36"
103.110.249.205 - - [04/Nov/2025:11:14:48 +0530] "GET /ngsw.json?ngsw-cache-bust=0.6576833204406505 HTTP/1.1" 200 12508 "https://my.cerill.com/ngsw-worker.js" "Mozilla/5.0 (Windows NT 10.0; Win64; x64) AppleWebKit/537.36 (KHTML, like Gecko) Chrome/141.0.0.0 Safari/537.36"
103.40.199.68 - - [04/Nov/2025:11:15:01 +0530] "GET /ngsw-worker.js HTTP/1.1" 304 - "https://my.cerill.com/ngsw-worker.js" "Mozilla/5.0 (Windows NT 10.0; Win64; x64) AppleWebKit/537.36 (KHTML, like Gecko) Chrome/109.0.0.0 Safari/537.36"
103.40.199.68 - - [04/Nov/2025:11:15:05 +0530] "GET /ngsw.json?ngsw-cache-bust=0.3851693250507895 HTTP/1.1" 200 12508 "https://my.cerill.com/ngsw-worker.js" "Mozilla/5.0 (Windows NT 10.0; Win64; x64) AppleWebKit/537.36 (KHTML, like Gecko) Chrome/109.0.0.0 Safari/537.36"
103.110.249.205 - - [04/Nov/2025:11:17:15 +0530] "GET /ngsw.json?ngsw-cache-bust=0.4007684721235617 HTTP/1.1" 200 12508 "https://my.cerill.com/ngsw-worker.js" "Mozilla/5.0 (Windows NT 10.0; Win64; x64) AppleWebKit/537.36 (KHTML, like Gecko) Chrome/141.0.0.0 Safari/537.36"
103.40.199.68 - - [04/Nov/2025:11:17:18 +0530] "GET /ngsw.json?ngsw-cache-bust=0.08218417935380828 HTTP/1.1" 200 12508 "https://my.cerill.com/ngsw-worker.js" "Mozilla/5.0 (Windows NT 10.0; Win64; x64) AppleWebKit/537.36 (KHTML, like Gecko) Chrome/109.0.0.0 Safari/537.36"
103.110.249.205 - - [04/Nov/2025:11:18:03 +0530] "GET /ngsw-worker.js HTTP/1.1" 304 - "https://my.cerill.com/ngsw-worker.js" "Mozilla/5.0 (Windows NT 10.0; Win64; x64) AppleWebKit/537.36 (KHTML, like Gecko) Chrome/141.0.0.0 Safari/537.36"
103.110.249.205 - - [04/Nov/2025:11:18:07 +0530] "GET /ngsw.json?ngsw-cache-bust=0.5641489781751677 HTTP/1.1" 200 12508 "https://my.cerill.com/ngsw-worker.js" "Mozilla/5.0 (Windows NT 10.0; Win64; x64) AppleWebKit/537.36 (KHTML, like Gecko) Chrome/141.0.0.0 Safari/537.36"
103.110.249.205 - - [04/Nov/2025:11:18:07 +0530] "GET /ngsw.json?ngsw-cache-bust=0.17307785888988847 HTTP/1.1" 200 12508 "https://my.cerill.com/ngsw-worker.js" "Mozilla/5.0 (Windows NT 10.0; Win64; x64) AppleWebKit/537.36 (KHTML, like Gecko) Chrome/141.0.0.0 Safari/537.36"
103.110.249.205 - - [04/Nov/2025:11:18:25 +0530] "GET /ngsw-worker.js HTTP/1.1" 304 - "https://my.cerill.com/ngsw-worker.js" "Mozilla/5.0 (Windows NT 10.0; Win64; x64) AppleWebKit/537.36 (KHTML, like Gecko) Chrome/141.0.0.0 Safari/537.36"
103.110.249.205 - - [04/Nov/2025:11:18:29 +0530] "GET /ngsw.json?ngsw-cache-bust=0.30844055993553443 HTTP/1.1" 200 12508 "https://my.cerill.com/ngsw-worker.js" "Mozilla/5.0 (Windows NT 10.0; Win64; x64) AppleWebKit/537.36 (KHTML, like Gecko) Chrome/141.0.0.0 Safari/537.36"
103.40.199.68 - - [04/Nov/2025:11:22:13 +0530] "GET /ngsw.json?ngsw-cache-bust=0.44295241575885513 HTTP/1.1" 200 12508 "https://my.cerill.com/ngsw-worker.js" "Mozilla/5.0 (Windows NT 10.0; Win64; x64) AppleWebKit/537.36 (KHTML, like Gecko) Chrome/109.0.0.0 Safari/537.36"
103.110.249.205 - - [04/Nov/2025:11:27:25 +0530] "GET /ngsw.json?ngsw-cache-bust=0.27875821842746584 HTTP/1.1" 200 12508 "https://my.cerill.com/ngsw-worker.js" "Mozilla/5.0 (Windows NT 10.0; Win64; x64) AppleWebKit/537.36 (KHTML, like Gecko) Chrome/141.0.0.0 Safari/537.36"
103.40.199.68 - - [04/Nov/2025:11:27:29 +0530] "GET /ngsw-worker.js HTTP/1.1" 304 - "https://my.cerill.com/ngsw-worker.js" "Mozilla/5.0 (Windows NT 10.0; Win64; x64) AppleWebKit/537.36 (KHTML, like Gecko) Chrome/109.0.0.0 Safari/537.36"
103.40.199.68 - - [04/Nov/2025:11:27:33 +0530] "GET /ngsw.json?ngsw-cache-bust=0.22936597321257635 HTTP/1.1" 200 12508 "https://my.cerill.com/ngsw-worker.js" "Mozilla/5.0 (Windows NT 10.0; Win64; x64) AppleWebKit/537.36 (KHTML, like Gecko) Chrome/109.0.0.0 Safari/537.36"
103.40.199.68 - - [04/Nov/2025:11:27:33 +0530] "GET /ngsw.json?ngsw-cache-bust=0.7298395071100292 HTTP/1.1" 200 12508 "https://my.cerill.com/ngsw-worker.js" "Mozilla/5.0 (Windows NT 10.0; Win64; x64) AppleWebKit/537.36 (KHTML, like Gecko) Chrome/109.0.0.0 Safari/537.36"
103.110.249.205 - - [04/Nov/2025:11:28:51 +0530] "GET /ngsw.json?ngsw-cache-bust=0.7622257969556977 HTTP/1.1" 200 12508 "https://my.cerill.com/ngsw-worker.js" "Mozilla/5.0 (Windows NT 10.0; Win64; x64) AppleWebKit/537.36 (KHTML, like Gecko) Chrome/141.0.0.0 Safari/537.36"
103.40.199.68 - - [04/Nov/2025:11:31:12 +0530] "GET /ngsw.json?ngsw-cache-bust=0.18466003290345578 HTTP/1.1" 200 12508 "https://my.cerill.com/ngsw-worker.js" "Mozilla/5.0 (Windows NT 10.0; Win64; x64) AppleWebKit/537.36 (KHTML, like Gecko) Chrome/109.0.0.0 Safari/537.36"
103.110.249.205 - - [04/Nov/2025:11:31:42 +0530] "GET /ngsw-worker.js HTTP/1.1" 304 - "https://my.cerill.com/ngsw-worker.js" "Mozilla/5.0 (Windows NT 10.0; Win64; x64) AppleWebKit/537.36 (KHTML, like Gecko) Chrome/141.0.0.0 Safari/537.36"
103.110.249.205 - - [04/Nov/2025:11:31:43 +0530] "GET /ngsw-worker.js HTTP/1.1" 304 - "https://my.cerill.com/ngsw-worker.js" "Mozilla/5.0 (Windows NT 10.0; Win64; x64) AppleWebKit/537.36 (KHTML, like Gecko) Chrome/141.0.0.0 Safari/537.36"
103.110.249.205 - - [04/Nov/2025:11:31:47 +0530] "GET /ngsw.json?ngsw-cache-bust=0.03228125599863085 HTTP/1.1" 200 12508 "https://my.cerill.com/ngsw-worker.js" "Mozilla/5.0 (Windows NT 10.0; Win64; x64) AppleWebKit/537.36 (KHTML, like Gecko) Chrome/141.0.0.0 Safari/537.36"
103.110.249.205 - - [04/Nov/2025:11:31:47 +0530] "GET /ngsw.json?ngsw-cache-bust=0.7108463318402892 HTTP/1.1" 200 12508 "https://my.cerill.com/ngsw-worker.js" "Mozilla/5.0 (Windows NT 10.0; Win64; x64) AppleWebKit/537.36 (KHTML, like Gecko) Chrome/141.0.0.0 Safari/537.36"
103.110.249.205 - - [04/Nov/2025:11:33:04 +0530] "GET /ngsw-worker.js HTTP/1.1" 304 - "https://my.cerill.com/ngsw-worker.js" "Mozilla/5.0 (Windows NT 10.0; Win64; x64) AppleWebKit/537.36 (KHTML, like Gecko) Chrome/141.0.0.0 Safari/537.36"
103.110.249.205 - - [04/Nov/2025:11:33:07 +0530] "GET /ngsw.json?ngsw-cache-bust=0.213512008575805 HTTP/1.1" 200 12508 "https://my.cerill.com/ngsw-worker.js" "Mozilla/5.0 (Windows NT 10.0; Win64; x64) AppleWebKit/537.36 (KHTML, like Gecko) Chrome/141.0.0.0 Safari/537.36"
152.59.84.158 - - [04/Nov/2025:11:33:09 +0530] "GET /ngsw-worker.js HTTP/1.1" 304 - "https://my.cerill.com/ngsw-worker.js" "Mozilla/5.0 (Windows NT 10.0; Win64; x64) AppleWebKit/537.36 (KHTML, like Gecko) Chrome/142.0.0.0 Safari/537.36"
152.59.84.158 - - [04/Nov/2025:11:33:16 +0530] "GET /ngsw.json?ngsw-cache-bust=0.08040824773927802 HTTP/1.1" 200 12508 "https://my.cerill.com/ngsw-worker.js" "Mozilla/5.0 (Windows NT 10.0; Win64; x64) AppleWebKit/537.36 (KHTML, like Gecko) Chrome/142.0.0.0 Safari/537.36"
152.59.84.158 - - [04/Nov/2025:11:33:17 +0530] "GET /ngsw.json?ngsw-cache-bust=0.7674956256599927 HTTP/1.1" 200 12508 "https://my.cerill.com/ngsw-worker.js" "Mozilla/5.0 (Windows NT 10.0; Win64; x64) AppleWebKit/537.36 (KHTML, like Gecko) Chrome/142.0.0.0 Safari/537.36"
103.110.249.205 - - [04/Nov/2025:11:33:45 +0530] "GET /ngsw.json?ngsw-cache-bust=0.6981422580154157 HTTP/1.1" 200 12508 "https://my.cerill.com/ngsw-worker.js" "Mozilla/5.0 (Windows NT 10.0; Win64; x64) AppleWebKit/537.36 (KHTML, like Gecko) Chrome/141.0.0.0 Safari/537.36"
152.59.84.158 - - [04/Nov/2025:11:35:02 +0530] "GET /ngsw.json?ngsw-cache-bust=0.7264909673376131 HTTP/1.1" 200 12508 "https://my.cerill.com/ngsw-worker.js" "Mozilla/5.0 (Windows NT 10.0; Win64; x64) AppleWebKit/537.36 (KHTML, like Gecko) Chrome/142.0.0.0 Safari/537.36"
152.59.84.158 - - [04/Nov/2025:11:37:56 +0530] "GET /ngsw.json?ngsw-cache-bust=0.3623137991949874 HTTP/1.1" 200 12508 "https://my.cerill.com/ngsw-worker.js" "Mozilla/5.0 (Windows NT 10.0; Win64; x64) AppleWebKit/537.36 (KHTML, like Gecko) Chrome/142.0.0.0 Safari/537.36"
152.59.84.158 - - [04/Nov/2025:11:38:27 +0530] "GET /ngsw-worker.js HTTP/1.1" 304 - "https://my.cerill.com/ngsw-worker.js" "Mozilla/5.0 (Windows NT 10.0; Win64; x64) AppleWebKit/537.36 (KHTML, like Gecko) Chrome/142.0.0.0 Safari/537.36"
152.59.84.158 - - [04/Nov/2025:11:38:31 +0530] "GET /ngsw.json?ngsw-cache-bust=0.9580079728874258 HTTP/1.1" 200 12508 "https://my.cerill.com/ngsw-worker.js" "Mozilla/5.0 (Windows NT 10.0; Win64; x64) AppleWebKit/537.36 (KHTML, like Gecko) Chrome/142.0.0.0 Safari/537.36"
152.59.84.158 - - [04/Nov/2025:11:39:09 +0530] "GET /ngsw-worker.js HTTP/1.1" 304 - "https://my.cerill.com/ngsw-worker.js" "Mozilla/5.0 (Windows NT 10.0; Win64; x64) AppleWebKit/537.36 (KHTML, like Gecko) Chrome/142.0.0.0 Safari/537.36"
152.59.84.158 - - [04/Nov/2025:11:39:17 +0530] "GET /ngsw.json?ngsw-cache-bust=0.9246207322646989 HTTP/1.1" 200 12508 "https://my.cerill.com/ngsw-worker.js" "Mozilla/5.0 (Windows NT 10.0; Win64; x64) AppleWebKit/537.36 (KHTML, like Gecko) Chrome/142.0.0.0 Safari/537.36"
152.59.84.158 - - [04/Nov/2025:11:39:18 +0530] "GET /ngsw.json?ngsw-cache-bust=0.13501872491642963 HTTP/1.1" 200 12508 "https://my.cerill.com/ngsw-worker.js" "Mozilla/5.0 (Windows NT 10.0; Win64; x64) AppleWebKit/537.36 (KHTML, like Gecko) Chrome/142.0.0.0 Safari/537.36"
103.110.249.205 - - [04/Nov/2025:11:44:26 +0530] "GET /ngsw-worker.js HTTP/1.1" 304 - "https://my.cerill.com/ngsw-worker.js" "Mozilla/5.0 (Windows NT 10.0; Win64; x64) AppleWebKit/537.36 (KHTML, like Gecko) Chrome/141.0.0.0 Safari/537.36"
103.110.249.205 - - [04/Nov/2025:11:44:30 +0530] "GET /ngsw.json?ngsw-cache-bust=0.2751953607690758 HTTP/1.1" 200 12508 "https://my.cerill.com/ngsw-worker.js" "Mozilla/5.0 (Windows NT 10.0; Win64; x64) AppleWebKit/537.36 (KHTML, like Gecko) Chrome/141.0.0.0 Safari/537.36"
103.110.249.205 - - [04/Nov/2025:11:44:30 +0530] "GET /ngsw.json?ngsw-cache-bust=0.6366466924785941 HTTP/1.1" 200 12508 "https://my.cerill.com/ngsw-worker.js" "Mozilla/5.0 (Windows NT 10.0; Win64; x64) AppleWebKit/537.36 (KHTML, like Gecko) Chrome/141.0.0.0 Safari/537.36"
103.110.249.205 - - [04/Nov/2025:11:44:59 +0530] "GET /ngsw-worker.js HTTP/1.1" 304 - "https://my.cerill.com/ngsw-worker.js" "Mozilla/5.0 (Windows NT 10.0; Win64; x64) AppleWebKit/537.36 (KHTML, like Gecko) Chrome/141.0.0.0 Safari/537.36"
103.110.249.205 - - [04/Nov/2025:11:45:08 +0530] "GET /ngsw.json?ngsw-cache-bust=0.5797207881125076 HTTP/1.1" 200 12508 "https://my.cerill.com/ngsw-worker.js" "Mozilla/5.0 (Windows NT 10.0; Win64; x64) AppleWebKit/537.36 (KHTML, like Gecko) Chrome/141.0.0.0 Safari/537.36"
103.40.199.68 - - [04/Nov/2025:11:49:44 +0530] "GET /ngsw-worker.js HTTP/1.1" 304 - "https://my.cerill.com/ngsw-worker.js" "Mozilla/5.0 (Windows NT 10.0; Win64; x64) AppleWebKit/537.36 (KHTML, like Gecko) Chrome/109.0.0.0 Safari/537.36"
103.40.199.68 - - [04/Nov/2025:11:49:48 +0530] "GET /ngsw.json?ngsw-cache-bust=0.4147479394363356 HTTP/1.1" 200 12508 "https://my.cerill.com/ngsw-worker.js" "Mozilla/5.0 (Windows NT 10.0; Win64; x64) AppleWebKit/537.36 (KHTML, like Gecko) Chrome/109.0.0.0 Safari/537.36"
103.40.199.68 - - [04/Nov/2025:11:49:48 +0530] "GET /ngsw.json?ngsw-cache-bust=0.526356882142271 HTTP/1.1" 200 12508 "https://my.cerill.com/ngsw-worker.js" "Mozilla/5.0 (Windows NT 10.0; Win64; x64) AppleWebKit/537.36 (KHTML, like Gecko) Chrome/109.0.0.0 Safari/537.36"
103.40.199.68 - - [04/Nov/2025:11:50:56 +0530] "GET /ngsw.json?ngsw-cache-bust=0.8442775839832952 HTTP/1.1" 200 12508 "https://my.cerill.com/ngsw-worker.js" "Mozilla/5.0 (Windows NT 10.0; Win64; x64) AppleWebKit/537.36 (KHTML, like Gecko) Chrome/109.0.0.0 Safari/537.36"
103.40.199.68 - - [04/Nov/2025:11:51:05 +0530] "GET /ngsw-worker.js HTTP/1.1" 304 - "https://my.cerill.com/ngsw-worker.js" "Mozilla/5.0 (Windows NT 10.0; Win64; x64) AppleWebKit/537.36 (KHTML, like Gecko) Chrome/109.0.0.0 Safari/537.36"
103.40.199.68 - - [04/Nov/2025:11:51:09 +0530] "GET /ngsw.json?ngsw-cache-bust=0.6680065923326877 HTTP/1.1" 200 12508 "https://my.cerill.com/ngsw-worker.js" "Mozilla/5.0 (Windows NT 10.0; Win64; x64) AppleWebKit/537.36 (KHTML, like Gecko) Chrome/109.0.0.0 Safari/537.36"
103.40.199.68 - - [04/Nov/2025:11:51:34 +0530] "GET /ngsw-worker.js HTTP/1.1" 304 - "https://my.cerill.com/ngsw-worker.js" "Mozilla/5.0 (Windows NT 10.0; Win64; x64) AppleWebKit/537.36 (KHTML, like Gecko) Chrome/109.0.0.0 Safari/537.36"
103.40.199.68 - - [04/Nov/2025:11:51:37 +0530] "GET /ngsw.json?ngsw-cache-bust=0.8575911115254329 HTTP/1.1" 200 12508 "https://my.cerill.com/ngsw-worker.js" "Mozilla/5.0 (Windows NT 10.0; Win64; x64) AppleWebKit/537.36 (KHTML, like Gecko) Chrome/109.0.0.0 Safari/537.36"
103.110.249.205 - - [04/Nov/2025:11:56:03 +0530] "GET /ngsw.json?ngsw-cache-bust=0.3317608843539561 HTTP/1.1" 200 12508 "https://my.cerill.com/ngsw-worker.js" "Mozilla/5.0 (Windows NT 10.0; Win64; x64) AppleWebKit/537.36 (KHTML, like Gecko) Chrome/141.0.0.0 Safari/537.36"
103.110.249.205 - - [04/Nov/2025:11:56:42 +0530] "GET /ngsw-worker.js HTTP/1.1" 304 - "https://my.cerill.com/ngsw-worker.js" "Mozilla/5.0 (Windows NT 10.0; Win64; x64) AppleWebKit/537.36 (KHTML, like Gecko) Chrome/141.0.0.0 Safari/537.36"
103.110.249.205 - - [04/Nov/2025:11:56:45 +0530] "GET /ngsw.json?ngsw-cache-bust=0.7575488844546769 HTTP/1.1" 200 12508 "https://my.cerill.com/ngsw-worker.js" "Mozilla/5.0 (Windows NT 10.0; Win64; x64) AppleWebKit/537.36 (KHTML, like Gecko) Chrome/141.0.0.0 Safari/537.36"
49.43.93.173 - - [04/Nov/2025:11:56:56 +0530] "GET /ngsw-worker.js HTTP/1.1" 304 - "https://my.cerill.com/ngsw-worker.js" "Mozilla/5.0 (Windows NT 10.0; Win64; x64) AppleWebKit/537.36 (KHTML, like Gecko) Chrome/141.0.0.0 Safari/537.36"
49.43.93.173 - - [04/Nov/2025:11:57:05 +0530] "GET /ngsw.json?ngsw-cache-bust=0.936162474288213 HTTP/1.1" 200 12508 "https://my.cerill.com/ngsw-worker.js" "Mozilla/5.0 (Windows NT 10.0; Win64; x64) AppleWebKit/537.36 (KHTML, like Gecko) Chrome/141.0.0.0 Safari/537.36"
49.43.93.173 - - [04/Nov/2025:11:57:08 +0530] "GET /ngsw.json?ngsw-cache-bust=0.8210348883016013 HTTP/1.1" 200 12508 "https://my.cerill.com/ngsw-worker.js" "Mozilla/5.0 (Windows NT 10.0; Win64; x64) AppleWebKit/537.36 (KHTML, like Gecko) Chrome/141.0.0.0 Safari/537.36"
49.43.93.173 - - [04/Nov/2025:11:59:03 +0530] "GET /ngsw-worker.js HTTP/1.1" 304 - "https://my.cerill.com/ngsw-worker.js" "Mozilla/5.0 (Windows NT 10.0; Win64; x64) AppleWebKit/537.36 (KHTML, like Gecko) Chrome/141.0.0.0 Safari/537.36"
49.43.93.173 - - [04/Nov/2025:11:59:06 +0530] "GET /ngsw.json?ngsw-cache-bust=0.027590588620736045 HTTP/1.1" 200 12508 "https://my.cerill.com/ngsw-worker.js" "Mozilla/5.0 (Windows NT 10.0; Win64; x64) AppleWebKit/537.36 (KHTML, like Gecko) Chrome/141.0.0.0 Safari/537.36"
49.43.93.173 - - [04/Nov/2025:11:59:07 +0530] "GET /ngsw.json?ngsw-cache-bust=0.527953756064378 HTTP/1.1" 200 12508 "https://my.cerill.com/ngsw-worker.js" "Mozilla/5.0 (Windows NT 10.0; Win64; x64) AppleWebKit/537.36 (KHTML, like Gecko) Chrome/141.0.0.0 Safari/537.36"
103.110.249.205 - - [04/Nov/2025:12:06:34 +0530] "GET /ngsw.json?ngsw-cache-bust=0.7671852970308882 HTTP/1.1" 200 12508 "https://my.cerill.com/ngsw-worker.js" "Mozilla/5.0 (Windows NT 10.0; Win64; x64) AppleWebKit/537.36 (KHTML, like Gecko) Chrome/141.0.0.0 Safari/537.36"
103.40.199.68 - - [04/Nov/2025:12:07:57 +0530] "GET /ngsw.json?ngsw-cache-bust=0.29375085923172706 HTTP/1.1" 200 12508 "https://my.cerill.com/ngsw-worker.js" "Mozilla/5.0 (Windows NT 10.0; Win64; x64) AppleWebKit/537.36 (KHTML, like Gecko) Chrome/109.0.0.0 Safari/537.36"
103.110.249.205 - - [04/Nov/2025:12:08:04 +0530] "GET /ngsw-worker.js HTTP/1.1" 304 - "https://my.cerill.com/ngsw-worker.js" "Mozilla/5.0 (Windows NT 10.0; Win64; x64) AppleWebKit/537.36 (KHTML, like Gecko) Chrome/141.0.0.0 Safari/537.36"
103.110.249.205 - - [04/Nov/2025:12:08:09 +0530] "GET /ngsw.json?ngsw-cache-bust=0.08125186374046678 HTTP/1.1" 200 12508 "https://my.cerill.com/ngsw-worker.js" "Mozilla/5.0 (Windows NT 10.0; Win64; x64) AppleWebKit/537.36 (KHTML, like Gecko) Chrome/141.0.0.0 Safari/537.36"
103.40.199.68 - - [04/Nov/2025:12:08:10 +0530] "GET /ngsw-worker.js HTTP/1.1" 304 - "https://my.cerill.com/ngsw-worker.js" "Mozilla/5.0 (Windows NT 10.0; Win64; x64) AppleWebKit/537.36 (KHTML, like Gecko) Chrome/109.0.0.0 Safari/537.36"
103.40.199.68 - - [04/Nov/2025:12:08:19 +0530] "GET /ngsw.json?ngsw-cache-bust=0.1468218810824744 HTTP/1.1" 200 12508 "https://my.cerill.com/ngsw-worker.js" "Mozilla/5.0 (Windows NT 10.0; Win64; x64) AppleWebKit/537.36 (KHTML, like Gecko) Chrome/109.0.0.0 Safari/537.36"
103.110.249.205 - - [04/Nov/2025:12:10:42 +0530] "GET /ngsw.json?ngsw-cache-bust=0.8590714830124845 HTTP/1.1" 200 12508 "https://my.cerill.com/ngsw-worker.js" "Mozilla/5.0 (Windows NT 10.0; Win64; x64) AppleWebKit/537.36 (KHTML, like Gecko) Chrome/141.0.0.0 Safari/537.36"
103.110.249.205 - - [04/Nov/2025:12:11:49 +0530] "GET /ngsw-worker.js HTTP/1.1" 304 - "https://my.cerill.com/ngsw-worker.js" "Mozilla/5.0 (Windows NT 10.0; Win64; x64) AppleWebKit/537.36 (KHTML, like Gecko) Chrome/141.0.0.0 Safari/537.36"
103.110.249.205 - - [04/Nov/2025:12:11:52 +0530] "GET /ngsw.json?ngsw-cache-bust=0.971873546910183 HTTP/1.1" 200 12508 "https://my.cerill.com/ngsw-worker.js" "Mozilla/5.0 (Windows NT 10.0; Win64; x64) AppleWebKit/537.36 (KHTML, like Gecko) Chrome/141.0.0.0 Safari/537.36"
103.110.249.205 - - [04/Nov/2025:12:16:08 +0530] "GET /ngsw.json?ngsw-cache-bust=0.45091972922360746 HTTP/1.1" 200 12508 "https://my.cerill.com/ngsw-worker.js" "Mozilla/5.0 (Windows NT 10.0; Win64; x64) AppleWebKit/537.36 (KHTML, like Gecko) Chrome/141.0.0.0 Safari/537.36"
103.110.249.205 - - [04/Nov/2025:12:17:27 +0530] "GET /ngsw.json?ngsw-cache-bust=0.7341756507520893 HTTP/1.1" 200 12508 "https://my.cerill.com/ngsw-worker.js" "Mozilla/5.0 (Windows NT 10.0; Win64; x64) AppleWebKit/537.36 (KHTML, like Gecko) Chrome/141.0.0.0 Safari/537.36"
103.40.199.68 - - [04/Nov/2025:12:17:42 +0530] "GET /ngsw.json?ngsw-cache-bust=0.6656694147417206 HTTP/1.1" 200 12508 "https://my.cerill.com/ngsw-worker.js" "Mozilla/5.0 (Windows NT 10.0; Win64; x64) AppleWebKit/537.36 (KHTML, like Gecko) Chrome/109.0.0.0 Safari/537.36"
103.110.249.205 - - [04/Nov/2025:12:18:08 +0530] "GET /ngsw-worker.js HTTP/1.1" 304 - "https://my.cerill.com/ngsw-worker.js" "Mozilla/5.0 (Windows NT 10.0; Win64; x64) AppleWebKit/537.36 (KHTML, like Gecko) Chrome/141.0.0.0 Safari/537.36"
103.110.249.205 - - [04/Nov/2025:12:18:12 +0530] "GET /ngsw.json?ngsw-cache-bust=0.651184906939504 HTTP/1.1" 200 12508 "https://my.cerill.com/ngsw-worker.js" "Mozilla/5.0 (Windows NT 10.0; Win64; x64) AppleWebKit/537.36 (KHTML, like Gecko) Chrome/141.0.0.0 Safari/537.36"
103.110.249.205 - - [04/Nov/2025:12:20:08 +0530] "GET /ngsw.json?ngsw-cache-bust=0.03961187005567024 HTTP/1.1" 200 12508 "https://my.cerill.com/ngsw-worker.js" "Mozilla/5.0 (Windows NT 10.0; Win64; x64) AppleWebKit/537.36 (KHTML, like Gecko) Chrome/141.0.0.0 Safari/537.36"
103.110.249.205 - - [04/Nov/2025:12:21:02 +0530] "GET /ngsw-worker.js HTTP/1.1" 304 - "https://my.cerill.com/ngsw-worker.js" "Mozilla/5.0 (Windows NT 10.0; Win64; x64) AppleWebKit/537.36 (KHTML, like Gecko) Chrome/141.0.0.0 Safari/537.36"
103.110.249.205 - - [04/Nov/2025:12:21:05 +0530] "GET /ngsw.json?ngsw-cache-bust=0.7545086201858546 HTTP/1.1" 200 12508 "https://my.cerill.com/ngsw-worker.js" "Mozilla/5.0 (Windows NT 10.0; Win64; x64) AppleWebKit/537.36 (KHTML, like Gecko) Chrome/141.0.0.0 Safari/537.36"
103.110.249.205 - - [04/Nov/2025:12:21:43 +0530] "GET /ngsw.json?ngsw-cache-bust=0.9927649893452205 HTTP/1.1" 200 12508 "https://my.cerill.com/ngsw-worker.js" "Mozilla/5.0 (Windows NT 10.0; Win64; x64) AppleWebKit/537.36 (KHTML, like Gecko) Chrome/141.0.0.0 Safari/537.36"
103.110.249.205 - - [04/Nov/2025:12:26:22 +0530] "GET /ngsw-worker.js HTTP/1.1" 304 - "https://my.cerill.com/ngsw-worker.js" "Mozilla/5.0 (Windows NT 10.0; Win64; x64) AppleWebKit/537.36 (KHTML, like Gecko) Chrome/141.0.0.0 Safari/537.36"
103.110.249.205 - - [04/Nov/2025:12:26:25 +0530] "GET /ngsw.json?ngsw-cache-bust=0.829709075643692 HTTP/1.1" 200 12508 "https://my.cerill.com/ngsw-worker.js" "Mozilla/5.0 (Windows NT 10.0; Win64; x64) AppleWebKit/537.36 (KHTML, like Gecko) Chrome/141.0.0.0 Safari/537.36"
103.110.249.205 - - [04/Nov/2025:12:26:25 +0530] "GET /ngsw.json?ngsw-cache-bust=0.7948028469566181 HTTP/1.1" 200 12508 "https://my.cerill.com/ngsw-worker.js" "Mozilla/5.0 (Windows NT 10.0; Win64; x64) AppleWebKit/537.36 (KHTML, like Gecko) Chrome/141.0.0.0 Safari/537.36"
103.110.249.205 - - [04/Nov/2025:12:27:07 +0530] "GET /ngsw-worker.js HTTP/1.1" 304 - "https://my.cerill.com/ngsw-worker.js" "Mozilla/5.0 (Windows NT 10.0; Win64; x64) AppleWebKit/537.36 (KHTML, like Gecko) Chrome/141.0.0.0 Safari/537.36"
103.110.249.205 - - [04/Nov/2025:12:27:20 +0530] "GET /ngsw-worker.js HTTP/1.1" 304 - "https://my.cerill.com/ngsw-worker.js" "Mozilla/5.0 (Windows NT 10.0; Win64; x64) AppleWebKit/537.36 (KHTML, like Gecko) Chrome/141.0.0.0 Safari/537.36"
103.110.249.205 - - [04/Nov/2025:12:27:23 +0530] "GET /ngsw.json?ngsw-cache-bust=0.8117942590294224 HTTP/1.1" 200 12508 "https://my.cerill.com/ngsw-worker.js" "Mozilla/5.0 (Windows NT 10.0; Win64; x64) AppleWebKit/537.36 (KHTML, like Gecko) Chrome/141.0.0.0 Safari/537.36"
103.110.249.205 - - [04/Nov/2025:12:38:21 +0530] "GET /ngsw.json?ngsw-cache-bust=0.45614859614358205 HTTP/1.1" 200 12508 "https://my.cerill.com/ngsw-worker.js" "Mozilla/5.0 (Windows NT 10.0; Win64; x64) AppleWebKit/537.36 (KHTML, like Gecko) Chrome/141.0.0.0 Safari/537.36"
103.110.249.205 - - [04/Nov/2025:12:39:59 +0530] "GET /ngsw.json?ngsw-cache-bust=0.6938168149745022 HTTP/1.1" 200 12508 "https://my.cerill.com/ngsw-worker.js" "Mozilla/5.0 (Windows NT 10.0; Win64; x64) AppleWebKit/537.36 (KHTML, like Gecko) Chrome/141.0.0.0 Safari/537.36"
152.56.68.252 - - [04/Nov/2025:12:40:51 +0530] "GET / HTTP/1.1" 200 8166 "-" "Mozilla/5.0 (iPhone; CPU iPhone OS 18_7 like Mac OS X) AppleWebKit/605.1.15 (KHTML, like Gecko) Version/26.1 Mobile/15E148 Safari/604.1"
152.56.68.252 - - [04/Nov/2025:12:40:51 +0530] "GET /manifest.webmanifest HTTP/1.1" 200 1336 "https://my.cerill.com/" "Mozilla/5.0 (iPhone; CPU iPhone OS 18_7 like Mac OS X) AppleWebKit/605.1.15 (KHTML, like Gecko) Version/26.1 Mobile/15E148 Safari/604.1"
152.56.68.252 - - [04/Nov/2025:12:40:51 +0530] "GET /polyfills.831c296c51eb72f7.js HTTP/1.1" 200 34843 "https://my.cerill.com/" "Mozilla/5.0 (iPhone; CPU iPhone OS 18_7 like Mac OS X) AppleWebKit/605.1.15 (KHTML, like Gecko) Version/26.1 Mobile/15E148 Safari/604.1"
152.56.68.252 - - [04/Nov/2025:12:40:51 +0530] "GET /runtime.bcfacb1707b4e27e.js HTTP/1.1" 200 4472 "https://my.cerill.com/" "Mozilla/5.0 (iPhone; CPU iPhone OS 18_7 like Mac OS X) AppleWebKit/605.1.15 (KHTML, like Gecko) Version/26.1 Mobile/15E148 Safari/604.1"
152.56.68.252 - - [04/Nov/2025:12:40:51 +0530] "GET /styles.5bca02722b6d25c8.css HTTP/1.1" 200 395682 "https://my.cerill.com/" "Mozilla/5.0 (iPhone; CPU iPhone OS 18_7 like Mac OS X) AppleWebKit/605.1.15 (KHTML, like Gecko) Version/26.1 Mobile/15E148 Safari/604.1"
152.56.68.252 - - [04/Nov/2025:12:40:51 +0530] "GET /scripts.b538351bb7336a90.js HTTP/1.1" 200 228453 "https://my.cerill.com/" "Mozilla/5.0 (iPhone; CPU iPhone OS 18_7 like Mac OS X) AppleWebKit/605.1.15 (KHTML, like Gecko) Version/26.1 Mobile/15E148 Safari/604.1"
152.56.68.252 - - [04/Nov/2025:12:40:51 +0530] "GET /main.fad73ec275fb78f6.js HTTP/1.1" 200 722170 "https://my.cerill.com/" "Mozilla/5.0 (iPhone; CPU iPhone OS 18_7 like Mac OS X) AppleWebKit/605.1.15 (KHTML, like Gecko) Version/26.1 Mobile/15E148 Safari/604.1"
152.56.68.252 - - [04/Nov/2025:12:40:53 +0530] "GET /assets/custom/images/favicon.svg HTTP/1.1" 200 3388 "https://my.cerill.com/" "Mozilla/5.0 (iPhone; CPU iPhone OS 18_7 like Mac OS X) AppleWebKit/605.1.15 (KHTML, like Gecko) Version/26.1 Mobile/15E148 Safari/604.1"
152.56.68.252 - - [04/Nov/2025:12:40:53 +0530] "GET /8314.7aee43d723936261.js HTTP/1.1" 200 24004 "https://my.cerill.com/" "Mozilla/5.0 (iPhone; CPU iPhone OS 18_7 like Mac OS X) AppleWebKit/605.1.15 (KHTML, like Gecko) Version/26.1 Mobile/15E148 Safari/604.1"
152.56.68.252 - - [04/Nov/2025:12:40:53 +0530] "GET /9860.268d559756388966.js HTTP/1.1" 200 96047 "https://my.cerill.com/" "Mozilla/5.0 (iPhone; CPU iPhone OS 18_7 like Mac OS X) AppleWebKit/605.1.15 (KHTML, like Gecko) Version/26.1 Mobile/15E148 Safari/604.1"
152.56.68.252 - - [04/Nov/2025:12:40:53 +0530] "GET /9402.4eca41347f9f016d.js HTTP/1.1" 200 861819 "https://my.cerill.com/" "Mozilla/5.0 (iPhone; CPU iPhone OS 18_7 like Mac OS X) AppleWebKit/605.1.15 (KHTML, like Gecko) Version/26.1 Mobile/15E148 Safari/604.1"
152.56.68.252 - - [04/Nov/2025:12:40:54 +0530] "GET /ngsw-worker.js HTTP/1.1" 200 84115 "https://my.cerill.com/" "Mozilla/5.0 (iPhone; CPU iPhone OS 18_7 like Mac OS X) AppleWebKit/605.1.15 (KHTML, like Gecko) Version/26.1 Mobile/15E148 Safari/604.1"
152.56.68.252 - - [04/Nov/2025:12:40:55 +0530] "GET /ngsw.json?ngsw-cache-bust=0.2672863547931009 HTTP/1.1" 200 12508 "https://my.cerill.com/ngsw-worker.js" "Mozilla/5.0 (iPhone; CPU iPhone OS 18_7 like Mac OS X) AppleWebKit/605.1.15 (KHTML, like Gecko) Version/26.1 Mobile/15E148 Safari/604.1"
152.56.68.252 - - [04/Nov/2025:12:41:01 +0530] "GET /1197.079ad0c7d6de2e06.js HTTP/1.1" 200 2512 "https://my.cerill.com/ngsw-worker.js" "Mozilla/5.0 (iPhone; CPU iPhone OS 18_7 like Mac OS X) AppleWebKit/605.1.15 (KHTML, like Gecko) Version/26.1 Mobile/15E148 Safari/604.1"
152.56.68.252 - - [04/Nov/2025:12:41:01 +0530] "GET /1371.f23f4fc94f5ed638.js HTTP/1.1" 200 4163 "https://my.cerill.com/ngsw-worker.js" "Mozilla/5.0 (iPhone; CPU iPhone OS 18_7 like Mac OS X) AppleWebKit/605.1.15 (KHTML, like Gecko) Version/26.1 Mobile/15E148 Safari/604.1"
152.56.68.252 - - [04/Nov/2025:12:41:01 +0530] "GET /147.ae11e3a98dadb3de.js HTTP/1.1" 200 157377 "https://my.cerill.com/ngsw-worker.js" "Mozilla/5.0 (iPhone; CPU iPhone OS 18_7 like Mac OS X) AppleWebKit/605.1.15 (KHTML, like Gecko) Version/26.1 Mobile/15E148 Safari/604.1"
152.56.68.252 - - [04/Nov/2025:12:41:02 +0530] "GET /1802.426d88b89cf08df6.js HTTP/1.1" 200 3621 "https://my.cerill.com/ngsw-worker.js" "Mozilla/5.0 (iPhone; CPU iPhone OS 18_7 like Mac OS X) AppleWebKit/605.1.15 (KHTML, like Gecko) Version/26.1 Mobile/15E148 Safari/604.1"
152.56.68.252 - - [04/Nov/2025:12:41:02 +0530] "GET /1879.811d0e61cf500a48.js HTTP/1.1" 200 3723 "https://my.cerill.com/ngsw-worker.js" "Mozilla/5.0 (iPhone; CPU iPhone OS 18_7 like Mac OS X) AppleWebKit/605.1.15 (KHTML, like Gecko) Version/26.1 Mobile/15E148 Safari/604.1"
152.56.68.252 - - [04/Nov/2025:12:41:03 +0530] "GET /1969.0f8048d79914f21b.js HTTP/1.1" 200 20447 "https://my.cerill.com/ngsw-worker.js" "Mozilla/5.0 (iPhone; CPU iPhone OS 18_7 like Mac OS X) AppleWebKit/605.1.15 (KHTML, like Gecko) Version/26.1 Mobile/15E148 Safari/604.1"
152.56.68.252 - - [04/Nov/2025:12:41:03 +0530] "GET /2099.7e06bb1623a77a5d.js HTTP/1.1" 200 7048 "https://my.cerill.com/ngsw-worker.js" "Mozilla/5.0 (iPhone; CPU iPhone OS 18_7 like Mac OS X) AppleWebKit/605.1.15 (KHTML, like Gecko) Version/26.1 Mobile/15E148 Safari/604.1"
152.56.68.252 - - [04/Nov/2025:12:41:03 +0530] "GET /2118.87b81b18ee1dd4ce.js HTTP/1.1" 200 2885 "https://my.cerill.com/ngsw-worker.js" "Mozilla/5.0 (iPhone; CPU iPhone OS 18_7 like Mac OS X) AppleWebKit/605.1.15 (KHTML, like Gecko) Version/26.1 Mobile/15E148 Safari/604.1"
152.56.68.252 - - [04/Nov/2025:12:41:03 +0530] "GET /2238.c9fe0e6aca5cf39e.js HTTP/1.1" 200 16164 "https://my.cerill.com/ngsw-worker.js" "Mozilla/5.0 (iPhone; CPU iPhone OS 18_7 like Mac OS X) AppleWebKit/605.1.15 (KHTML, like Gecko) Version/26.1 Mobile/15E148 Safari/604.1"
152.56.68.252 - - [04/Nov/2025:12:41:04 +0530] "GET /2258.ea4fcdf124aef1ce.js HTTP/1.1" 200 39890 "https://my.cerill.com/ngsw-worker.js" "Mozilla/5.0 (iPhone; CPU iPhone OS 18_7 like Mac OS X) AppleWebKit/605.1.15 (KHTML, like Gecko) Version/26.1 Mobile/15E148 Safari/604.1"
152.56.68.252 - - [04/Nov/2025:12:41:04 +0530] "GET /2384.f70ae7409e677054.js HTTP/1.1" 200 62811 "https://my.cerill.com/ngsw-worker.js" "Mozilla/5.0 (iPhone; CPU iPhone OS 18_7 like Mac OS X) AppleWebKit/605.1.15 (KHTML, like Gecko) Version/26.1 Mobile/15E148 Safari/604.1"
152.56.68.252 - - [04/Nov/2025:12:41:04 +0530] "GET /2405.d744495dfc7d8b36.js HTTP/1.1" 200 8284 "https://my.cerill.com/ngsw-worker.js" "Mozilla/5.0 (iPhone; CPU iPhone OS 18_7 like Mac OS X) AppleWebKit/605.1.15 (KHTML, like Gecko) Version/26.1 Mobile/15E148 Safari/604.1"
152.56.68.252 - - [04/Nov/2025:12:41:04 +0530] "GET /3208.5119a1dd3277cf31.js HTTP/1.1" 200 40847 "https://my.cerill.com/ngsw-worker.js" "Mozilla/5.0 (iPhone; CPU iPhone OS 18_7 like Mac OS X) AppleWebKit/605.1.15 (KHTML, like Gecko) Version/26.1 Mobile/15E148 Safari/604.1"
152.56.68.252 - - [04/Nov/2025:12:41:05 +0530] "GET /3490.dd710f5cdb1adb8c.js HTTP/1.1" 200 23691 "https://my.cerill.com/ngsw-worker.js" "Mozilla/5.0 (iPhone; CPU iPhone OS 18_7 like Mac OS X) AppleWebKit/605.1.15 (KHTML, like Gecko) Version/26.1 Mobile/15E148 Safari/604.1"
152.56.68.252 - - [04/Nov/2025:12:41:05 +0530] "GET /3634.b50ebb18adc820f1.js HTTP/1.1" 200 13673 "https://my.cerill.com/ngsw-worker.js" "Mozilla/5.0 (iPhone; CPU iPhone OS 18_7 like Mac OS X) AppleWebKit/605.1.15 (KHTML, like Gecko) Version/26.1 Mobile/15E148 Safari/604.1"
152.56.68.252 - - [04/Nov/2025:12:41:05 +0530] "GET /4005.bb4a9fb2d4f99ae4.js HTTP/1.1" 200 187965 "https://my.cerill.com/ngsw-worker.js" "Mozilla/5.0 (iPhone; CPU iPhone OS 18_7 like Mac OS X) AppleWebKit/605.1.15 (KHTML, like Gecko) Version/26.1 Mobile/15E148 Safari/604.1"
152.56.68.252 - - [04/Nov/2025:12:41:06 +0530] "GET /4012.9474ab8ada51aa0c.js HTTP/1.1" 200 6280 "https://my.cerill.com/ngsw-worker.js" "Mozilla/5.0 (iPhone; CPU iPhone OS 18_7 like Mac OS X) AppleWebKit/605.1.15 (KHTML, like Gecko) Version/26.1 Mobile/15E148 Safari/604.1"
152.56.68.252 - - [04/Nov/2025:12:41:06 +0530] "GET /4505.557992c8504446a3.js HTTP/1.1" 200 39381 "https://my.cerill.com/ngsw-worker.js" "Mozilla/5.0 (iPhone; CPU iPhone OS 18_7 like Mac OS X) AppleWebKit/605.1.15 (KHTML, like Gecko) Version/26.1 Mobile/15E148 Safari/604.1"
152.56.68.252 - - [04/Nov/2025:12:41:06 +0530] "GET /4700.93dc337262b92852.js HTTP/1.1" 200 2494 "https://my.cerill.com/ngsw-worker.js" "Mozilla/5.0 (iPhone; CPU iPhone OS 18_7 like Mac OS X) AppleWebKit/605.1.15 (KHTML, like Gecko) Version/26.1 Mobile/15E148 Safari/604.1"
152.56.68.252 - - [04/Nov/2025:12:41:06 +0530] "GET /5157.61655fa1d4d460be.js HTTP/1.1" 200 4287 "https://my.cerill.com/ngsw-worker.js" "Mozilla/5.0 (iPhone; CPU iPhone OS 18_7 like Mac OS X) AppleWebKit/605.1.15 (KHTML, like Gecko) Version/26.1 Mobile/15E148 Safari/604.1"
152.56.68.252 - - [04/Nov/2025:12:41:06 +0530] "GET /5428.482d6bc1d6b77214.js HTTP/1.1" 200 7251 "https://my.cerill.com/ngsw-worker.js" "Mozilla/5.0 (iPhone; CPU iPhone OS 18_7 like Mac OS X) AppleWebKit/605.1.15 (KHTML, like Gecko) Version/26.1 Mobile/15E148 Safari/604.1"
152.56.68.252 - - [04/Nov/2025:12:41:07 +0530] "GET /5503.7532f74eed4b80c6.js HTTP/1.1" 200 18910 "https://my.cerill.com/ngsw-worker.js" "Mozilla/5.0 (iPhone; CPU iPhone OS 18_7 like Mac OS X) AppleWebKit/605.1.15 (KHTML, like Gecko) Version/26.1 Mobile/15E148 Safari/604.1"
152.56.68.252 - - [04/Nov/2025:12:41:07 +0530] "GET /5763.a33285434c95e259.js HTTP/1.1" 200 4245 "https://my.cerill.com/ngsw-worker.js" "Mozilla/5.0 (iPhone; CPU iPhone OS 18_7 like Mac OS X) AppleWebKit/605.1.15 (KHTML, like Gecko) Version/26.1 Mobile/15E148 Safari/604.1"
152.56.68.252 - - [04/Nov/2025:12:41:07 +0530] "GET /5804.87530db9fb617855.js HTTP/1.1" 200 12955 "https://my.cerill.com/ngsw-worker.js" "Mozilla/5.0 (iPhone; CPU iPhone OS 18_7 like Mac OS X) AppleWebKit/605.1.15 (KHTML, like Gecko) Version/26.1 Mobile/15E148 Safari/604.1"
152.56.68.252 - - [04/Nov/2025:12:41:07 +0530] "GET /5970.06df533b90a55295.js HTTP/1.1" 200 3428 "https://my.cerill.com/ngsw-worker.js" "Mozilla/5.0 (iPhone; CPU iPhone OS 18_7 like Mac OS X) AppleWebKit/605.1.15 (KHTML, like Gecko) Version/26.1 Mobile/15E148 Safari/604.1"
152.56.68.252 - - [04/Nov/2025:12:41:08 +0530] "GET /627.0f379a6364def40b.js HTTP/1.1" 200 22012 "https://my.cerill.com/ngsw-worker.js" "Mozilla/5.0 (iPhone; CPU iPhone OS 18_7 like Mac OS X) AppleWebKit/605.1.15 (KHTML, like Gecko) Version/26.1 Mobile/15E148 Safari/604.1"
152.56.68.252 - - [04/Nov/2025:12:41:08 +0530] "GET /6301.6eb67a1861bcbcaf.js HTTP/1.1" 200 6143 "https://my.cerill.com/ngsw-worker.js" "Mozilla/5.0 (iPhone; CPU iPhone OS 18_7 like Mac OS X) AppleWebKit/605.1.15 (KHTML, like Gecko) Version/26.1 Mobile/15E148 Safari/604.1"
152.56.68.252 - - [04/Nov/2025:12:41:08 +0530] "GET /6397.b3b5c092ce06b8f5.js HTTP/1.1" 200 9124 "https://my.cerill.com/ngsw-worker.js" "Mozilla/5.0 (iPhone; CPU iPhone OS 18_7 like Mac OS X) AppleWebKit/605.1.15 (KHTML, like Gecko) Version/26.1 Mobile/15E148 Safari/604.1"
152.56.68.252 - - [04/Nov/2025:12:41:08 +0530] "GET /6694.baf483cb546a67dc.js HTTP/1.1" 200 3622 "https://my.cerill.com/ngsw-worker.js" "Mozilla/5.0 (iPhone; CPU iPhone OS 18_7 like Mac OS X) AppleWebKit/605.1.15 (KHTML, like Gecko) Version/26.1 Mobile/15E148 Safari/604.1"
152.56.68.252 - - [04/Nov/2025:12:41:08 +0530] "GET /6916.4a0c1e608f8f7d32.js HTTP/1.1" 200 3377 "https://my.cerill.com/ngsw-worker.js" "Mozilla/5.0 (iPhone; CPU iPhone OS 18_7 like Mac OS X) AppleWebKit/605.1.15 (KHTML, like Gecko) Version/26.1 Mobile/15E148 Safari/604.1"
152.56.68.252 - - [04/Nov/2025:12:41:09 +0530] "GET /6931.340fc9db237b72c2.js HTTP/1.1" 200 5773 "https://my.cerill.com/ngsw-worker.js" "Mozilla/5.0 (iPhone; CPU iPhone OS 18_7 like Mac OS X) AppleWebKit/605.1.15 (KHTML, like Gecko) Version/26.1 Mobile/15E148 Safari/604.1"
152.56.68.252 - - [04/Nov/2025:12:41:09 +0530] "GET /715.8182f782b710ae95.js HTTP/1.1" 200 219614 "https://my.cerill.com/ngsw-worker.js" "Mozilla/5.0 (iPhone; CPU iPhone OS 18_7 like Mac OS X) AppleWebKit/605.1.15 (KHTML, like Gecko) Version/26.1 Mobile/15E148 Safari/604.1"
152.56.68.252 - - [04/Nov/2025:12:41:09 +0530] "GET /7261.26c74f4816a8be22.js HTTP/1.1" 200 3213 "https://my.cerill.com/ngsw-worker.js" "Mozilla/5.0 (iPhone; CPU iPhone OS 18_7 like Mac OS X) AppleWebKit/605.1.15 (KHTML, like Gecko) Version/26.1 Mobile/15E148 Safari/604.1"
152.56.68.252 - - [04/Nov/2025:12:41:09 +0530] "GET /7399.fb8e82cab74238ad.js HTTP/1.1" 200 2848 "https://my.cerill.com/ngsw-worker.js" "Mozilla/5.0 (iPhone; CPU iPhone OS 18_7 like Mac OS X) AppleWebKit/605.1.15 (KHTML, like Gecko) Version/26.1 Mobile/15E148 Safari/604.1"
152.56.68.252 - - [04/Nov/2025:12:41:10 +0530] "GET /7502.4e68b1a5af4e5d90.js HTTP/1.1" 200 6966 "https://my.cerill.com/ngsw-worker.js" "Mozilla/5.0 (iPhone; CPU iPhone OS 18_7 like Mac OS X) AppleWebKit/605.1.15 (KHTML, like Gecko) Version/26.1 Mobile/15E148 Safari/604.1"
152.56.68.252 - - [04/Nov/2025:12:41:10 +0530] "GET /7580.116c1e7483c82fb0.js HTTP/1.1" 200 31915 "https://my.cerill.com/ngsw-worker.js" "Mozilla/5.0 (iPhone; CPU iPhone OS 18_7 like Mac OS X) AppleWebKit/605.1.15 (KHTML, like Gecko) Version/26.1 Mobile/15E148 Safari/604.1"
152.56.68.252 - - [04/Nov/2025:12:41:10 +0530] "GET /7586.7411434da8507547.js HTTP/1.1" 200 388553 "https://my.cerill.com/ngsw-worker.js" "Mozilla/5.0 (iPhone; CPU iPhone OS 18_7 like Mac OS X) AppleWebKit/605.1.15 (KHTML, like Gecko) Version/26.1 Mobile/15E148 Safari/604.1"
152.56.68.252 - - [04/Nov/2025:12:41:11 +0530] "GET /7611.e1b40ee92f5c8020.js HTTP/1.1" 200 12679 "https://my.cerill.com/ngsw-worker.js" "Mozilla/5.0 (iPhone; CPU iPhone OS 18_7 like Mac OS X) AppleWebKit/605.1.15 (KHTML, like Gecko) Version/26.1 Mobile/15E148 Safari/604.1"
152.56.68.252 - - [04/Nov/2025:12:41:11 +0530] "GET /7731.687489202bca4dc7.js HTTP/1.1" 200 28724 "https://my.cerill.com/ngsw-worker.js" "Mozilla/5.0 (iPhone; CPU iPhone OS 18_7 like Mac OS X) AppleWebKit/605.1.15 (KHTML, like Gecko) Version/26.1 Mobile/15E148 Safari/604.1"
152.56.68.252 - - [04/Nov/2025:12:41:11 +0530] "GET /7961.b8c685d37f3d62c3.js HTTP/1.1" 200 4613 "https://my.cerill.com/ngsw-worker.js" "Mozilla/5.0 (iPhone; CPU iPhone OS 18_7 like Mac OS X) AppleWebKit/605.1.15 (KHTML, like Gecko) Version/26.1 Mobile/15E148 Safari/604.1"
152.56.68.252 - - [04/Nov/2025:12:41:11 +0530] "GET /8037.182bd4bc87fbd6e2.js HTTP/1.1" 200 1241 "https://my.cerill.com/ngsw-worker.js" "Mozilla/5.0 (iPhone; CPU iPhone OS 18_7 like Mac OS X) AppleWebKit/605.1.15 (KHTML, like Gecko) Version/26.1 Mobile/15E148 Safari/604.1"
152.56.68.252 - - [04/Nov/2025:12:41:12 +0530] "GET /8593.d0353afd7b78e8a3.js HTTP/1.1" 200 27830 "https://my.cerill.com/ngsw-worker.js" "Mozilla/5.0 (iPhone; CPU iPhone OS 18_7 like Mac OS X) AppleWebKit/605.1.15 (KHTML, like Gecko) Version/26.1 Mobile/15E148 Safari/604.1"
152.56.68.252 - - [04/Nov/2025:12:41:12 +0530] "GET /8625.783be70ae3215100.js HTTP/1.1" 200 1850 "https://my.cerill.com/ngsw-worker.js" "Mozilla/5.0 (iPhone; CPU iPhone OS 18_7 like Mac OS X) AppleWebKit/605.1.15 (KHTML, like Gecko) Version/26.1 Mobile/15E148 Safari/604.1"
152.56.68.252 - - [04/Nov/2025:12:41:12 +0530] "GET /8631.e356b2959195c865.js HTTP/1.1" 200 30169 "https://my.cerill.com/ngsw-worker.js" "Mozilla/5.0 (iPhone; CPU iPhone OS 18_7 like Mac OS X) AppleWebKit/605.1.15 (KHTML, like Gecko) Version/26.1 Mobile/15E148 Safari/604.1"
152.56.68.252 - - [04/Nov/2025:12:41:12 +0530] "GET /9098.5418fa44a130a5fa.js HTTP/1.1" 200 3748 "https://my.cerill.com/ngsw-worker.js" "Mozilla/5.0 (iPhone; CPU iPhone OS 18_7 like Mac OS X) AppleWebKit/605.1.15 (KHTML, like Gecko) Version/26.1 Mobile/15E148 Safari/604.1"
152.56.68.252 - - [04/Nov/2025:12:41:13 +0530] "GET /9758.4084f78e8819780e.js HTTP/1.1" 200 29689 "https://my.cerill.com/ngsw-worker.js" "Mozilla/5.0 (iPhone; CPU iPhone OS 18_7 like Mac OS X) AppleWebKit/605.1.15 (KHTML, like Gecko) Version/26.1 Mobile/15E148 Safari/604.1"
152.56.68.252 - - [04/Nov/2025:12:41:13 +0530] "GET /favicon.ico HTTP/1.1" 200 948 "https://my.cerill.com/ngsw-worker.js" "Mozilla/5.0 (iPhone; CPU iPhone OS 18_7 like Mac OS X) AppleWebKit/605.1.15 (KHTML, like Gecko) Version/26.1 Mobile/15E148 Safari/604.1"
152.56.68.252 - - [04/Nov/2025:12:41:13 +0530] "GET /index.html HTTP/1.1" 200 8166 "https://my.cerill.com/ngsw-worker.js" "Mozilla/5.0 (iPhone; CPU iPhone OS 18_7 like Mac OS X) AppleWebKit/605.1.15 (KHTML, like Gecko) Version/26.1 Mobile/15E148 Safari/604.1"
152.56.68.252 - - [04/Nov/2025:12:41:25 +0530] "GET /fa-solid-900.ee6983981ffcbb41.woff2 HTTP/1.1" 200 158220 "https://my.cerill.com/ngsw-worker.js" "Mozilla/5.0 (iPhone; CPU iPhone OS 18_7 like Mac OS X) AppleWebKit/605.1.15 (KHTML, like Gecko) Version/26.1 Mobile/15E148 Safari/604.1"
152.56.68.252 - - [04/Nov/2025:12:41:29 +0530] "GET /fa-regular-400.849b82e233cfe2f9.woff2 HTTP/1.1" 200 25472 "https://my.cerill.com/ngsw-worker.js" "Mozilla/5.0 (iPhone; CPU iPhone OS 18_7 like Mac OS X) AppleWebKit/605.1.15 (KHTML, like Gecko) Version/26.1 Mobile/15E148 Safari/604.1"
49.43.93.173 - - [04/Nov/2025:12:45:54 +0530] "GET /ngsw.json?ngsw-cache-bust=0.849341411256013 HTTP/1.1" 200 12508 "https://my.cerill.com/ngsw-worker.js" "Mozilla/5.0 (Windows NT 10.0; Win64; x64) AppleWebKit/537.36 (KHTML, like Gecko) Chrome/141.0.0.0 Safari/537.36"
103.40.199.68 - - [04/Nov/2025:12:51:25 +0530] "GET /ngsw-worker.js HTTP/1.1" 304 - "https://my.cerill.com/ngsw-worker.js" "Mozilla/5.0 (Windows NT 10.0; Win64; x64) AppleWebKit/537.36 (KHTML, like Gecko) Chrome/109.0.0.0 Safari/537.36"
103.40.199.68 - - [04/Nov/2025:12:51:28 +0530] "GET /ngsw.json?ngsw-cache-bust=0.6852217144259705 HTTP/1.1" 200 12508 "https://my.cerill.com/ngsw-worker.js" "Mozilla/5.0 (Windows NT 10.0; Win64; x64) AppleWebKit/537.36 (KHTML, like Gecko) Chrome/109.0.0.0 Safari/537.36"
103.110.249.205 - - [04/Nov/2025:12:51:39 +0530] "GET /ngsw.json?ngsw-cache-bust=0.8887393782318518 HTTP/1.1" 200 12508 "https://my.cerill.com/ngsw-worker.js" "Mozilla/5.0 (Windows NT 10.0; Win64; x64) AppleWebKit/537.36 (KHTML, like Gecko) Chrome/141.0.0.0 Safari/537.36"
103.110.249.205 - - [04/Nov/2025:12:52:21 +0530] "GET /ngsw-worker.js HTTP/1.1" 304 - "https://my.cerill.com/ngsw-worker.js" "Mozilla/5.0 (Windows NT 10.0; Win64; x64) AppleWebKit/537.36 (KHTML, like Gecko) Chrome/141.0.0.0 Safari/537.36"
103.110.249.205 - - [04/Nov/2025:12:52:24 +0530] "GET /ngsw.json?ngsw-cache-bust=0.9210412410883785 HTTP/1.1" 200 12508 "https://my.cerill.com/ngsw-worker.js" "Mozilla/5.0 (Windows NT 10.0; Win64; x64) AppleWebKit/537.36 (KHTML, like Gecko) Chrome/141.0.0.0 Safari/537.36"
103.40.199.68 - - [04/Nov/2025:12:53:38 +0530] "GET /ngsw-worker.js HTTP/1.1" 304 - "https://my.cerill.com/ngsw-worker.js" "Mozilla/5.0 (Windows NT 10.0; Win64; x64) AppleWebKit/537.36 (KHTML, like Gecko) Chrome/109.0.0.0 Safari/537.36"
103.40.199.68 - - [04/Nov/2025:12:53:42 +0530] "GET /ngsw.json?ngsw-cache-bust=0.19067167279299668 HTTP/1.1" 200 12508 "https://my.cerill.com/ngsw-worker.js" "Mozilla/5.0 (Windows NT 10.0; Win64; x64) AppleWebKit/537.36 (KHTML, like Gecko) Chrome/109.0.0.0 Safari/537.36"
103.110.249.205 - - [04/Nov/2025:12:53:53 +0530] "GET /ngsw.json?ngsw-cache-bust=0.8366109621770512 HTTP/1.1" 200 12508 "https://my.cerill.com/ngsw-worker.js" "Mozilla/5.0 (Windows NT 10.0; Win64; x64) AppleWebKit/537.36 (KHTML, like Gecko) Chrome/141.0.0.0 Safari/537.36"
103.110.249.205 - - [04/Nov/2025:12:54:21 +0530] "GET /ngsw-worker.js HTTP/1.1" 304 - "https://my.cerill.com/ngsw-worker.js" "Mozilla/5.0 (Windows NT 10.0; Win64; x64) AppleWebKit/537.36 (KHTML, like Gecko) Chrome/141.0.0.0 Safari/537.36"
103.110.249.205 - - [04/Nov/2025:12:54:24 +0530] "GET /ngsw.json?ngsw-cache-bust=0.6164714663986925 HTTP/1.1" 200 12508 "https://my.cerill.com/ngsw-worker.js" "Mozilla/5.0 (Windows NT 10.0; Win64; x64) AppleWebKit/537.36 (KHTML, like Gecko) Chrome/141.0.0.0 Safari/537.36"
103.40.199.68 - - [04/Nov/2025:12:55:08 +0530] "GET /ngsw.json?ngsw-cache-bust=0.9800809542783828 HTTP/1.1" 200 12508 "https://my.cerill.com/ngsw-worker.js" "Mozilla/5.0 (Windows NT 10.0; Win64; x64) AppleWebKit/537.36 (KHTML, like Gecko) Chrome/109.0.0.0 Safari/537.36"
103.110.249.205 - - [04/Nov/2025:12:57:05 +0530] "GET /ngsw-worker.js HTTP/1.1" 304 - "https://my.cerill.com/ngsw-worker.js" "Mozilla/5.0 (Windows NT 10.0; Win64; x64) AppleWebKit/537.36 (KHTML, like Gecko) Chrome/141.0.0.0 Safari/537.36"
103.110.249.205 - - [04/Nov/2025:12:57:08 +0530] "GET /ngsw.json?ngsw-cache-bust=0.6450946099997261 HTTP/1.1" 200 12508 "https://my.cerill.com/ngsw-worker.js" "Mozilla/5.0 (Windows NT 10.0; Win64; x64) AppleWebKit/537.36 (KHTML, like Gecko) Chrome/141.0.0.0 Safari/537.36"
103.110.249.205 - - [04/Nov/2025:12:57:09 +0530] "GET /ngsw.json?ngsw-cache-bust=0.6448081235377519 HTTP/1.1" 200 12508 "https://my.cerill.com/ngsw-worker.js" "Mozilla/5.0 (Windows NT 10.0; Win64; x64) AppleWebKit/537.36 (KHTML, like Gecko) Chrome/141.0.0.0 Safari/537.36"
152.59.84.158 - - [04/Nov/2025:12:58:36 +0530] "GET /ngsw.json?ngsw-cache-bust=0.730812863284728 HTTP/1.1" 200 12508 "https://my.cerill.com/ngsw-worker.js" "Mozilla/5.0 (Windows NT 10.0; Win64; x64) AppleWebKit/537.36 (KHTML, like Gecko) Chrome/142.0.0.0 Safari/537.36"
152.59.84.158 - - [04/Nov/2025:13:03:46 +0530] "GET /ngsw-worker.js HTTP/1.1" 304 - "https://my.cerill.com/ngsw-worker.js" "Mozilla/5.0 (Windows NT 10.0; Win64; x64) AppleWebKit/537.36 (KHTML, like Gecko) Chrome/142.0.0.0 Safari/537.36"
152.59.84.158 - - [04/Nov/2025:13:03:50 +0530] "GET /ngsw.json?ngsw-cache-bust=0.2271761763436736 HTTP/1.1" 200 12508 "https://my.cerill.com/ngsw-worker.js" "Mozilla/5.0 (Windows NT 10.0; Win64; x64) AppleWebKit/537.36 (KHTML, like Gecko) Chrome/142.0.0.0 Safari/537.36"
152.59.84.158 - - [04/Nov/2025:13:03:50 +0530] "GET /ngsw.json?ngsw-cache-bust=0.7915007227805259 HTTP/1.1" 200 12508 "https://my.cerill.com/ngsw-worker.js" "Mozilla/5.0 (Windows NT 10.0; Win64; x64) AppleWebKit/537.36 (KHTML, like Gecko) Chrome/142.0.0.0 Safari/537.36"
103.40.199.68 - - [04/Nov/2025:13:04:12 +0530] "GET /ngsw.json?ngsw-cache-bust=0.7385173620714014 HTTP/1.1" 200 12508 "https://my.cerill.com/ngsw-worker.js" "Mozilla/5.0 (Windows NT 10.0; Win64; x64) AppleWebKit/537.36 (KHTML, like Gecko) Chrome/109.0.0.0 Safari/537.36"
103.40.199.68 - - [04/Nov/2025:13:04:23 +0530] "GET /ngsw-worker.js HTTP/1.1" 304 - "https://my.cerill.com/ngsw-worker.js" "Mozilla/5.0 (Windows NT 10.0; Win64; x64) AppleWebKit/537.36 (KHTML, like Gecko) Chrome/109.0.0.0 Safari/537.36"
103.40.199.68 - - [04/Nov/2025:13:04:27 +0530] "GET /ngsw.json?ngsw-cache-bust=0.5649840808372313 HTTP/1.1" 200 12508 "https://my.cerill.com/ngsw-worker.js" "Mozilla/5.0 (Windows NT 10.0; Win64; x64) AppleWebKit/537.36 (KHTML, like Gecko) Chrome/109.0.0.0 Safari/537.36"
152.59.84.158 - - [04/Nov/2025:13:04:37 +0530] "GET /ngsw.json?ngsw-cache-bust=0.9750822661130106 HTTP/1.1" 200 12508 "https://my.cerill.com/ngsw-worker.js" "Mozilla/5.0 (Windows NT 10.0; Win64; x64) AppleWebKit/537.36 (KHTML, like Gecko) Chrome/142.0.0.0 Safari/537.36"
103.40.199.68 - - [04/Nov/2025:13:05:04 +0530] "GET /ngsw.json?ngsw-cache-bust=0.6644674288374914 HTTP/1.1" 200 12508 "https://my.cerill.com/ngsw-worker.js" "Mozilla/5.0 (Windows NT 10.0; Win64; x64) AppleWebKit/537.36 (KHTML, like Gecko) Chrome/109.0.0.0 Safari/537.36"
