103.40.199.68 - - [03/Nov/2025:12:08:11 +0530] "GET /ngsw.json?ngsw-cache-bust=0.4681862598983373 HTTP/1.1" 200 12508 "https://my.cerill.com/ngsw-worker.js" "Mozilla/5.0 (Windows NT 10.0; Win64; x64) AppleWebKit/537.36 (KHTML, like Gecko) Chrome/109.0.0.0 Safari/537.36"
103.110.248.156 - - [03/Nov/2025:12:08:13 +0530] "GET /ngsw.json?ngsw-cache-bust=0.1491562169262972 HTTP/1.1" 200 12508 "https://my.cerill.com/ngsw-worker.js" "Mozilla/5.0 (Windows NT 10.0; Win64; x64) AppleWebKit/537.36 (KHTML, like Gecko) Chrome/141.0.0.0 Safari/537.36"
103.110.248.156 - - [03/Nov/2025:12:08:24 +0530] "GET /ngsw-worker.js HTTP/1.1" 304 - "https://my.cerill.com/ngsw-worker.js" "Mozilla/5.0 (Windows NT 10.0; Win64; x64) AppleWebKit/537.36 (KHTML, like Gecko) Chrome/141.0.0.0 Safari/537.36"
103.110.248.156 - - [03/Nov/2025:12:08:27 +0530] "GET /ngsw.json?ngsw-cache-bust=0.5220267475846945 HTTP/1.1" 200 12508 "https://my.cerill.com/ngsw-worker.js" "Mozilla/5.0 (Windows NT 10.0; Win64; x64) AppleWebKit/537.36 (KHTML, like Gecko) Chrome/141.0.0.0 Safari/537.36"
103.40.199.68 - - [03/Nov/2025:12:08:30 +0530] "GET /ngsw-worker.js HTTP/1.1" 304 - "https://my.cerill.com/ngsw-worker.js" "Mozilla/5.0 (Windows NT 10.0; Win64; x64) AppleWebKit/537.36 (KHTML, like Gecko) Chrome/109.0.0.0 Safari/537.36"
103.40.199.68 - - [03/Nov/2025:12:08:34 +0530] "GET /ngsw.json?ngsw-cache-bust=0.7167155808053207 HTTP/1.1" 200 12508 "https://my.cerill.com/ngsw-worker.js" "Mozilla/5.0 (Windows NT 10.0; Win64; x64) AppleWebKit/537.36 (KHTML, like Gecko) Chrome/109.0.0.0 Safari/537.36"
103.110.248.156 - - [03/Nov/2025:12:09:28 +0530] "GET /ngsw.json?ngsw-cache-bust=0.9502904168756777 HTTP/1.1" 200 12508 "https://my.cerill.com/ngsw-worker.js" "Mozilla/5.0 (Windows NT 10.0; Win64; x64) AppleWebKit/537.36 (KHTML, like Gecko) Chrome/141.0.0.0 Safari/537.36"
103.110.248.156 - - [03/Nov/2025:12:10:13 +0530] "GET /ngsw-worker.js HTTP/1.1" 304 - "https://my.cerill.com/ngsw-worker.js" "Mozilla/5.0 (Windows NT 10.0; Win64; x64) AppleWebKit/537.36 (KHTML, like Gecko) Chrome/141.0.0.0 Safari/537.36"
103.110.248.156 - - [03/Nov/2025:12:10:17 +0530] "GET /ngsw.json?ngsw-cache-bust=0.890473477389859 HTTP/1.1" 200 12508 "https://my.cerill.com/ngsw-worker.js" "Mozilla/5.0 (Windows NT 10.0; Win64; x64) AppleWebKit/537.36 (KHTML, like Gecko) Chrome/141.0.0.0 Safari/537.36"
103.40.199.68 - - [03/Nov/2025:12:12:08 +0530] "GET /ngsw.json?ngsw-cache-bust=0.908433397891256 HTTP/1.1" 200 12508 "https://my.cerill.com/ngsw-worker.js" "Mozilla/5.0 (Windows NT 10.0; Win64; x64) AppleWebKit/537.36 (KHTML, like Gecko) Chrome/109.0.0.0 Safari/537.36"
103.110.248.156 - - [03/Nov/2025:12:15:27 +0530] "GET /ngsw.json?ngsw-cache-bust=0.3103825254837981 HTTP/1.1" 200 12508 "https://my.cerill.com/ngsw-worker.js" "Mozilla/5.0 (Windows NT 10.0; Win64; x64) AppleWebKit/537.36 (KHTML, like Gecko) Chrome/141.0.0.0 Safari/537.36"
103.110.248.156 - - [03/Nov/2025:12:16:37 +0530] "GET /ngsw-worker.js HTTP/1.1" 304 - "https://my.cerill.com/ngsw-worker.js" "Mozilla/5.0 (Windows NT 10.0; Win64; x64) AppleWebKit/537.36 (KHTML, like Gecko) Chrome/141.0.0.0 Safari/537.36"
103.110.248.156 - - [03/Nov/2025:12:16:40 +0530] "GET /ngsw.json?ngsw-cache-bust=0.059481325092828885 HTTP/1.1" 200 12508 "https://my.cerill.com/ngsw-worker.js" "Mozilla/5.0 (Windows NT 10.0; Win64; x64) AppleWebKit/537.36 (KHTML, like Gecko) Chrome/141.0.0.0 Safari/537.36"
103.40.199.68 - - [03/Nov/2025:12:26:36 +0530] "GET /ngsw.json?ngsw-cache-bust=0.6009480043294522 HTTP/1.1" 200 12508 "https://my.cerill.com/ngsw-worker.js" "Mozilla/5.0 (Windows NT 10.0; Win64; x64) AppleWebKit/537.36 (KHTML, like Gecko) Chrome/109.0.0.0 Safari/537.36"
103.110.248.156 - - [03/Nov/2025:12:26:42 +0530] "GET /ngsw.json?ngsw-cache-bust=0.8278696712559199 HTTP/1.1" 200 12508 "https://my.cerill.com/ngsw-worker.js" "Mozilla/5.0 (Windows NT 10.0; Win64; x64) AppleWebKit/537.36 (KHTML, like Gecko) Chrome/141.0.0.0 Safari/537.36"
103.40.199.68 - - [03/Nov/2025:12:27:43 +0530] "GET /ngsw.json?ngsw-cache-bust=0.22982101061728843 HTTP/1.1" 200 12508 "https://my.cerill.com/ngsw-worker.js" "Mozilla/5.0 (Windows NT 10.0; Win64; x64) AppleWebKit/537.36 (KHTML, like Gecko) Chrome/109.0.0.0 Safari/537.36"
49.43.93.117 - - [03/Nov/2025:12:28:42 +0530] "GET /ngsw.json?ngsw-cache-bust=0.5718097159588255 HTTP/1.1" 200 12508 "https://my.cerill.com/ngsw-worker.js" "Mozilla/5.0 (Windows NT 10.0; Win64; x64) AppleWebKit/537.36 (KHTML, like Gecko) Chrome/141.0.0.0 Safari/537.36"
49.43.93.117 - - [03/Nov/2025:12:29:53 +0530] "GET /ngsw-worker.js HTTP/1.1" 304 - "https://my.cerill.com/ngsw-worker.js" "Mozilla/5.0 (Windows NT 10.0; Win64; x64) AppleWebKit/537.36 (KHTML, like Gecko) Chrome/141.0.0.0 Safari/537.36"
49.43.93.117 - - [03/Nov/2025:12:29:57 +0530] "GET /ngsw.json?ngsw-cache-bust=0.02422591001864982 HTTP/1.1" 200 12508 "https://my.cerill.com/ngsw-worker.js" "Mozilla/5.0 (Windows NT 10.0; Win64; x64) AppleWebKit/537.36 (KHTML, like Gecko) Chrome/141.0.0.0 Safari/537.36"
49.43.93.117 - - [03/Nov/2025:12:29:57 +0530] "GET /ngsw.json?ngsw-cache-bust=0.6528073095886182 HTTP/1.1" 200 12508 "https://my.cerill.com/ngsw-worker.js" "Mozilla/5.0 (Windows NT 10.0; Win64; x64) AppleWebKit/537.36 (KHTML, like Gecko) Chrome/141.0.0.0 Safari/537.36"
49.43.93.117 - - [03/Nov/2025:12:30:15 +0530] "GET /ngsw-worker.js HTTP/1.1" 304 - "https://my.cerill.com/ngsw-worker.js" "Mozilla/5.0 (Windows NT 10.0; Win64; x64) AppleWebKit/537.36 (KHTML, like Gecko) Chrome/141.0.0.0 Safari/537.36"
49.43.93.117 - - [03/Nov/2025:12:30:19 +0530] "GET /ngsw.json?ngsw-cache-bust=0.10471281217894302 HTTP/1.1" 200 12508 "https://my.cerill.com/ngsw-worker.js" "Mozilla/5.0 (Windows NT 10.0; Win64; x64) AppleWebKit/537.36 (KHTML, like Gecko) Chrome/141.0.0.0 Safari/537.36"
103.40.199.68 - - [03/Nov/2025:12:30:29 +0530] "GET /ngsw.json?ngsw-cache-bust=0.6593421374177235 HTTP/1.1" 200 12508 "https://my.cerill.com/ngsw-worker.js" "Mozilla/5.0 (Windows NT 10.0; Win64; x64) AppleWebKit/537.36 (KHTML, like Gecko) Chrome/109.0.0.0 Safari/537.36"
103.40.199.68 - - [03/Nov/2025:12:35:15 +0530] "GET /ngsw.json?ngsw-cache-bust=0.26445872217600974 HTTP/1.1" 200 12508 "https://my.cerill.com/ngsw-worker.js" "Mozilla/5.0 (Windows NT 10.0; Win64; x64) AppleWebKit/537.36 (KHTML, like Gecko) Chrome/109.0.0.0 Safari/537.36"
103.110.248.156 - - [03/Nov/2025:12:47:44 +0530] "GET /ngsw.json?ngsw-cache-bust=0.1874860106287054 HTTP/1.1" 200 12508 "https://my.cerill.com/ngsw-worker.js" "Mozilla/5.0 (Windows NT 10.0; Win64; x64) AppleWebKit/537.36 (KHTML, like Gecko) Chrome/141.0.0.0 Safari/537.36"
103.110.248.156 - - [03/Nov/2025:12:49:17 +0530] "GET /ngsw-worker.js HTTP/1.1" 304 - "https://my.cerill.com/ngsw-worker.js" "Mozilla/5.0 (Windows NT 10.0; Win64; x64) AppleWebKit/537.36 (KHTML, like Gecko) Chrome/141.0.0.0 Safari/537.36"
103.110.248.156 - - [03/Nov/2025:12:49:20 +0530] "GET /ngsw.json?ngsw-cache-bust=0.05974081207840942 HTTP/1.1" 200 12508 "https://my.cerill.com/ngsw-worker.js" "Mozilla/5.0 (Windows NT 10.0; Win64; x64) AppleWebKit/537.36 (KHTML, like Gecko) Chrome/141.0.0.0 Safari/537.36"
103.110.248.156 - - [03/Nov/2025:12:49:21 +0530] "GET /ngsw.json?ngsw-cache-bust=0.37144189607672307 HTTP/1.1" 200 12508 "https://my.cerill.com/ngsw-worker.js" "Mozilla/5.0 (Windows NT 10.0; Win64; x64) AppleWebKit/537.36 (KHTML, like Gecko) Chrome/141.0.0.0 Safari/537.36"
103.110.248.156 - - [03/Nov/2025:12:49:36 +0530] "GET /ngsw-worker.js HTTP/1.1" 304 - "https://my.cerill.com/ngsw-worker.js" "Mozilla/5.0 (Windows NT 10.0; Win64; x64) AppleWebKit/537.36 (KHTML, like Gecko) Chrome/141.0.0.0 Safari/537.36"
103.110.248.156 - - [03/Nov/2025:12:49:44 +0530] "GET /ngsw.json?ngsw-cache-bust=0.5616135446329331 HTTP/1.1" 200 12508 "https://my.cerill.com/ngsw-worker.js" "Mozilla/5.0 (Windows NT 10.0; Win64; x64) AppleWebKit/537.36 (KHTML, like Gecko) Chrome/141.0.0.0 Safari/537.36"
103.110.248.156 - - [03/Nov/2025:12:50:22 +0530] "GET /ngsw-worker.js HTTP/1.1" 304 - "https://my.cerill.com/ngsw-worker.js" "Mozilla/5.0 (Windows NT 10.0; Win64; x64) AppleWebKit/537.36 (KHTML, like Gecko) Chrome/141.0.0.0 Safari/537.36"
103.110.248.156 - - [03/Nov/2025:12:50:26 +0530] "GET /ngsw.json?ngsw-cache-bust=0.6119664071494206 HTTP/1.1" 200 12508 "https://my.cerill.com/ngsw-worker.js" "Mozilla/5.0 (Windows NT 10.0; Win64; x64) AppleWebKit/537.36 (KHTML, like Gecko) Chrome/141.0.0.0 Safari/537.36"
103.40.199.68 - - [03/Nov/2025:12:51:42 +0530] "GET /ngsw.json?ngsw-cache-bust=0.1862125832974959 HTTP/1.1" 200 12508 "https://my.cerill.com/ngsw-worker.js" "Mozilla/5.0 (Windows NT 10.0; Win64; x64) AppleWebKit/537.36 (KHTML, like Gecko) Chrome/109.0.0.0 Safari/537.36"
103.110.248.156 - - [03/Nov/2025:12:52:01 +0530] "GET /ngsw.json?ngsw-cache-bust=0.9976378328479343 HTTP/1.1" 200 12508 "https://my.cerill.com/ngsw-worker.js" "Mozilla/5.0 (Windows NT 10.0; Win64; x64) AppleWebKit/537.36 (KHTML, like Gecko) Chrome/141.0.0.0 Safari/537.36"
103.40.199.68 - - [03/Nov/2025:12:52:37 +0530] "GET /ngsw-worker.js HTTP/1.1" 304 - "https://my.cerill.com/ngsw-worker.js" "Mozilla/5.0 (Windows NT 10.0; Win64; x64) AppleWebKit/537.36 (KHTML, like Gecko) Chrome/109.0.0.0 Safari/537.36"
103.40.199.68 - - [03/Nov/2025:12:52:41 +0530] "GET /ngsw.json?ngsw-cache-bust=0.5656355165490439 HTTP/1.1" 200 12508 "https://my.cerill.com/ngsw-worker.js" "Mozilla/5.0 (Windows NT 10.0; Win64; x64) AppleWebKit/537.36 (KHTML, like Gecko) Chrome/109.0.0.0 Safari/537.36"
103.40.199.68 - - [03/Nov/2025:12:54:32 +0530] "GET /ngsw.json?ngsw-cache-bust=0.03281198320996448 HTTP/1.1" 200 12508 "https://my.cerill.com/ngsw-worker.js" "Mozilla/5.0 (Windows NT 10.0; Win64; x64) AppleWebKit/537.36 (KHTML, like Gecko) Chrome/109.0.0.0 Safari/537.36"
103.110.248.156 - - [03/Nov/2025:12:55:58 +0530] "GET /ngsw-worker.js HTTP/1.1" 304 - "https://my.cerill.com/ngsw-worker.js" "Mozilla/5.0 (Windows NT 10.0; Win64; x64) AppleWebKit/537.36 (KHTML, like Gecko) Chrome/141.0.0.0 Safari/537.36"
103.40.199.68 - - [03/Nov/2025:12:56:00 +0530] "GET /ngsw-worker.js HTTP/1.1" 304 - "https://my.cerill.com/ngsw-worker.js" "Mozilla/5.0 (Windows NT 10.0; Win64; x64) AppleWebKit/537.36 (KHTML, like Gecko) Chrome/109.0.0.0 Safari/537.36"
103.110.248.156 - - [03/Nov/2025:12:56:03 +0530] "GET /ngsw-worker.js HTTP/1.1" 304 - "https://my.cerill.com/ngsw-worker.js" "Mozilla/5.0 (Windows NT 10.0; Win64; x64) AppleWebKit/537.36 (KHTML, like Gecko) Chrome/141.0.0.0 Safari/537.36"
103.40.199.68 - - [03/Nov/2025:12:56:03 +0530] "GET /ngsw.json?ngsw-cache-bust=0.04985669007384064 HTTP/1.1" 200 12508 "https://my.cerill.com/ngsw-worker.js" "Mozilla/5.0 (Windows NT 10.0; Win64; x64) AppleWebKit/537.36 (KHTML, like Gecko) Chrome/109.0.0.0 Safari/537.36"
103.110.248.156 - - [03/Nov/2025:12:56:06 +0530] "GET /ngsw.json?ngsw-cache-bust=0.4647238740496442 HTTP/1.1" 200 12508 "https://my.cerill.com/ngsw-worker.js" "Mozilla/5.0 (Windows NT 10.0; Win64; x64) AppleWebKit/537.36 (KHTML, like Gecko) Chrome/141.0.0.0 Safari/537.36"
103.110.248.156 - - [03/Nov/2025:12:56:07 +0530] "GET /ngsw.json?ngsw-cache-bust=0.7550747099468933 HTTP/1.1" 200 12508 "https://my.cerill.com/ngsw-worker.js" "Mozilla/5.0 (Windows NT 10.0; Win64; x64) AppleWebKit/537.36 (KHTML, like Gecko) Chrome/141.0.0.0 Safari/537.36"
103.110.248.156 - - [03/Nov/2025:12:58:25 +0530] "GET /ngsw.json?ngsw-cache-bust=0.665414617514793 HTTP/1.1" 200 12508 "https://my.cerill.com/ngsw-worker.js" "Mozilla/5.0 (Windows NT 10.0; Win64; x64) AppleWebKit/537.36 (KHTML, like Gecko) Chrome/141.0.0.0 Safari/537.36"
103.110.248.156 - - [03/Nov/2025:12:58:40 +0530] "GET /ngsw-worker.js HTTP/1.1" 304 - "https://my.cerill.com/ngsw-worker.js" "Mozilla/5.0 (Windows NT 10.0; Win64; x64) AppleWebKit/537.36 (KHTML, like Gecko) Chrome/141.0.0.0 Safari/537.36"
103.40.199.68 - - [03/Nov/2025:12:58:41 +0530] "GET /ngsw.json?ngsw-cache-bust=0.5927086288747683 HTTP/1.1" 200 12508 "https://my.cerill.com/ngsw-worker.js" "Mozilla/5.0 (Windows NT 10.0; Win64; x64) AppleWebKit/537.36 (KHTML, like Gecko) Chrome/109.0.0.0 Safari/537.36"
103.110.248.156 - - [03/Nov/2025:12:58:43 +0530] "GET /ngsw.json?ngsw-cache-bust=0.675947938048777 HTTP/1.1" 200 12508 "https://my.cerill.com/ngsw-worker.js" "Mozilla/5.0 (Windows NT 10.0; Win64; x64) AppleWebKit/537.36 (KHTML, like Gecko) Chrome/141.0.0.0 Safari/537.36"
103.110.248.156 - - [03/Nov/2025:13:01:42 +0530] "GET /ngsw.json?ngsw-cache-bust=0.14164441631554048 HTTP/1.1" 200 12508 "https://my.cerill.com/ngsw-worker.js" "Mozilla/5.0 (Windows NT 10.0; Win64; x64) AppleWebKit/537.36 (KHTML, like Gecko) Chrome/141.0.0.0 Safari/537.36"
223.181.17.223 - - [03/Nov/2025:13:07:55 +0530] "GET /ngsw-worker.js HTTP/1.1" 304 - "https://my.cerill.com/ngsw-worker.js" "Mozilla/5.0 (Windows NT 10.0; Win64; x64) AppleWebKit/537.36 (KHTML, like Gecko) Chrome/141.0.0.0 Safari/537.36"
103.110.249.205 - - [03/Nov/2025:13:08:29 +0530] "GET /ngsw-worker.js HTTP/1.1" 304 - "https://my.cerill.com/ngsw-worker.js" "Mozilla/5.0 (Windows NT 10.0; Win64; x64) AppleWebKit/537.36 (KHTML, like Gecko) Chrome/141.0.0.0 Safari/537.36"
103.110.249.205 - - [03/Nov/2025:13:08:35 +0530] "GET /ngsw.json?ngsw-cache-bust=0.07480609509765401 HTTP/1.1" 200 12508 "https://my.cerill.com/ngsw-worker.js" "Mozilla/5.0 (Windows NT 10.0; Win64; x64) AppleWebKit/537.36 (KHTML, like Gecko) Chrome/141.0.0.0 Safari/537.36"
103.110.249.205 - - [03/Nov/2025:13:08:35 +0530] "GET /ngsw.json?ngsw-cache-bust=0.07914048448332334 HTTP/1.1" 200 12508 "https://my.cerill.com/ngsw-worker.js" "Mozilla/5.0 (Windows NT 10.0; Win64; x64) AppleWebKit/537.36 (KHTML, like Gecko) Chrome/141.0.0.0 Safari/537.36"
103.110.249.205 - - [03/Nov/2025:13:11:58 +0530] "GET /ngsw-worker.js HTTP/1.1" 304 - "https://my.cerill.com/ngsw-worker.js" "Mozilla/5.0 (Windows NT 10.0; Win64; x64) AppleWebKit/537.36 (KHTML, like Gecko) Chrome/141.0.0.0 Safari/537.36"
103.110.249.205 - - [03/Nov/2025:13:12:01 +0530] "GET /ngsw.json?ngsw-cache-bust=0.18366191012822142 HTTP/1.1" 200 12508 "https://my.cerill.com/ngsw-worker.js" "Mozilla/5.0 (Windows NT 10.0; Win64; x64) AppleWebKit/537.36 (KHTML, like Gecko) Chrome/141.0.0.0 Safari/537.36"
103.110.249.205 - - [03/Nov/2025:13:12:02 +0530] "GET /ngsw.json?ngsw-cache-bust=0.23742805677115364 HTTP/1.1" 200 12508 "https://my.cerill.com/ngsw-worker.js" "Mozilla/5.0 (Windows NT 10.0; Win64; x64) AppleWebKit/537.36 (KHTML, like Gecko) Chrome/141.0.0.0 Safari/537.36"
152.59.84.54 - - [03/Nov/2025:13:15:22 +0530] "GET /ngsw.json?ngsw-cache-bust=0.7343312881446539 HTTP/1.1" 200 12508 "https://my.cerill.com/ngsw-worker.js" "Mozilla/5.0 (Windows NT 10.0; Win64; x64) AppleWebKit/537.36 (KHTML, like Gecko) Chrome/142.0.0.0 Safari/537.36"
152.59.84.54 - - [03/Nov/2025:13:15:58 +0530] "GET /ngsw-worker.js HTTP/1.1" 304 - "https://my.cerill.com/ngsw-worker.js" "Mozilla/5.0 (Windows NT 10.0; Win64; x64) AppleWebKit/537.36 (KHTML, like Gecko) Chrome/142.0.0.0 Safari/537.36"
152.59.84.54 - - [03/Nov/2025:13:16:02 +0530] "GET /ngsw.json?ngsw-cache-bust=0.060395329782085505 HTTP/1.1" 200 12508 "https://my.cerill.com/ngsw-worker.js" "Mozilla/5.0 (Windows NT 10.0; Win64; x64) AppleWebKit/537.36 (KHTML, like Gecko) Chrome/142.0.0.0 Safari/537.36"
157.33.32.100 - - [03/Nov/2025:13:17:55 +0530] "GET / HTTP/1.1" 200 8166 "-" "Mozilla/5.0 (Linux; Android 10; K) AppleWebKit/537.36 (KHTML, like Gecko) Chrome/141.0.0.0 Mobile Safari/537.36"
157.33.32.100 - - [03/Nov/2025:13:17:55 +0530] "GET /runtime.bcfacb1707b4e27e.js HTTP/1.1" 200 4472 "https://my.cerill.com/" "Mozilla/5.0 (Linux; Android 10; K) AppleWebKit/537.36 (KHTML, like Gecko) Chrome/141.0.0.0 Mobile Safari/537.36"
157.33.32.100 - - [03/Nov/2025:13:17:55 +0530] "GET /polyfills.831c296c51eb72f7.js HTTP/1.1" 200 34843 "https://my.cerill.com/" "Mozilla/5.0 (Linux; Android 10; K) AppleWebKit/537.36 (KHTML, like Gecko) Chrome/141.0.0.0 Mobile Safari/537.36"
157.33.32.100 - - [03/Nov/2025:13:17:55 +0530] "GET /scripts.b538351bb7336a90.js HTTP/1.1" 200 228453 "https://my.cerill.com/" "Mozilla/5.0 (Linux; Android 10; K) AppleWebKit/537.36 (KHTML, like Gecko) Chrome/141.0.0.0 Mobile Safari/537.36"
157.33.32.100 - - [03/Nov/2025:13:17:55 +0530] "GET /main.fad73ec275fb78f6.js HTTP/1.1" 200 722170 "https://my.cerill.com/" "Mozilla/5.0 (Linux; Android 10; K) AppleWebKit/537.36 (KHTML, like Gecko) Chrome/141.0.0.0 Mobile Safari/537.36"
157.33.32.100 - - [03/Nov/2025:13:17:55 +0530] "GET /styles.5bca02722b6d25c8.css HTTP/1.1" 200 395682 "https://my.cerill.com/" "Mozilla/5.0 (Linux; Android 10; K) AppleWebKit/537.36 (KHTML, like Gecko) Chrome/141.0.0.0 Mobile Safari/537.36"
157.33.32.100 - - [03/Nov/2025:13:17:56 +0530] "GET /715.8182f782b710ae95.js HTTP/1.1" 200 219614 "https://my.cerill.com/" "Mozilla/5.0 (Linux; Android 10; K) AppleWebKit/537.36 (KHTML, like Gecko) Chrome/141.0.0.0 Mobile Safari/537.36"
157.33.32.100 - - [03/Nov/2025:13:17:56 +0530] "GET /7586.7411434da8507547.js HTTP/1.1" 200 388553 "https://my.cerill.com/" "Mozilla/5.0 (Linux; Android 10; K) AppleWebKit/537.36 (KHTML, like Gecko) Chrome/141.0.0.0 Mobile Safari/537.36"
157.33.32.100 - - [03/Nov/2025:13:17:57 +0530] "GET /2238.c9fe0e6aca5cf39e.js HTTP/1.1" 200 16164 "https://my.cerill.com/" "Mozilla/5.0 (Linux; Android 10; K) AppleWebKit/537.36 (KHTML, like Gecko) Chrome/141.0.0.0 Mobile Safari/537.36"
157.33.32.100 - - [03/Nov/2025:13:17:57 +0530] "GET /assets/custom/images/logo.png HTTP/1.1" 200 6982 "https://my.cerill.com/" "Mozilla/5.0 (Linux; Android 10; K) AppleWebKit/537.36 (KHTML, like Gecko) Chrome/141.0.0.0 Mobile Safari/537.36"
157.33.32.100 - - [03/Nov/2025:13:17:57 +0530] "GET /assets/custom/images/bg1.jpg HTTP/1.1" 200 134237 "https://my.cerill.com/" "Mozilla/5.0 (Linux; Android 10; K) AppleWebKit/537.36 (KHTML, like Gecko) Chrome/141.0.0.0 Mobile Safari/537.36"
157.33.32.100 - - [03/Nov/2025:13:17:57 +0530] "GET /ngsw-worker.js HTTP/1.1" 200 84115 "https://my.cerill.com/" "Mozilla/5.0 (Linux; Android 10; K) AppleWebKit/537.36 (KHTML, like Gecko) Chrome/141.0.0.0 Mobile Safari/537.36"
157.33.32.100 - - [03/Nov/2025:13:17:57 +0530] "GET /ngsw.json?ngsw-cache-bust=0.7139419936433673 HTTP/1.1" 200 12508 "https://my.cerill.com/ngsw-worker.js" "Mozilla/5.0 (Linux; Android 10; K) AppleWebKit/537.36 (KHTML, like Gecko) Chrome/141.0.0.0 Mobile Safari/537.36"
157.33.32.100 - - [03/Nov/2025:13:17:58 +0530] "GET /assets/custom/images/favicon.svg HTTP/1.1" 200 3388 "https://my.cerill.com/ngsw-worker.js" "Mozilla/5.0 (Linux; Android 10; K) AppleWebKit/537.36 (KHTML, like Gecko) Chrome/141.0.0.0 Mobile Safari/537.36"
157.33.32.100 - - [03/Nov/2025:13:17:58 +0530] "GET /manifest.webmanifest HTTP/1.1" 200 1336 "https://my.cerill.com/ngsw-worker.js" "Mozilla/5.0 (Linux; Android 10; K) AppleWebKit/537.36 (KHTML, like Gecko) Chrome/141.0.0.0 Mobile Safari/537.36"
157.33.32.100 - - [03/Nov/2025:13:17:58 +0530] "GET /assets/icons/icon-384x384.png HTTP/1.1" 200 5062 "https://my.cerill.com/ngsw-worker.js" "Mozilla/5.0 (Linux; Android 10; K) AppleWebKit/537.36 (KHTML, like Gecko) Chrome/141.0.0.0 Mobile Safari/537.36"
157.33.32.100 - - [03/Nov/2025:13:18:01 +0530] "GET /assets/custom/images/logow.png HTTP/1.1" 200 6713 "https://my.cerill.com/ngsw-worker.js" "Mozilla/5.0 (Linux; Android 10; K) AppleWebKit/537.36 (KHTML, like Gecko) Chrome/141.0.0.0 Mobile Safari/537.36"
157.33.32.100 - - [03/Nov/2025:13:18:01 +0530] "GET /assets/custom/images/img_avatar3.png HTTP/1.1" 200 8229 "https://my.cerill.com/ngsw-worker.js" "Mozilla/5.0 (Linux; Android 10; K) AppleWebKit/537.36 (KHTML, like Gecko) Chrome/141.0.0.0 Mobile Safari/537.36"
157.33.32.100 - - [03/Nov/2025:13:18:01 +0530] "GET /fa-solid-900.ee6983981ffcbb41.woff2 HTTP/1.1" 200 158220 "https://my.cerill.com/ngsw-worker.js" "Mozilla/5.0 (Linux; Android 10; K) AppleWebKit/537.36 (KHTML, like Gecko) Chrome/141.0.0.0 Mobile Safari/537.36"
157.33.32.100 - - [03/Nov/2025:13:18:07 +0530] "GET /index.html HTTP/1.1" 200 8166 "https://my.cerill.com/ngsw-worker.js" "Mozilla/5.0 (Linux; Android 10; K) AppleWebKit/537.36 (KHTML, like Gecko) Chrome/141.0.0.0 Mobile Safari/537.36"
157.33.32.100 - - [03/Nov/2025:13:18:11 +0530] "GET /ngsw-worker.js HTTP/1.1" 304 - "https://my.cerill.com/ngsw-worker.js" "Mozilla/5.0 (Linux; Android 10; K) AppleWebKit/537.36 (KHTML, like Gecko) Chrome/141.0.0.0 Mobile Safari/537.36"
157.33.32.100 - - [03/Nov/2025:13:18:13 +0530] "GET /7580.116c1e7483c82fb0.js HTTP/1.1" 200 31915 "https://my.cerill.com/ngsw-worker.js" "Mozilla/5.0 (Linux; Android 10; K) AppleWebKit/537.36 (KHTML, like Gecko) Chrome/141.0.0.0 Mobile Safari/537.36"
157.33.32.100 - - [03/Nov/2025:13:18:13 +0530] "GET /3634.b50ebb18adc820f1.js HTTP/1.1" 200 13673 "https://my.cerill.com/ngsw-worker.js" "Mozilla/5.0 (Linux; Android 10; K) AppleWebKit/537.36 (KHTML, like Gecko) Chrome/141.0.0.0 Mobile Safari/537.36"
157.33.32.100 - - [03/Nov/2025:13:18:13 +0530] "GET /4005.bb4a9fb2d4f99ae4.js HTTP/1.1" 200 187965 "https://my.cerill.com/ngsw-worker.js" "Mozilla/5.0 (Linux; Android 10; K) AppleWebKit/537.36 (KHTML, like Gecko) Chrome/141.0.0.0 Mobile Safari/537.36"
157.33.32.100 - - [03/Nov/2025:13:18:20 +0530] "GET /1197.079ad0c7d6de2e06.js HTTP/1.1" 200 2512 "https://my.cerill.com/ngsw-worker.js" "Mozilla/5.0 (Linux; Android 10; K) AppleWebKit/537.36 (KHTML, like Gecko) Chrome/141.0.0.0 Mobile Safari/537.36"
157.33.32.100 - - [03/Nov/2025:13:18:20 +0530] "GET /1371.f23f4fc94f5ed638.js HTTP/1.1" 200 4163 "https://my.cerill.com/ngsw-worker.js" "Mozilla/5.0 (Linux; Android 10; K) AppleWebKit/537.36 (KHTML, like Gecko) Chrome/141.0.0.0 Mobile Safari/537.36"
157.33.32.100 - - [03/Nov/2025:13:18:20 +0530] "GET /147.ae11e3a98dadb3de.js HTTP/1.1" 200 157377 "https://my.cerill.com/ngsw-worker.js" "Mozilla/5.0 (Linux; Android 10; K) AppleWebKit/537.36 (KHTML, like Gecko) Chrome/141.0.0.0 Mobile Safari/537.36"
157.33.32.100 - - [03/Nov/2025:13:18:21 +0530] "GET /1802.426d88b89cf08df6.js HTTP/1.1" 200 3621 "https://my.cerill.com/ngsw-worker.js" "Mozilla/5.0 (Linux; Android 10; K) AppleWebKit/537.36 (KHTML, like Gecko) Chrome/141.0.0.0 Mobile Safari/537.36"
157.33.32.100 - - [03/Nov/2025:13:18:21 +0530] "GET /1879.811d0e61cf500a48.js HTTP/1.1" 200 3723 "https://my.cerill.com/ngsw-worker.js" "Mozilla/5.0 (Linux; Android 10; K) AppleWebKit/537.36 (KHTML, like Gecko) Chrome/141.0.0.0 Mobile Safari/537.36"
157.33.32.100 - - [03/Nov/2025:13:18:21 +0530] "GET /1969.0f8048d79914f21b.js HTTP/1.1" 200 20447 "https://my.cerill.com/ngsw-worker.js" "Mozilla/5.0 (Linux; Android 10; K) AppleWebKit/537.36 (KHTML, like Gecko) Chrome/141.0.0.0 Mobile Safari/537.36"
157.33.32.100 - - [03/Nov/2025:13:18:22 +0530] "GET /2099.7e06bb1623a77a5d.js HTTP/1.1" 200 7048 "https://my.cerill.com/ngsw-worker.js" "Mozilla/5.0 (Linux; Android 10; K) AppleWebKit/537.36 (KHTML, like Gecko) Chrome/141.0.0.0 Mobile Safari/537.36"
157.33.32.100 - - [03/Nov/2025:13:18:22 +0530] "GET /2118.87b81b18ee1dd4ce.js HTTP/1.1" 200 2885 "https://my.cerill.com/ngsw-worker.js" "Mozilla/5.0 (Linux; Android 10; K) AppleWebKit/537.36 (KHTML, like Gecko) Chrome/141.0.0.0 Mobile Safari/537.36"
157.33.32.100 - - [03/Nov/2025:13:18:22 +0530] "GET /2258.ea4fcdf124aef1ce.js HTTP/1.1" 200 39890 "https://my.cerill.com/ngsw-worker.js" "Mozilla/5.0 (Linux; Android 10; K) AppleWebKit/537.36 (KHTML, like Gecko) Chrome/141.0.0.0 Mobile Safari/537.36"
157.33.32.100 - - [03/Nov/2025:13:18:22 +0530] "GET /2384.f70ae7409e677054.js HTTP/1.1" 200 62811 "https://my.cerill.com/ngsw-worker.js" "Mozilla/5.0 (Linux; Android 10; K) AppleWebKit/537.36 (KHTML, like Gecko) Chrome/141.0.0.0 Mobile Safari/537.36"
157.33.32.100 - - [03/Nov/2025:13:18:23 +0530] "GET /2405.d744495dfc7d8b36.js HTTP/1.1" 200 8284 "https://my.cerill.com/ngsw-worker.js" "Mozilla/5.0 (Linux; Android 10; K) AppleWebKit/537.36 (KHTML, like Gecko) Chrome/141.0.0.0 Mobile Safari/537.36"
157.33.32.100 - - [03/Nov/2025:13:18:23 +0530] "GET /3208.5119a1dd3277cf31.js HTTP/1.1" 200 40847 "https://my.cerill.com/ngsw-worker.js" "Mozilla/5.0 (Linux; Android 10; K) AppleWebKit/537.36 (KHTML, like Gecko) Chrome/141.0.0.0 Mobile Safari/537.36"
157.33.32.100 - - [03/Nov/2025:13:18:23 +0530] "GET /3490.dd710f5cdb1adb8c.js HTTP/1.1" 200 23691 "https://my.cerill.com/ngsw-worker.js" "Mozilla/5.0 (Linux; Android 10; K) AppleWebKit/537.36 (KHTML, like Gecko) Chrome/141.0.0.0 Mobile Safari/537.36"
157.33.32.100 - - [03/Nov/2025:13:18:23 +0530] "GET /4012.9474ab8ada51aa0c.js HTTP/1.1" 200 6280 "https://my.cerill.com/ngsw-worker.js" "Mozilla/5.0 (Linux; Android 10; K) AppleWebKit/537.36 (KHTML, like Gecko) Chrome/141.0.0.0 Mobile Safari/537.36"
157.33.32.100 - - [03/Nov/2025:13:18:24 +0530] "GET /4505.557992c8504446a3.js HTTP/1.1" 200 39381 "https://my.cerill.com/ngsw-worker.js" "Mozilla/5.0 (Linux; Android 10; K) AppleWebKit/537.36 (KHTML, like Gecko) Chrome/141.0.0.0 Mobile Safari/537.36"
157.33.32.100 - - [03/Nov/2025:13:18:24 +0530] "GET /4700.93dc337262b92852.js HTTP/1.1" 200 2494 "https://my.cerill.com/ngsw-worker.js" "Mozilla/5.0 (Linux; Android 10; K) AppleWebKit/537.36 (KHTML, like Gecko) Chrome/141.0.0.0 Mobile Safari/537.36"
157.33.32.100 - - [03/Nov/2025:13:18:24 +0530] "GET /5157.61655fa1d4d460be.js HTTP/1.1" 200 4287 "https://my.cerill.com/ngsw-worker.js" "Mozilla/5.0 (Linux; Android 10; K) AppleWebKit/537.36 (KHTML, like Gecko) Chrome/141.0.0.0 Mobile Safari/537.36"
157.33.32.100 - - [03/Nov/2025:13:18:24 +0530] "GET /8314.7aee43d723936261.js HTTP/1.1" 200 24004 "https://my.cerill.com/ngsw-worker.js" "Mozilla/5.0 (Linux; Android 10; K) AppleWebKit/537.36 (KHTML, like Gecko) Chrome/141.0.0.0 Mobile Safari/537.36"
157.33.32.100 - - [03/Nov/2025:13:18:24 +0530] "GET /9402.4eca41347f9f016d.js HTTP/1.1" 200 861819 "https://my.cerill.com/ngsw-worker.js" "Mozilla/5.0 (Linux; Android 10; K) AppleWebKit/537.36 (KHTML, like Gecko) Chrome/141.0.0.0 Mobile Safari/537.36"
157.33.32.100 - - [03/Nov/2025:13:18:25 +0530] "GET /9860.268d559756388966.js HTTP/1.1" 200 96047 "https://my.cerill.com/ngsw-worker.js" "Mozilla/5.0 (Linux; Android 10; K) AppleWebKit/537.36 (KHTML, like Gecko) Chrome/141.0.0.0 Mobile Safari/537.36"
157.33.32.100 - - [03/Nov/2025:13:18:25 +0530] "GET /5428.482d6bc1d6b77214.js HTTP/1.1" 200 7251 "https://my.cerill.com/ngsw-worker.js" "Mozilla/5.0 (Linux; Android 10; K) AppleWebKit/537.36 (KHTML, like Gecko) Chrome/141.0.0.0 Mobile Safari/537.36"
157.33.32.100 - - [03/Nov/2025:13:18:25 +0530] "GET /ngsw-worker.js HTTP/1.1" 304 - "https://my.cerill.com/ngsw-worker.js" "Mozilla/5.0 (Linux; Android 10; K) AppleWebKit/537.36 (KHTML, like Gecko) Chrome/141.0.0.0 Mobile Safari/537.36"
157.33.32.100 - - [03/Nov/2025:13:18:25 +0530] "GET /5503.7532f74eed4b80c6.js HTTP/1.1" 200 18910 "https://my.cerill.com/ngsw-worker.js" "Mozilla/5.0 (Linux; Android 10; K) AppleWebKit/537.36 (KHTML, like Gecko) Chrome/141.0.0.0 Mobile Safari/537.36"
157.33.32.100 - - [03/Nov/2025:13:18:26 +0530] "GET /5763.a33285434c95e259.js HTTP/1.1" 200 4245 "https://my.cerill.com/ngsw-worker.js" "Mozilla/5.0 (Linux; Android 10; K) AppleWebKit/537.36 (KHTML, like Gecko) Chrome/141.0.0.0 Mobile Safari/537.36"
157.33.32.100 - - [03/Nov/2025:13:18:26 +0530] "GET /5804.87530db9fb617855.js HTTP/1.1" 200 12955 "https://my.cerill.com/ngsw-worker.js" "Mozilla/5.0 (Linux; Android 10; K) AppleWebKit/537.36 (KHTML, like Gecko) Chrome/141.0.0.0 Mobile Safari/537.36"
157.33.32.100 - - [03/Nov/2025:13:18:26 +0530] "GET /5970.06df533b90a55295.js HTTP/1.1" 200 3428 "https://my.cerill.com/ngsw-worker.js" "Mozilla/5.0 (Linux; Android 10; K) AppleWebKit/537.36 (KHTML, like Gecko) Chrome/141.0.0.0 Mobile Safari/537.36"
157.33.32.100 - - [03/Nov/2025:13:18:26 +0530] "GET /627.0f379a6364def40b.js HTTP/1.1" 200 22012 "https://my.cerill.com/ngsw-worker.js" "Mozilla/5.0 (Linux; Android 10; K) AppleWebKit/537.36 (KHTML, like Gecko) Chrome/141.0.0.0 Mobile Safari/537.36"
157.33.32.100 - - [03/Nov/2025:13:18:26 +0530] "GET /assets/icons/icon-192x192.png HTTP/1.1" 200 2727 "https://my.cerill.com/ngsw-worker.js" "Mozilla/5.0 (Linux; Android 10; K) AppleWebKit/537.36 (KHTML, like Gecko) Chrome/141.0.0.0 Mobile Safari/537.36"
157.33.32.100 - - [03/Nov/2025:13:18:26 +0530] "GET /ngsw-worker.js HTTP/1.1" 304 - "https://my.cerill.com/ngsw-worker.js" "Mozilla/5.0 (Linux; Android 10; K) AppleWebKit/537.36 (KHTML, like Gecko) Chrome/141.0.0.0 Mobile Safari/537.36"
157.33.32.100 - - [03/Nov/2025:13:18:27 +0530] "GET /6301.6eb67a1861bcbcaf.js HTTP/1.1" 200 6143 "https://my.cerill.com/ngsw-worker.js" "Mozilla/5.0 (Linux; Android 10; K) AppleWebKit/537.36 (KHTML, like Gecko) Chrome/141.0.0.0 Mobile Safari/537.36"
157.33.32.100 - - [03/Nov/2025:13:18:27 +0530] "GET /6397.b3b5c092ce06b8f5.js HTTP/1.1" 200 9124 "https://my.cerill.com/ngsw-worker.js" "Mozilla/5.0 (Linux; Android 10; K) AppleWebKit/537.36 (KHTML, like Gecko) Chrome/141.0.0.0 Mobile Safari/537.36"
157.33.32.100 - - [03/Nov/2025:13:18:27 +0530] "GET /6694.baf483cb546a67dc.js HTTP/1.1" 200 3622 "https://my.cerill.com/ngsw-worker.js" "Mozilla/5.0 (Linux; Android 10; K) AppleWebKit/537.36 (KHTML, like Gecko) Chrome/141.0.0.0 Mobile Safari/537.36"
157.33.32.100 - - [03/Nov/2025:13:18:27 +0530] "GET /6916.4a0c1e608f8f7d32.js HTTP/1.1" 200 3377 "https://my.cerill.com/ngsw-worker.js" "Mozilla/5.0 (Linux; Android 10; K) AppleWebKit/537.36 (KHTML, like Gecko) Chrome/141.0.0.0 Mobile Safari/537.36"
157.33.32.100 - - [03/Nov/2025:13:18:27 +0530] "GET /6931.340fc9db237b72c2.js HTTP/1.1" 200 5773 "https://my.cerill.com/ngsw-worker.js" "Mozilla/5.0 (Linux; Android 10; K) AppleWebKit/537.36 (KHTML, like Gecko) Chrome/141.0.0.0 Mobile Safari/537.36"
157.33.32.100 - - [03/Nov/2025:13:18:28 +0530] "GET /7261.26c74f4816a8be22.js HTTP/1.1" 200 3213 "https://my.cerill.com/ngsw-worker.js" "Mozilla/5.0 (Linux; Android 10; K) AppleWebKit/537.36 (KHTML, like Gecko) Chrome/141.0.0.0 Mobile Safari/537.36"
157.33.32.100 - - [03/Nov/2025:13:18:28 +0530] "GET /7399.fb8e82cab74238ad.js HTTP/1.1" 200 2848 "https://my.cerill.com/ngsw-worker.js" "Mozilla/5.0 (Linux; Android 10; K) AppleWebKit/537.36 (KHTML, like Gecko) Chrome/141.0.0.0 Mobile Safari/537.36"
157.33.32.100 - - [03/Nov/2025:13:18:28 +0530] "GET /7502.4e68b1a5af4e5d90.js HTTP/1.1" 200 6966 "https://my.cerill.com/ngsw-worker.js" "Mozilla/5.0 (Linux; Android 10; K) AppleWebKit/537.36 (KHTML, like Gecko) Chrome/141.0.0.0 Mobile Safari/537.36"
157.33.32.100 - - [03/Nov/2025:13:18:28 +0530] "GET /7611.e1b40ee92f5c8020.js HTTP/1.1" 200 12679 "https://my.cerill.com/ngsw-worker.js" "Mozilla/5.0 (Linux; Android 10; K) AppleWebKit/537.36 (KHTML, like Gecko) Chrome/141.0.0.0 Mobile Safari/537.36"
157.33.32.100 - - [03/Nov/2025:13:18:28 +0530] "GET /7731.687489202bca4dc7.js HTTP/1.1" 200 28724 "https://my.cerill.com/ngsw-worker.js" "Mozilla/5.0 (Linux; Android 10; K) AppleWebKit/537.36 (KHTML, like Gecko) Chrome/141.0.0.0 Mobile Safari/537.36"
157.33.32.100 - - [03/Nov/2025:13:18:29 +0530] "GET /7961.b8c685d37f3d62c3.js HTTP/1.1" 200 4613 "https://my.cerill.com/ngsw-worker.js" "Mozilla/5.0 (Linux; Android 10; K) AppleWebKit/537.36 (KHTML, like Gecko) Chrome/141.0.0.0 Mobile Safari/537.36"
157.33.32.100 - - [03/Nov/2025:13:18:29 +0530] "GET /8037.182bd4bc87fbd6e2.js HTTP/1.1" 200 1241 "https://my.cerill.com/ngsw-worker.js" "Mozilla/5.0 (Linux; Android 10; K) AppleWebKit/537.36 (KHTML, like Gecko) Chrome/141.0.0.0 Mobile Safari/537.36"
157.33.32.100 - - [03/Nov/2025:13:18:29 +0530] "GET /8593.d0353afd7b78e8a3.js HTTP/1.1" 200 27830 "https://my.cerill.com/ngsw-worker.js" "Mozilla/5.0 (Linux; Android 10; K) AppleWebKit/537.36 (KHTML, like Gecko) Chrome/141.0.0.0 Mobile Safari/537.36"
157.33.32.100 - - [03/Nov/2025:13:18:29 +0530] "GET /8625.783be70ae3215100.js HTTP/1.1" 200 1850 "https://my.cerill.com/ngsw-worker.js" "Mozilla/5.0 (Linux; Android 10; K) AppleWebKit/537.36 (KHTML, like Gecko) Chrome/141.0.0.0 Mobile Safari/537.36"
157.33.32.100 - - [03/Nov/2025:13:18:30 +0530] "GET /8631.e356b2959195c865.js HTTP/1.1" 200 30169 "https://my.cerill.com/ngsw-worker.js" "Mozilla/5.0 (Linux; Android 10; K) AppleWebKit/537.36 (KHTML, like Gecko) Chrome/141.0.0.0 Mobile Safari/537.36"
157.33.32.100 - - [03/Nov/2025:13:18:30 +0530] "GET /9098.5418fa44a130a5fa.js HTTP/1.1" 200 3748 "https://my.cerill.com/ngsw-worker.js" "Mozilla/5.0 (Linux; Android 10; K) AppleWebKit/537.36 (KHTML, like Gecko) Chrome/141.0.0.0 Mobile Safari/537.36"
157.33.32.100 - - [03/Nov/2025:13:18:30 +0530] "GET /9758.4084f78e8819780e.js HTTP/1.1" 200 29689 "https://my.cerill.com/ngsw-worker.js" "Mozilla/5.0 (Linux; Android 10; K) AppleWebKit/537.36 (KHTML, like Gecko) Chrome/141.0.0.0 Mobile Safari/537.36"
157.33.32.100 - - [03/Nov/2025:13:18:30 +0530] "GET /favicon.ico HTTP/1.1" 200 948 "https://my.cerill.com/ngsw-worker.js" "Mozilla/5.0 (Linux; Android 10; K) AppleWebKit/537.36 (KHTML, like Gecko) Chrome/141.0.0.0 Mobile Safari/537.36"
157.33.32.100 - - [03/Nov/2025:13:18:31 +0530] "GET /ngsw.json?ngsw-cache-bust=0.8711680054183059 HTTP/1.1" 200 12508 "https://my.cerill.com/ngsw-worker.js" "Mozilla/5.0 (Linux; Android 10; K) AppleWebKit/537.36 (KHTML, like Gecko) Chrome/141.0.0.0 Mobile Safari/537.36"
103.110.249.205 - - [03/Nov/2025:13:19:16 +0530] "GET /ngsw.json?ngsw-cache-bust=0.9749166137249119 HTTP/1.1" 200 12508 "https://my.cerill.com/ngsw-worker.js" "Mozilla/5.0 (Windows NT 10.0; Win64; x64) AppleWebKit/537.36 (KHTML, like Gecko) Chrome/141.0.0.0 Safari/537.36"
103.110.249.205 - - [03/Nov/2025:13:20:00 +0530] "GET /ngsw-worker.js HTTP/1.1" 304 - "https://my.cerill.com/ngsw-worker.js" "Mozilla/5.0 (Windows NT 10.0; Win64; x64) AppleWebKit/537.36 (KHTML, like Gecko) Chrome/141.0.0.0 Safari/537.36"
103.110.249.205 - - [03/Nov/2025:13:20:04 +0530] "GET /ngsw.json?ngsw-cache-bust=0.5589415958683434 HTTP/1.1" 200 12508 "https://my.cerill.com/ngsw-worker.js" "Mozilla/5.0 (Windows NT 10.0; Win64; x64) AppleWebKit/537.36 (KHTML, like Gecko) Chrome/141.0.0.0 Safari/537.36"
103.110.249.205 - - [03/Nov/2025:13:30:53 +0530] "GET /ngsw-worker.js HTTP/1.1" 304 - "https://my.cerill.com/ngsw-worker.js" "Mozilla/5.0 (Linux; Android 10; K) AppleWebKit/537.36 (KHTML, like Gecko) Chrome/141.0.0.0 Mobile Safari/537.36"
103.110.249.205 - - [03/Nov/2025:13:30:59 +0530] "GET /ngsw.json?ngsw-cache-bust=0.9345074061839544 HTTP/1.1" 200 12508 "https://my.cerill.com/ngsw-worker.js" "Mozilla/5.0 (Linux; Android 10; K) AppleWebKit/537.36 (KHTML, like Gecko) Chrome/141.0.0.0 Mobile Safari/537.36"
103.110.249.205 - - [03/Nov/2025:13:31:00 +0530] "GET /ngsw.json?ngsw-cache-bust=0.5955609208284128 HTTP/1.1" 200 12508 "https://my.cerill.com/ngsw-worker.js" "Mozilla/5.0 (Linux; Android 10; K) AppleWebKit/537.36 (KHTML, like Gecko) Chrome/141.0.0.0 Mobile Safari/537.36"
152.59.84.54 - - [03/Nov/2025:13:31:58 +0530] "GET /ngsw.json?ngsw-cache-bust=0.5024201100036635 HTTP/1.1" 200 12508 "https://my.cerill.com/ngsw-worker.js" "Mozilla/5.0 (Windows NT 10.0; Win64; x64) AppleWebKit/537.36 (KHTML, like Gecko) Chrome/142.0.0.0 Safari/537.36"
152.59.84.54 - - [03/Nov/2025:13:35:20 +0530] "GET /ngsw.json?ngsw-cache-bust=0.51757430803122 HTTP/1.1" 200 12508 "https://my.cerill.com/ngsw-worker.js" "Mozilla/5.0 (Windows NT 10.0; Win64; x64) AppleWebKit/537.36 (KHTML, like Gecko) Chrome/142.0.0.0 Safari/537.36"
152.59.84.54 - - [03/Nov/2025:13:36:34 +0530] "GET /ngsw-worker.js HTTP/1.1" 304 - "https://my.cerill.com/ngsw-worker.js" "Mozilla/5.0 (Windows NT 10.0; Win64; x64) AppleWebKit/537.36 (KHTML, like Gecko) Chrome/142.0.0.0 Safari/537.36"
152.59.84.54 - - [03/Nov/2025:13:36:39 +0530] "GET /ngsw.json?ngsw-cache-bust=0.22467688896656368 HTTP/1.1" 200 12508 "https://my.cerill.com/ngsw-worker.js" "Mozilla/5.0 (Windows NT 10.0; Win64; x64) AppleWebKit/537.36 (KHTML, like Gecko) Chrome/142.0.0.0 Safari/537.36"
152.59.84.54 - - [03/Nov/2025:13:36:40 +0530] "GET /ngsw.json?ngsw-cache-bust=0.777014100914104 HTTP/1.1" 200 12508 "https://my.cerill.com/ngsw-worker.js" "Mozilla/5.0 (Windows NT 10.0; Win64; x64) AppleWebKit/537.36 (KHTML, like Gecko) Chrome/142.0.0.0 Safari/537.36"
103.110.249.205 - - [03/Nov/2025:13:39:10 +0530] "GET /ngsw.json?ngsw-cache-bust=0.8468711177021336 HTTP/1.1" 200 12508 "https://my.cerill.com/ngsw-worker.js" "Mozilla/5.0 (Windows NT 10.0; Win64; x64) AppleWebKit/537.36 (KHTML, like Gecko) Chrome/141.0.0.0 Safari/537.36"
103.110.249.205 - - [03/Nov/2025:13:39:45 +0530] "GET /ngsw-worker.js HTTP/1.1" 304 - "https://my.cerill.com/ngsw-worker.js" "Mozilla/5.0 (Windows NT 10.0; Win64; x64) AppleWebKit/537.36 (KHTML, like Gecko) Chrome/141.0.0.0 Safari/537.36"
103.110.249.205 - - [03/Nov/2025:13:39:49 +0530] "GET /ngsw.json?ngsw-cache-bust=0.64753654131029 HTTP/1.1" 200 12508 "https://my.cerill.com/ngsw-worker.js" "Mozilla/5.0 (Windows NT 10.0; Win64; x64) AppleWebKit/537.36 (KHTML, like Gecko) Chrome/141.0.0.0 Safari/537.36"
152.59.84.54 - - [03/Nov/2025:13:40:58 +0530] "GET /ngsw-worker.js HTTP/1.1" 304 - "https://my.cerill.com/ngsw-worker.js" "Mozilla/5.0 (Windows NT 10.0; Win64; x64) AppleWebKit/537.36 (KHTML, like Gecko) Chrome/142.0.0.0 Safari/537.36"
152.59.84.54 - - [03/Nov/2025:13:41:01 +0530] "GET /ngsw.json?ngsw-cache-bust=0.49409380710379325 HTTP/1.1" 200 12508 "https://my.cerill.com/ngsw-worker.js" "Mozilla/5.0 (Windows NT 10.0; Win64; x64) AppleWebKit/537.36 (KHTML, like Gecko) Chrome/142.0.0.0 Safari/537.36"
152.59.84.54 - - [03/Nov/2025:13:41:02 +0530] "GET /ngsw.json?ngsw-cache-bust=0.44238172712719737 HTTP/1.1" 200 12508 "https://my.cerill.com/ngsw-worker.js" "Mozilla/5.0 (Windows NT 10.0; Win64; x64) AppleWebKit/537.36 (KHTML, like Gecko) Chrome/142.0.0.0 Safari/537.36"
103.110.249.205 - - [03/Nov/2025:13:48:21 +0530] "GET /ngsw.json?ngsw-cache-bust=0.11651250607848973 HTTP/1.1" 200 12508 "https://my.cerill.com/ngsw-worker.js" "Mozilla/5.0 (Windows NT 10.0; Win64; x64) AppleWebKit/537.36 (KHTML, like Gecko) Chrome/141.0.0.0 Safari/537.36"
103.110.249.205 - - [03/Nov/2025:13:53:04 +0530] "GET /ngsw.json?ngsw-cache-bust=0.7069323748417076 HTTP/1.1" 200 12508 "https://my.cerill.com/ngsw-worker.js" "Mozilla/5.0 (Windows NT 10.0; Win64; x64) AppleWebKit/537.36 (KHTML, like Gecko) Chrome/141.0.0.0 Safari/537.36"
157.33.33.97 - - [03/Nov/2025:13:54:17 +0530] "GET /ngsw-worker.js HTTP/1.1" 304 - "https://my.cerill.com/ngsw-worker.js" "Mozilla/5.0 (Linux; Android 10; K) AppleWebKit/537.36 (KHTML, like Gecko) Chrome/141.0.0.0 Mobile Safari/537.36"
157.33.33.97 - - [03/Nov/2025:13:54:28 +0530] "GET /ngsw.json?ngsw-cache-bust=0.3747410539773415 HTTP/1.1" 200 12508 "https://my.cerill.com/ngsw-worker.js" "Mozilla/5.0 (Linux; Android 10; K) AppleWebKit/537.36 (KHTML, like Gecko) Chrome/141.0.0.0 Mobile Safari/537.36"
157.33.33.97 - - [03/Nov/2025:13:54:28 +0530] "GET /ngsw.json?ngsw-cache-bust=0.37743888480285814 HTTP/1.1" 200 12508 "https://my.cerill.com/ngsw-worker.js" "Mozilla/5.0 (Linux; Android 10; K) AppleWebKit/537.36 (KHTML, like Gecko) Chrome/141.0.0.0 Mobile Safari/537.36"
157.33.33.97 - - [03/Nov/2025:13:54:40 +0530] "GET /ngsw-worker.js HTTP/1.1" 304 - "https://my.cerill.com/ngsw-worker.js" "Mozilla/5.0 (Linux; Android 10; K) AppleWebKit/537.36 (KHTML, like Gecko) Chrome/141.0.0.0 Mobile Safari/537.36"
157.33.33.97 - - [03/Nov/2025:13:54:45 +0530] "GET /ngsw.json?ngsw-cache-bust=0.16079116908316593 HTTP/1.1" 200 12508 "https://my.cerill.com/ngsw-worker.js" "Mozilla/5.0 (Linux; Android 10; K) AppleWebKit/537.36 (KHTML, like Gecko) Chrome/141.0.0.0 Mobile Safari/537.36"
157.33.33.97 - - [03/Nov/2025:13:54:53 +0530] "GET /ngsw-worker.js HTTP/1.1" 304 - "https://my.cerill.com/ngsw-worker.js" "Mozilla/5.0 (Linux; Android 10; K) AppleWebKit/537.36 (KHTML, like Gecko) Chrome/141.0.0.0 Mobile Safari/537.36"
157.33.33.97 - - [03/Nov/2025:13:54:57 +0530] "GET /ngsw.json?ngsw-cache-bust=0.09108130582802643 HTTP/1.1" 200 12508 "https://my.cerill.com/ngsw-worker.js" "Mozilla/5.0 (Linux; Android 10; K) AppleWebKit/537.36 (KHTML, like Gecko) Chrome/141.0.0.0 Mobile Safari/537.36"
152.59.84.54 - - [03/Nov/2025:13:59:34 +0530] "GET /ngsw.json?ngsw-cache-bust=0.5541284603370904 HTTP/1.1" 200 12508 "https://my.cerill.com/ngsw-worker.js" "Mozilla/5.0 (Windows NT 10.0; Win64; x64) AppleWebKit/537.36 (KHTML, like Gecko) Chrome/142.0.0.0 Safari/537.36"
103.110.249.205 - - [03/Nov/2025:14:01:33 +0530] "GET /ngsw.json?ngsw-cache-bust=0.7268766664075215 HTTP/1.1" 200 12508 "https://my.cerill.com/ngsw-worker.js" "Mozilla/5.0 (Windows NT 10.0; Win64; x64) AppleWebKit/537.36 (KHTML, like Gecko) Chrome/141.0.0.0 Safari/537.36"
49.43.93.117 - - [03/Nov/2025:14:01:33 +0530] "GET /ngsw.json?ngsw-cache-bust=0.7044421430755381 HTTP/1.1" 200 12508 "https://my.cerill.com/ngsw-worker.js" "Mozilla/5.0 (Windows NT 10.0; Win64; x64) AppleWebKit/537.36 (KHTML, like Gecko) Chrome/141.0.0.0 Safari/537.36"
157.33.34.144 - - [03/Nov/2025:14:07:13 +0530] "GET /ngsw.json?ngsw-cache-bust=0.8705455878092051 HTTP/1.1" 200 12508 "https://my.cerill.com/ngsw-worker.js" "Mozilla/5.0 (Linux; Android 10; K) AppleWebKit/537.36 (KHTML, like Gecko) Chrome/141.0.0.0 Mobile Safari/537.36"
157.33.34.144 - - [03/Nov/2025:14:07:15 +0530] "GET /ngsw.json?ngsw-cache-bust=0.022138066677275914 HTTP/1.1" 200 12508 "https://my.cerill.com/ngsw-worker.js" "Mozilla/5.0 (Linux; Android 10; K) AppleWebKit/537.36 (KHTML, like Gecko) Chrome/141.0.0.0 Mobile Safari/537.36"
103.110.249.205 - - [03/Nov/2025:14:07:45 +0530] "GET /ngsw.json?ngsw-cache-bust=0.8017853772268722 HTTP/1.1" 200 12508 "https://my.cerill.com/ngsw-worker.js" "Mozilla/5.0 (Windows NT 10.0; Win64; x64) AppleWebKit/537.36 (KHTML, like Gecko) Chrome/141.0.0.0 Safari/537.36"
103.110.249.205 - - [03/Nov/2025:14:08:05 +0530] "GET /ngsw-worker.js HTTP/1.1" 304 - "https://my.cerill.com/ngsw-worker.js" "Mozilla/5.0 (Windows NT 10.0; Win64; x64) AppleWebKit/537.36 (KHTML, like Gecko) Chrome/141.0.0.0 Safari/537.36"
103.110.249.205 - - [03/Nov/2025:14:08:09 +0530] "GET /ngsw.json?ngsw-cache-bust=0.09257992433662587 HTTP/1.1" 200 12508 "https://my.cerill.com/ngsw-worker.js" "Mozilla/5.0 (Windows NT 10.0; Win64; x64) AppleWebKit/537.36 (KHTML, like Gecko) Chrome/141.0.0.0 Safari/537.36"
103.110.249.205 - - [03/Nov/2025:14:11:50 +0530] "GET /ngsw.json?ngsw-cache-bust=0.7539259067320846 HTTP/1.1" 200 12508 "https://my.cerill.com/ngsw-worker.js" "Mozilla/5.0 (Windows NT 10.0; Win64; x64) AppleWebKit/537.36 (KHTML, like Gecko) Chrome/141.0.0.0 Safari/537.36"
49.43.93.117 - - [03/Nov/2025:14:13:01 +0530] "GET /ngsw.json?ngsw-cache-bust=0.8352213067130279 HTTP/1.1" 200 12508 "https://my.cerill.com/ngsw-worker.js" "Mozilla/5.0 (Windows NT 10.0; Win64; x64) AppleWebKit/537.36 (KHTML, like Gecko) Chrome/141.0.0.0 Safari/537.36"
49.43.93.117 - - [03/Nov/2025:14:15:48 +0530] "GET /ngsw.json?ngsw-cache-bust=0.7913080923891033 HTTP/1.1" 200 12508 "https://my.cerill.com/ngsw-worker.js" "Mozilla/5.0 (Windows NT 10.0; Win64; x64) AppleWebKit/537.36 (KHTML, like Gecko) Chrome/141.0.0.0 Safari/537.36"
49.43.93.117 - - [03/Nov/2025:14:23:43 +0530] "GET /ngsw-worker.js HTTP/1.1" 304 - "https://my.cerill.com/ngsw-worker.js" "Mozilla/5.0 (Windows NT 10.0; Win64; x64) AppleWebKit/537.36 (KHTML, like Gecko) Chrome/141.0.0.0 Safari/537.36"
49.43.93.117 - - [03/Nov/2025:14:23:47 +0530] "GET /ngsw.json?ngsw-cache-bust=0.8181447044055842 HTTP/1.1" 200 12508 "https://my.cerill.com/ngsw-worker.js" "Mozilla/5.0 (Windows NT 10.0; Win64; x64) AppleWebKit/537.36 (KHTML, like Gecko) Chrome/141.0.0.0 Safari/537.36"
49.43.93.117 - - [03/Nov/2025:14:23:47 +0530] "GET /ngsw.json?ngsw-cache-bust=0.7390086331472971 HTTP/1.1" 200 12508 "https://my.cerill.com/ngsw-worker.js" "Mozilla/5.0 (Windows NT 10.0; Win64; x64) AppleWebKit/537.36 (KHTML, like Gecko) Chrome/141.0.0.0 Safari/537.36"
103.110.249.205 - - [03/Nov/2025:14:33:02 +0530] "GET /ngsw-worker.js HTTP/1.1" 304 - "https://my.cerill.com/ngsw-worker.js" "Mozilla/5.0 (Windows NT 10.0; Win64; x64) AppleWebKit/537.36 (KHTML, like Gecko) Chrome/141.0.0.0 Safari/537.36"
103.110.249.205 - - [03/Nov/2025:14:33:06 +0530] "GET /ngsw.json?ngsw-cache-bust=0.0460216776252369 HTTP/1.1" 200 12508 "https://my.cerill.com/ngsw-worker.js" "Mozilla/5.0 (Windows NT 10.0; Win64; x64) AppleWebKit/537.36 (KHTML, like Gecko) Chrome/141.0.0.0 Safari/537.36"
103.110.249.205 - - [03/Nov/2025:14:33:06 +0530] "GET /ngsw.json?ngsw-cache-bust=0.4927101418407366 HTTP/1.1" 200 12508 "https://my.cerill.com/ngsw-worker.js" "Mozilla/5.0 (Windows NT 10.0; Win64; x64) AppleWebKit/537.36 (KHTML, like Gecko) Chrome/141.0.0.0 Safari/537.36"
103.110.249.205 - - [03/Nov/2025:14:34:16 +0530] "GET /ngsw.json?ngsw-cache-bust=0.6400634661299288 HTTP/1.1" 200 12508 "https://my.cerill.com/ngsw-worker.js" "Mozilla/5.0 (Windows NT 10.0; Win64; x64) AppleWebKit/537.36 (KHTML, like Gecko) Chrome/141.0.0.0 Safari/537.36"
103.110.249.205 - - [03/Nov/2025:14:34:28 +0530] "GET /ngsw-worker.js HTTP/1.1" 304 - "https://my.cerill.com/ngsw-worker.js" "Mozilla/5.0 (Windows NT 10.0; Win64; x64) AppleWebKit/537.36 (KHTML, like Gecko) Chrome/141.0.0.0 Safari/537.36"
103.110.249.205 - - [03/Nov/2025:14:34:31 +0530] "GET /ngsw.json?ngsw-cache-bust=0.17179105721301124 HTTP/1.1" 200 12508 "https://my.cerill.com/ngsw-worker.js" "Mozilla/5.0 (Windows NT 10.0; Win64; x64) AppleWebKit/537.36 (KHTML, like Gecko) Chrome/141.0.0.0 Safari/537.36"
103.110.249.205 - - [03/Nov/2025:14:35:31 +0530] "GET /ngsw.json?ngsw-cache-bust=0.33277780087119313 HTTP/1.1" 200 12508 "https://my.cerill.com/ngsw-worker.js" "Mozilla/5.0 (Windows NT 10.0; Win64; x64) AppleWebKit/537.36 (KHTML, like Gecko) Chrome/141.0.0.0 Safari/537.36"
103.110.249.205 - - [03/Nov/2025:14:37:56 +0530] "GET /ngsw.json?ngsw-cache-bust=0.9547042003086 HTTP/1.1" 200 12508 "https://my.cerill.com/ngsw-worker.js" "Mozilla/5.0 (Windows NT 10.0; Win64; x64) AppleWebKit/537.36 (KHTML, like Gecko) Chrome/141.0.0.0 Safari/537.36"
103.110.249.205 - - [03/Nov/2025:14:41:44 +0530] "GET /ngsw-worker.js HTTP/1.1" 304 - "https://my.cerill.com/ngsw-worker.js" "Mozilla/5.0 (Windows NT 10.0; Win64; x64) AppleWebKit/537.36 (KHTML, like Gecko) Chrome/141.0.0.0 Safari/537.36"
103.110.249.205 - - [03/Nov/2025:14:41:56 +0530] "GET /ngsw.json?ngsw-cache-bust=0.4572398704128272 HTTP/1.1" 200 12508 "https://my.cerill.com/ngsw-worker.js" "Mozilla/5.0 (Windows NT 10.0; Win64; x64) AppleWebKit/537.36 (KHTML, like Gecko) Chrome/141.0.0.0 Safari/537.36"
103.110.249.205 - - [03/Nov/2025:14:41:56 +0530] "GET /ngsw.json?ngsw-cache-bust=0.742875805139692 HTTP/1.1" 200 12508 "https://my.cerill.com/ngsw-worker.js" "Mozilla/5.0 (Windows NT 10.0; Win64; x64) AppleWebKit/537.36 (KHTML, like Gecko) Chrome/141.0.0.0 Safari/537.36"
103.110.249.205 - - [03/Nov/2025:14:42:53 +0530] "GET /ngsw-worker.js HTTP/1.1" 304 - "https://my.cerill.com/ngsw-worker.js" "Mozilla/5.0 (Windows NT 10.0; Win64; x64) AppleWebKit/537.36 (KHTML, like Gecko) Chrome/141.0.0.0 Safari/537.36"
103.110.249.205 - - [03/Nov/2025:14:42:55 +0530] "GET /ngsw.json?ngsw-cache-bust=0.8530989965736376 HTTP/1.1" 200 12508 "https://my.cerill.com/ngsw-worker.js" "Mozilla/5.0 (Windows NT 10.0; Win64; x64) AppleWebKit/537.36 (KHTML, like Gecko) Chrome/141.0.0.0 Safari/537.36"
103.110.249.205 - - [03/Nov/2025:14:44:06 +0530] "GET /ngsw.json?ngsw-cache-bust=0.8463853259435851 HTTP/1.1" 200 12508 "https://my.cerill.com/ngsw-worker.js" "Mozilla/5.0 (Windows NT 10.0; Win64; x64) AppleWebKit/537.36 (KHTML, like Gecko) Chrome/141.0.0.0 Safari/537.36"
103.110.249.205 - - [03/Nov/2025:14:45:18 +0530] "GET /ngsw-worker.js HTTP/1.1" 304 - "https://my.cerill.com/ngsw-worker.js" "Mozilla/5.0 (Windows NT 10.0; Win64; x64) AppleWebKit/537.36 (KHTML, like Gecko) Chrome/141.0.0.0 Safari/537.36"
103.110.249.205 - - [03/Nov/2025:14:45:21 +0530] "GET /ngsw.json?ngsw-cache-bust=0.45773127457547513 HTTP/1.1" 200 12508 "https://my.cerill.com/ngsw-worker.js" "Mozilla/5.0 (Windows NT 10.0; Win64; x64) AppleWebKit/537.36 (KHTML, like Gecko) Chrome/141.0.0.0 Safari/537.36"
103.40.199.68 - - [03/Nov/2025:14:46:40 +0530] "GET /ngsw.json?ngsw-cache-bust=0.45692593094665734 HTTP/1.1" 200 12508 "https://my.cerill.com/ngsw-worker.js" "Mozilla/5.0 (Windows NT 10.0; Win64; x64) AppleWebKit/537.36 (KHTML, like Gecko) Chrome/109.0.0.0 Safari/537.36"
103.40.199.68 - - [03/Nov/2025:14:48:10 +0530] "GET /ngsw-worker.js HTTP/1.1" 304 - "https://my.cerill.com/ngsw-worker.js" "Mozilla/5.0 (Windows NT 10.0; Win64; x64) AppleWebKit/537.36 (KHTML, like Gecko) Chrome/109.0.0.0 Safari/537.36"
103.40.199.68 - - [03/Nov/2025:14:48:13 +0530] "GET /ngsw.json?ngsw-cache-bust=0.26570422371799585 HTTP/1.1" 200 12508 "https://my.cerill.com/ngsw-worker.js" "Mozilla/5.0 (Windows NT 10.0; Win64; x64) AppleWebKit/537.36 (KHTML, like Gecko) Chrome/109.0.0.0 Safari/537.36"
103.40.199.68 - - [03/Nov/2025:14:48:51 +0530] "GET /ngsw-worker.js HTTP/1.1" 304 - "https://my.cerill.com/ngsw-worker.js" "Mozilla/5.0 (Windows NT 10.0; Win64; x64) AppleWebKit/537.36 (KHTML, like Gecko) Chrome/109.0.0.0 Safari/537.36"
103.40.199.68 - - [03/Nov/2025:14:48:55 +0530] "GET /ngsw.json?ngsw-cache-bust=0.4405294955845047 HTTP/1.1" 200 12508 "https://my.cerill.com/ngsw-worker.js" "Mozilla/5.0 (Windows NT 10.0; Win64; x64) AppleWebKit/537.36 (KHTML, like Gecko) Chrome/109.0.0.0 Safari/537.36"
103.40.199.68 - - [03/Nov/2025:14:50:04 +0530] "GET /ngsw-worker.js HTTP/1.1" 304 - "https://my.cerill.com/ngsw-worker.js" "Mozilla/5.0 (Windows NT 10.0; Win64; x64) AppleWebKit/537.36 (KHTML, like Gecko) Chrome/109.0.0.0 Safari/537.36"
103.40.199.68 - - [03/Nov/2025:14:50:08 +0530] "GET /ngsw.json?ngsw-cache-bust=0.10104900085436763 HTTP/1.1" 200 12508 "https://my.cerill.com/ngsw-worker.js" "Mozilla/5.0 (Windows NT 10.0; Win64; x64) AppleWebKit/537.36 (KHTML, like Gecko) Chrome/109.0.0.0 Safari/537.36"
103.40.199.68 - - [03/Nov/2025:14:50:08 +0530] "GET /ngsw.json?ngsw-cache-bust=0.10998041751327259 HTTP/1.1" 200 12508 "https://my.cerill.com/ngsw-worker.js" "Mozilla/5.0 (Windows NT 10.0; Win64; x64) AppleWebKit/537.36 (KHTML, like Gecko) Chrome/109.0.0.0 Safari/537.36"
