49.44.81.139 - - [08/Nov/2025:09:52:48 +0530] "GET /manifest.webmanifest HTTP/1.1" 200 1336 "https://my.cerill.com/" "Mozilla/5.0 (Linux; Android 10; K) AppleWebKit/537.36 (KHTML, like Gecko) Chrome/140.0.0.0 Mobile Safari/537.36"
49.44.81.139 - - [08/Nov/2025:09:52:48 +0530] "GET /assets/icons/icon-144x144.png HTTP/1.1" 200 1756 "https://my.cerill.com/" "Mozilla/5.0 (Linux; Android 10; K) AppleWebKit/537.36 (KHTML, like Gecko) Chrome/140.0.0.0 Mobile Safari/537.36"
49.44.81.139 - - [08/Nov/2025:09:52:49 +0530] "GET /fa-solid-900.ee6983981ffcbb41.woff2 HTTP/1.1" 200 158220 "https://my.cerill.com/" "Mozilla/5.0 (Linux; Android 10; K) AppleWebKit/537.36 (KHTML, like Gecko) Chrome/140.0.0.0 Mobile Safari/537.36"
49.44.81.139 - - [08/Nov/2025:09:52:53 +0530] "GET /fa-regular-400.849b82e233cfe2f9.woff2 HTTP/1.1" 200 25472 "https://my.cerill.com/" "Mozilla/5.0 (Linux; Android 10; K) AppleWebKit/537.36 (KHTML, like Gecko) Chrome/140.0.0.0 Mobile Safari/537.36"
152.59.119.103 - - [08/Nov/2025:09:52:53 +0530] "GET /1197.079ad0c7d6de2e06.js HTTP/1.1" 200 2512 "https://my.cerill.com/ngsw-worker.js" "Mozilla/5.0 (Linux; Android 10; K) AppleWebKit/537.36 (KHTML, like Gecko) Chrome/142.0.0.0 Mobile Safari/537.36"
152.59.119.103 - - [08/Nov/2025:09:52:53 +0530] "GET /1371.f23f4fc94f5ed638.js HTTP/1.1" 200 4163 "https://my.cerill.com/ngsw-worker.js" "Mozilla/5.0 (Linux; Android 10; K) AppleWebKit/537.36 (KHTML, like Gecko) Chrome/142.0.0.0 Mobile Safari/537.36"
152.59.119.103 - - [08/Nov/2025:09:52:53 +0530] "GET /147.ae11e3a98dadb3de.js HTTP/1.1" 200 157377 "https://my.cerill.com/ngsw-worker.js" "Mozilla/5.0 (Linux; Android 10; K) AppleWebKit/537.36 (KHTML, like Gecko) Chrome/142.0.0.0 Mobile Safari/537.36"
152.59.119.103 - - [08/Nov/2025:09:52:55 +0530] "GET /1802.426d88b89cf08df6.js HTTP/1.1" 200 3621 "https://my.cerill.com/ngsw-worker.js" "Mozilla/5.0 (Linux; Android 10; K) AppleWebKit/537.36 (KHTML, like Gecko) Chrome/142.0.0.0 Mobile Safari/537.36"
152.59.119.103 - - [08/Nov/2025:09:52:55 +0530] "GET /1879.811d0e61cf500a48.js HTTP/1.1" 200 3723 "https://my.cerill.com/ngsw-worker.js" "Mozilla/5.0 (Linux; Android 10; K) AppleWebKit/537.36 (KHTML, like Gecko) Chrome/142.0.0.0 Mobile Safari/537.36"
152.59.119.103 - - [08/Nov/2025:09:52:55 +0530] "GET /1969.0f8048d79914f21b.js HTTP/1.1" 200 20447 "https://my.cerill.com/ngsw-worker.js" "Mozilla/5.0 (Linux; Android 10; K) AppleWebKit/537.36 (KHTML, like Gecko) Chrome/142.0.0.0 Mobile Safari/537.36"
152.59.119.103 - - [08/Nov/2025:09:52:55 +0530] "GET /2099.7e06bb1623a77a5d.js HTTP/1.1" 200 7048 "https://my.cerill.com/ngsw-worker.js" "Mozilla/5.0 (Linux; Android 10; K) AppleWebKit/537.36 (KHTML, like Gecko) Chrome/142.0.0.0 Mobile Safari/537.36"
152.59.119.103 - - [08/Nov/2025:09:52:56 +0530] "GET /2118.87b81b18ee1dd4ce.js HTTP/1.1" 200 2885 "https://my.cerill.com/ngsw-worker.js" "Mozilla/5.0 (Linux; Android 10; K) AppleWebKit/537.36 (KHTML, like Gecko) Chrome/142.0.0.0 Mobile Safari/537.36"
152.59.119.103 - - [08/Nov/2025:09:52:56 +0530] "GET /2238.c9fe0e6aca5cf39e.js HTTP/1.1" 200 16164 "https://my.cerill.com/ngsw-worker.js" "Mozilla/5.0 (Linux; Android 10; K) AppleWebKit/537.36 (KHTML, like Gecko) Chrome/142.0.0.0 Mobile Safari/537.36"
152.59.119.103 - - [08/Nov/2025:09:52:56 +0530] "GET /2258.ea4fcdf124aef1ce.js HTTP/1.1" 200 39890 "https://my.cerill.com/ngsw-worker.js" "Mozilla/5.0 (Linux; Android 10; K) AppleWebKit/537.36 (KHTML, like Gecko) Chrome/142.0.0.0 Mobile Safari/537.36"
152.59.119.103 - - [08/Nov/2025:09:52:57 +0530] "GET /2384.f70ae7409e677054.js HTTP/1.1" 200 62811 "https://my.cerill.com/ngsw-worker.js" "Mozilla/5.0 (Linux; Android 10; K) AppleWebKit/537.36 (KHTML, like Gecko) Chrome/142.0.0.0 Mobile Safari/537.36"
152.59.119.103 - - [08/Nov/2025:09:52:57 +0530] "GET /2405.d744495dfc7d8b36.js HTTP/1.1" 200 8284 "https://my.cerill.com/ngsw-worker.js" "Mozilla/5.0 (Linux; Android 10; K) AppleWebKit/537.36 (KHTML, like Gecko) Chrome/142.0.0.0 Mobile Safari/537.36"
152.59.119.103 - - [08/Nov/2025:09:52:57 +0530] "GET /3208.5119a1dd3277cf31.js HTTP/1.1" 200 40847 "https://my.cerill.com/ngsw-worker.js" "Mozilla/5.0 (Linux; Android 10; K) AppleWebKit/537.36 (KHTML, like Gecko) Chrome/142.0.0.0 Mobile Safari/537.36"
152.59.119.103 - - [08/Nov/2025:09:52:58 +0530] "GET /3490.dd710f5cdb1adb8c.js HTTP/1.1" 200 23691 "https://my.cerill.com/ngsw-worker.js" "Mozilla/5.0 (Linux; Android 10; K) AppleWebKit/537.36 (KHTML, like Gecko) Chrome/142.0.0.0 Mobile Safari/537.36"
152.59.119.103 - - [08/Nov/2025:09:52:58 +0530] "GET /3634.b50ebb18adc820f1.js HTTP/1.1" 200 13673 "https://my.cerill.com/ngsw-worker.js" "Mozilla/5.0 (Linux; Android 10; K) AppleWebKit/537.36 (KHTML, like Gecko) Chrome/142.0.0.0 Mobile Safari/537.36"
152.59.119.103 - - [08/Nov/2025:09:52:58 +0530] "GET /4005.bb4a9fb2d4f99ae4.js HTTP/1.1" 200 187965 "https://my.cerill.com/ngsw-worker.js" "Mozilla/5.0 (Linux; Android 10; K) AppleWebKit/537.36 (KHTML, like Gecko) Chrome/142.0.0.0 Mobile Safari/537.36"
152.59.119.103 - - [08/Nov/2025:09:52:59 +0530] "GET /4012.9474ab8ada51aa0c.js HTTP/1.1" 200 6280 "https://my.cerill.com/ngsw-worker.js" "Mozilla/5.0 (Linux; Android 10; K) AppleWebKit/537.36 (KHTML, like Gecko) Chrome/142.0.0.0 Mobile Safari/537.36"
152.59.119.103 - - [08/Nov/2025:09:52:59 +0530] "GET /4505.557992c8504446a3.js HTTP/1.1" 200 39381 "https://my.cerill.com/ngsw-worker.js" "Mozilla/5.0 (Linux; Android 10; K) AppleWebKit/537.36 (KHTML, like Gecko) Chrome/142.0.0.0 Mobile Safari/537.36"
152.59.119.103 - - [08/Nov/2025:09:52:59 +0530] "GET /4700.93dc337262b92852.js HTTP/1.1" 200 2494 "https://my.cerill.com/ngsw-worker.js" "Mozilla/5.0 (Linux; Android 10; K) AppleWebKit/537.36 (KHTML, like Gecko) Chrome/142.0.0.0 Mobile Safari/537.36"
152.59.119.103 - - [08/Nov/2025:09:53:00 +0530] "GET /5157.61655fa1d4d460be.js HTTP/1.1" 200 4287 "https://my.cerill.com/ngsw-worker.js" "Mozilla/5.0 (Linux; Android 10; K) AppleWebKit/537.36 (KHTML, like Gecko) Chrome/142.0.0.0 Mobile Safari/537.36"
152.59.119.103 - - [08/Nov/2025:09:53:00 +0530] "GET /5428.482d6bc1d6b77214.js HTTP/1.1" 200 7251 "https://my.cerill.com/ngsw-worker.js" "Mozilla/5.0 (Linux; Android 10; K) AppleWebKit/537.36 (KHTML, like Gecko) Chrome/142.0.0.0 Mobile Safari/537.36"
152.59.119.103 - - [08/Nov/2025:09:53:00 +0530] "GET /5503.7532f74eed4b80c6.js HTTP/1.1" 200 18910 "https://my.cerill.com/ngsw-worker.js" "Mozilla/5.0 (Linux; Android 10; K) AppleWebKit/537.36 (KHTML, like Gecko) Chrome/142.0.0.0 Mobile Safari/537.36"
152.59.119.103 - - [08/Nov/2025:09:53:01 +0530] "GET /5763.a33285434c95e259.js HTTP/1.1" 200 4245 "https://my.cerill.com/ngsw-worker.js" "Mozilla/5.0 (Linux; Android 10; K) AppleWebKit/537.36 (KHTML, like Gecko) Chrome/142.0.0.0 Mobile Safari/537.36"
152.59.119.103 - - [08/Nov/2025:09:53:01 +0530] "GET /5804.87530db9fb617855.js HTTP/1.1" 200 12955 "https://my.cerill.com/ngsw-worker.js" "Mozilla/5.0 (Linux; Android 10; K) AppleWebKit/537.36 (KHTML, like Gecko) Chrome/142.0.0.0 Mobile Safari/537.36"
152.59.119.103 - - [08/Nov/2025:09:53:01 +0530] "GET /5970.06df533b90a55295.js HTTP/1.1" 200 3428 "https://my.cerill.com/ngsw-worker.js" "Mozilla/5.0 (Linux; Android 10; K) AppleWebKit/537.36 (KHTML, like Gecko) Chrome/142.0.0.0 Mobile Safari/537.36"
152.59.119.103 - - [08/Nov/2025:09:53:02 +0530] "GET /627.0f379a6364def40b.js HTTP/1.1" 200 22012 "https://my.cerill.com/ngsw-worker.js" "Mozilla/5.0 (Linux; Android 10; K) AppleWebKit/537.36 (KHTML, like Gecko) Chrome/142.0.0.0 Mobile Safari/537.36"
152.59.119.103 - - [08/Nov/2025:09:53:02 +0530] "GET /6301.6eb67a1861bcbcaf.js HTTP/1.1" 200 6143 "https://my.cerill.com/ngsw-worker.js" "Mozilla/5.0 (Linux; Android 10; K) AppleWebKit/537.36 (KHTML, like Gecko) Chrome/142.0.0.0 Mobile Safari/537.36"
152.59.119.103 - - [08/Nov/2025:09:53:02 +0530] "GET /6397.b3b5c092ce06b8f5.js HTTP/1.1" 200 9124 "https://my.cerill.com/ngsw-worker.js" "Mozilla/5.0 (Linux; Android 10; K) AppleWebKit/537.36 (KHTML, like Gecko) Chrome/142.0.0.0 Mobile Safari/537.36"
152.59.119.103 - - [08/Nov/2025:09:53:03 +0530] "GET /6694.baf483cb546a67dc.js HTTP/1.1" 200 3622 "https://my.cerill.com/ngsw-worker.js" "Mozilla/5.0 (Linux; Android 10; K) AppleWebKit/537.36 (KHTML, like Gecko) Chrome/142.0.0.0 Mobile Safari/537.36"
152.59.119.103 - - [08/Nov/2025:09:53:03 +0530] "GET /6916.4a0c1e608f8f7d32.js HTTP/1.1" 200 3377 "https://my.cerill.com/ngsw-worker.js" "Mozilla/5.0 (Linux; Android 10; K) AppleWebKit/537.36 (KHTML, like Gecko) Chrome/142.0.0.0 Mobile Safari/537.36"
152.59.119.103 - - [08/Nov/2025:09:53:03 +0530] "GET /6931.340fc9db237b72c2.js HTTP/1.1" 200 5773 "https://my.cerill.com/ngsw-worker.js" "Mozilla/5.0 (Linux; Android 10; K) AppleWebKit/537.36 (KHTML, like Gecko) Chrome/142.0.0.0 Mobile Safari/537.36"
152.59.119.103 - - [08/Nov/2025:09:53:04 +0530] "GET /715.8182f782b710ae95.js HTTP/1.1" 200 219614 "https://my.cerill.com/ngsw-worker.js" "Mozilla/5.0 (Linux; Android 10; K) AppleWebKit/537.36 (KHTML, like Gecko) Chrome/142.0.0.0 Mobile Safari/537.36"
152.59.119.103 - - [08/Nov/2025:09:53:04 +0530] "GET /7261.26c74f4816a8be22.js HTTP/1.1" 200 3213 "https://my.cerill.com/ngsw-worker.js" "Mozilla/5.0 (Linux; Android 10; K) AppleWebKit/537.36 (KHTML, like Gecko) Chrome/142.0.0.0 Mobile Safari/537.36"
152.59.119.103 - - [08/Nov/2025:09:53:04 +0530] "GET /7399.fb8e82cab74238ad.js HTTP/1.1" 200 2848 "https://my.cerill.com/ngsw-worker.js" "Mozilla/5.0 (Linux; Android 10; K) AppleWebKit/537.36 (KHTML, like Gecko) Chrome/142.0.0.0 Mobile Safari/537.36"
152.59.119.103 - - [08/Nov/2025:09:53:05 +0530] "GET /7502.4e68b1a5af4e5d90.js HTTP/1.1" 200 6966 "https://my.cerill.com/ngsw-worker.js" "Mozilla/5.0 (Linux; Android 10; K) AppleWebKit/537.36 (KHTML, like Gecko) Chrome/142.0.0.0 Mobile Safari/537.36"
152.59.119.103 - - [08/Nov/2025:09:53:05 +0530] "GET /7580.116c1e7483c82fb0.js HTTP/1.1" 200 31915 "https://my.cerill.com/ngsw-worker.js" "Mozilla/5.0 (Linux; Android 10; K) AppleWebKit/537.36 (KHTML, like Gecko) Chrome/142.0.0.0 Mobile Safari/537.36"
152.59.119.103 - - [08/Nov/2025:09:53:05 +0530] "GET /7586.7411434da8507547.js HTTP/1.1" 200 388553 "https://my.cerill.com/ngsw-worker.js" "Mozilla/5.0 (Linux; Android 10; K) AppleWebKit/537.36 (KHTML, like Gecko) Chrome/142.0.0.0 Mobile Safari/537.36"
152.59.119.103 - - [08/Nov/2025:09:53:06 +0530] "GET /7611.e1b40ee92f5c8020.js HTTP/1.1" 200 12679 "https://my.cerill.com/ngsw-worker.js" "Mozilla/5.0 (Linux; Android 10; K) AppleWebKit/537.36 (KHTML, like Gecko) Chrome/142.0.0.0 Mobile Safari/537.36"
152.59.119.103 - - [08/Nov/2025:09:53:06 +0530] "GET /7731.687489202bca4dc7.js HTTP/1.1" 200 28724 "https://my.cerill.com/ngsw-worker.js" "Mozilla/5.0 (Linux; Android 10; K) AppleWebKit/537.36 (KHTML, like Gecko) Chrome/142.0.0.0 Mobile Safari/537.36"
152.59.119.103 - - [08/Nov/2025:09:53:06 +0530] "GET /7961.b8c685d37f3d62c3.js HTTP/1.1" 200 4613 "https://my.cerill.com/ngsw-worker.js" "Mozilla/5.0 (Linux; Android 10; K) AppleWebKit/537.36 (KHTML, like Gecko) Chrome/142.0.0.0 Mobile Safari/537.36"
152.59.119.103 - - [08/Nov/2025:09:53:07 +0530] "GET /8037.182bd4bc87fbd6e2.js HTTP/1.1" 200 1241 "https://my.cerill.com/ngsw-worker.js" "Mozilla/5.0 (Linux; Android 10; K) AppleWebKit/537.36 (KHTML, like Gecko) Chrome/142.0.0.0 Mobile Safari/537.36"
152.59.119.103 - - [08/Nov/2025:09:53:07 +0530] "GET /8593.d0353afd7b78e8a3.js HTTP/1.1" 200 27830 "https://my.cerill.com/ngsw-worker.js" "Mozilla/5.0 (Linux; Android 10; K) AppleWebKit/537.36 (KHTML, like Gecko) Chrome/142.0.0.0 Mobile Safari/537.36"
152.59.119.103 - - [08/Nov/2025:09:53:07 +0530] "GET /8625.783be70ae3215100.js HTTP/1.1" 200 1850 "https://my.cerill.com/ngsw-worker.js" "Mozilla/5.0 (Linux; Android 10; K) AppleWebKit/537.36 (KHTML, like Gecko) Chrome/142.0.0.0 Mobile Safari/537.36"
152.59.119.103 - - [08/Nov/2025:09:53:08 +0530] "GET /8631.e356b2959195c865.js HTTP/1.1" 200 30169 "https://my.cerill.com/ngsw-worker.js" "Mozilla/5.0 (Linux; Android 10; K) AppleWebKit/537.36 (KHTML, like Gecko) Chrome/142.0.0.0 Mobile Safari/537.36"
152.59.119.103 - - [08/Nov/2025:09:53:08 +0530] "GET /9098.5418fa44a130a5fa.js HTTP/1.1" 200 3748 "https://my.cerill.com/ngsw-worker.js" "Mozilla/5.0 (Linux; Android 10; K) AppleWebKit/537.36 (KHTML, like Gecko) Chrome/142.0.0.0 Mobile Safari/537.36"
152.59.119.103 - - [08/Nov/2025:09:53:08 +0530] "GET /9758.4084f78e8819780e.js HTTP/1.1" 200 29689 "https://my.cerill.com/ngsw-worker.js" "Mozilla/5.0 (Linux; Android 10; K) AppleWebKit/537.36 (KHTML, like Gecko) Chrome/142.0.0.0 Mobile Safari/537.36"
152.59.119.103 - - [08/Nov/2025:09:53:09 +0530] "GET /favicon.ico HTTP/1.1" 200 948 "https://my.cerill.com/ngsw-worker.js" "Mozilla/5.0 (Linux; Android 10; K) AppleWebKit/537.36 (KHTML, like Gecko) Chrome/142.0.0.0 Mobile Safari/537.36"
152.59.119.103 - - [08/Nov/2025:09:53:09 +0530] "GET /index.html HTTP/1.1" 200 8166 "https://my.cerill.com/ngsw-worker.js" "Mozilla/5.0 (Linux; Android 10; K) AppleWebKit/537.36 (KHTML, like Gecko) Chrome/142.0.0.0 Mobile Safari/537.36"
152.58.79.63 - - [08/Nov/2025:09:53:10 +0530] "GET /ngsw.json?ngsw-cache-bust=0.6392748819192705 HTTP/1.1" 200 12508 "https://my.cerill.com/ngsw-worker.js" "Mozilla/5.0 (Windows NT 10.0; Win64; x64) AppleWebKit/537.36 (KHTML, like Gecko) Chrome/142.0.0.0 Safari/537.36"
152.58.79.63 - - [08/Nov/2025:09:53:50 +0530] "GET /ngsw-worker.js HTTP/1.1" 304 - "https://my.cerill.com/ngsw-worker.js" "Mozilla/5.0 (Windows NT 10.0; Win64; x64) AppleWebKit/537.36 (KHTML, like Gecko) Chrome/142.0.0.0 Safari/537.36"
152.58.79.63 - - [08/Nov/2025:09:53:56 +0530] "GET /ngsw.json?ngsw-cache-bust=0.9301133982678352 HTTP/1.1" 200 12508 "https://my.cerill.com/ngsw-worker.js" "Mozilla/5.0 (Windows NT 10.0; Win64; x64) AppleWebKit/537.36 (KHTML, like Gecko) Chrome/142.0.0.0 Safari/537.36"
152.58.79.63 - - [08/Nov/2025:09:53:56 +0530] "GET /ngsw.json?ngsw-cache-bust=0.17886448095729446 HTTP/1.1" 200 12508 "https://my.cerill.com/ngsw-worker.js" "Mozilla/5.0 (Windows NT 10.0; Win64; x64) AppleWebKit/537.36 (KHTML, like Gecko) Chrome/142.0.0.0 Safari/537.36"
152.58.79.63 - - [08/Nov/2025:09:58:56 +0530] "GET /ngsw.json?ngsw-cache-bust=0.48530447097409435 HTTP/1.1" 200 12508 "https://my.cerill.com/ngsw-worker.js" "Mozilla/5.0 (Windows NT 10.0; Win64; x64) AppleWebKit/537.36 (KHTML, like Gecko) Chrome/142.0.0.0 Safari/537.36"
152.59.119.103 - - [08/Nov/2025:10:02:56 +0530] "GET /ngsw-worker.js HTTP/1.1" 304 - "https://my.cerill.com/ngsw-worker.js" "Mozilla/5.0 (Linux; Android 10; K) AppleWebKit/537.36 (KHTML, like Gecko) Chrome/142.0.0.0 Mobile Safari/537.36"
152.59.119.103 - - [08/Nov/2025:10:03:01 +0530] "GET /ngsw.json?ngsw-cache-bust=0.06517622521081601 HTTP/1.1" 200 12508 "https://my.cerill.com/ngsw-worker.js" "Mozilla/5.0 (Linux; Android 10; K) AppleWebKit/537.36 (KHTML, like Gecko) Chrome/142.0.0.0 Mobile Safari/537.36"
152.59.119.103 - - [08/Nov/2025:10:03:02 +0530] "GET /ngsw.json?ngsw-cache-bust=0.21409153681654547 HTTP/1.1" 200 12508 "https://my.cerill.com/ngsw-worker.js" "Mozilla/5.0 (Linux; Android 10; K) AppleWebKit/537.36 (KHTML, like Gecko) Chrome/142.0.0.0 Mobile Safari/537.36"
152.58.78.197 - - [08/Nov/2025:10:07:11 +0530] "GET / HTTP/1.1" 200 8166 "-" "Mozilla/5.0 (iPhone; CPU iPhone OS 18_2 like Mac OS X) AppleWebKit/605.1.15 (KHTML, like Gecko) Version/18.2 Mobile/15E148 Safari/604.1"
152.58.78.197 - - [08/Nov/2025:10:07:11 +0530] "GET /manifest.webmanifest HTTP/1.1" 200 1336 "https://my.cerill.com/" "Mozilla/5.0 (iPhone; CPU iPhone OS 18_2 like Mac OS X) AppleWebKit/605.1.15 (KHTML, like Gecko) Version/18.2 Mobile/15E148 Safari/604.1"
152.58.78.197 - - [08/Nov/2025:10:07:12 +0530] "GET /polyfills.831c296c51eb72f7.js HTTP/1.1" 200 34843 "https://my.cerill.com/" "Mozilla/5.0 (iPhone; CPU iPhone OS 18_2 like Mac OS X) AppleWebKit/605.1.15 (KHTML, like Gecko) Version/18.2 Mobile/15E148 Safari/604.1"
152.58.78.197 - - [08/Nov/2025:10:07:12 +0530] "GET /runtime.bcfacb1707b4e27e.js HTTP/1.1" 200 4472 "https://my.cerill.com/" "Mozilla/5.0 (iPhone; CPU iPhone OS 18_2 like Mac OS X) AppleWebKit/605.1.15 (KHTML, like Gecko) Version/18.2 Mobile/15E148 Safari/604.1"
152.58.78.197 - - [08/Nov/2025:10:07:12 +0530] "GET /scripts.b538351bb7336a90.js HTTP/1.1" 200 228453 "https://my.cerill.com/" "Mozilla/5.0 (iPhone; CPU iPhone OS 18_2 like Mac OS X) AppleWebKit/605.1.15 (KHTML, like Gecko) Version/18.2 Mobile/15E148 Safari/604.1"
152.58.78.197 - - [08/Nov/2025:10:07:12 +0530] "GET /styles.5bca02722b6d25c8.css HTTP/1.1" 200 395682 "https://my.cerill.com/" "Mozilla/5.0 (iPhone; CPU iPhone OS 18_2 like Mac OS X) AppleWebKit/605.1.15 (KHTML, like Gecko) Version/18.2 Mobile/15E148 Safari/604.1"
152.58.78.197 - - [08/Nov/2025:10:07:11 +0530] "GET /main.fad73ec275fb78f6.js HTTP/1.1" 200 722170 "https://my.cerill.com/" "Mozilla/5.0 (iPhone; CPU iPhone OS 18_2 like Mac OS X) AppleWebKit/605.1.15 (KHTML, like Gecko) Version/18.2 Mobile/15E148 Safari/604.1"
152.58.78.197 - - [08/Nov/2025:10:07:13 +0530] "GET /8314.7aee43d723936261.js HTTP/1.1" 200 24004 "https://my.cerill.com/" "Mozilla/5.0 (iPhone; CPU iPhone OS 18_2 like Mac OS X) AppleWebKit/605.1.15 (KHTML, like Gecko) Version/18.2 Mobile/15E148 Safari/604.1"
152.58.78.197 - - [08/Nov/2025:10:07:13 +0530] "GET /9860.268d559756388966.js HTTP/1.1" 200 96047 "https://my.cerill.com/" "Mozilla/5.0 (iPhone; CPU iPhone OS 18_2 like Mac OS X) AppleWebKit/605.1.15 (KHTML, like Gecko) Version/18.2 Mobile/15E148 Safari/604.1"
152.58.78.197 - - [08/Nov/2025:10:07:13 +0530] "GET /9402.4eca41347f9f016d.js HTTP/1.1" 200 861819 "https://my.cerill.com/" "Mozilla/5.0 (iPhone; CPU iPhone OS 18_2 like Mac OS X) AppleWebKit/605.1.15 (KHTML, like Gecko) Version/18.2 Mobile/15E148 Safari/604.1"
152.58.78.197 - - [08/Nov/2025:10:07:14 +0530] "GET /assets/custom/images/favicon.svg HTTP/1.1" 200 3388 "https://my.cerill.com/" "Mozilla/5.0 (iPhone; CPU iPhone OS 18_2 like Mac OS X) AppleWebKit/605.1.15 (KHTML, like Gecko) Version/18.2 Mobile/15E148 Safari/604.1"
152.58.78.197 - - [08/Nov/2025:10:07:14 +0530] "GET /ngsw-worker.js HTTP/1.1" 200 84115 "https://my.cerill.com/" "Mozilla/5.0 (iPhone; CPU iPhone OS 18_2 like Mac OS X) AppleWebKit/605.1.15 (KHTML, like Gecko) Version/18.2 Mobile/15E148 Safari/604.1"
152.58.78.197 - - [08/Nov/2025:10:07:15 +0530] "GET /fa-solid-900.ee6983981ffcbb41.woff2 HTTP/1.1" 200 158220 "https://my.cerill.com/" "Mozilla/5.0 (iPhone; CPU iPhone OS 18_2 like Mac OS X) AppleWebKit/605.1.15 (KHTML, like Gecko) Version/18.2 Mobile/15E148 Safari/604.1"
152.58.78.197 - - [08/Nov/2025:10:07:15 +0530] "GET /ngsw.json?ngsw-cache-bust=0.931928326455755 HTTP/1.1" 200 12508 "https://my.cerill.com/ngsw-worker.js" "Mozilla/5.0 (iPhone; CPU iPhone OS 18_2 like Mac OS X) AppleWebKit/605.1.15 (KHTML, like Gecko) Version/18.2 Mobile/15E148 Safari/604.1"
152.58.78.197 - - [08/Nov/2025:10:07:15 +0530] "GET /fa-regular-400.849b82e233cfe2f9.woff2 HTTP/1.1" 200 25472 "https://my.cerill.com/" "Mozilla/5.0 (iPhone; CPU iPhone OS 18_2 like Mac OS X) AppleWebKit/605.1.15 (KHTML, like Gecko) Version/18.2 Mobile/15E148 Safari/604.1"
152.58.78.197 - - [08/Nov/2025:10:07:21 +0530] "GET /1197.079ad0c7d6de2e06.js HTTP/1.1" 200 2512 "https://my.cerill.com/ngsw-worker.js" "Mozilla/5.0 (iPhone; CPU iPhone OS 18_2 like Mac OS X) AppleWebKit/605.1.15 (KHTML, like Gecko) Version/18.2 Mobile/15E148 Safari/604.1"
152.58.78.197 - - [08/Nov/2025:10:07:21 +0530] "GET /1371.f23f4fc94f5ed638.js HTTP/1.1" 200 4163 "https://my.cerill.com/ngsw-worker.js" "Mozilla/5.0 (iPhone; CPU iPhone OS 18_2 like Mac OS X) AppleWebKit/605.1.15 (KHTML, like Gecko) Version/18.2 Mobile/15E148 Safari/604.1"
152.58.78.197 - - [08/Nov/2025:10:07:21 +0530] "GET /147.ae11e3a98dadb3de.js HTTP/1.1" 200 157377 "https://my.cerill.com/ngsw-worker.js" "Mozilla/5.0 (iPhone; CPU iPhone OS 18_2 like Mac OS X) AppleWebKit/605.1.15 (KHTML, like Gecko) Version/18.2 Mobile/15E148 Safari/604.1"
152.58.78.197 - - [08/Nov/2025:10:07:23 +0530] "GET /1802.426d88b89cf08df6.js HTTP/1.1" 200 3621 "https://my.cerill.com/ngsw-worker.js" "Mozilla/5.0 (iPhone; CPU iPhone OS 18_2 like Mac OS X) AppleWebKit/605.1.15 (KHTML, like Gecko) Version/18.2 Mobile/15E148 Safari/604.1"
152.58.78.197 - - [08/Nov/2025:10:07:23 +0530] "GET /1879.811d0e61cf500a48.js HTTP/1.1" 200 3723 "https://my.cerill.com/ngsw-worker.js" "Mozilla/5.0 (iPhone; CPU iPhone OS 18_2 like Mac OS X) AppleWebKit/605.1.15 (KHTML, like Gecko) Version/18.2 Mobile/15E148 Safari/604.1"
152.58.78.197 - - [08/Nov/2025:10:07:23 +0530] "GET /1969.0f8048d79914f21b.js HTTP/1.1" 200 20447 "https://my.cerill.com/ngsw-worker.js" "Mozilla/5.0 (iPhone; CPU iPhone OS 18_2 like Mac OS X) AppleWebKit/605.1.15 (KHTML, like Gecko) Version/18.2 Mobile/15E148 Safari/604.1"
152.58.78.197 - - [08/Nov/2025:10:07:24 +0530] "GET /2099.7e06bb1623a77a5d.js HTTP/1.1" 200 7048 "https://my.cerill.com/ngsw-worker.js" "Mozilla/5.0 (iPhone; CPU iPhone OS 18_2 like Mac OS X) AppleWebKit/605.1.15 (KHTML, like Gecko) Version/18.2 Mobile/15E148 Safari/604.1"
152.58.78.197 - - [08/Nov/2025:10:07:24 +0530] "GET /2118.87b81b18ee1dd4ce.js HTTP/1.1" 200 2885 "https://my.cerill.com/ngsw-worker.js" "Mozilla/5.0 (iPhone; CPU iPhone OS 18_2 like Mac OS X) AppleWebKit/605.1.15 (KHTML, like Gecko) Version/18.2 Mobile/15E148 Safari/604.1"
152.58.78.197 - - [08/Nov/2025:10:07:24 +0530] "GET /2238.c9fe0e6aca5cf39e.js HTTP/1.1" 200 16164 "https://my.cerill.com/ngsw-worker.js" "Mozilla/5.0 (iPhone; CPU iPhone OS 18_2 like Mac OS X) AppleWebKit/605.1.15 (KHTML, like Gecko) Version/18.2 Mobile/15E148 Safari/604.1"
152.58.78.197 - - [08/Nov/2025:10:07:24 +0530] "GET /2258.ea4fcdf124aef1ce.js HTTP/1.1" 200 39890 "https://my.cerill.com/ngsw-worker.js" "Mozilla/5.0 (iPhone; CPU iPhone OS 18_2 like Mac OS X) AppleWebKit/605.1.15 (KHTML, like Gecko) Version/18.2 Mobile/15E148 Safari/604.1"
152.58.78.197 - - [08/Nov/2025:10:07:25 +0530] "GET /2384.f70ae7409e677054.js HTTP/1.1" 200 62811 "https://my.cerill.com/ngsw-worker.js" "Mozilla/5.0 (iPhone; CPU iPhone OS 18_2 like Mac OS X) AppleWebKit/605.1.15 (KHTML, like Gecko) Version/18.2 Mobile/15E148 Safari/604.1"
152.58.78.197 - - [08/Nov/2025:10:07:25 +0530] "GET /2405.d744495dfc7d8b36.js HTTP/1.1" 200 8284 "https://my.cerill.com/ngsw-worker.js" "Mozilla/5.0 (iPhone; CPU iPhone OS 18_2 like Mac OS X) AppleWebKit/605.1.15 (KHTML, like Gecko) Version/18.2 Mobile/15E148 Safari/604.1"
152.58.78.197 - - [08/Nov/2025:10:07:25 +0530] "GET /3208.5119a1dd3277cf31.js HTTP/1.1" 200 40847 "https://my.cerill.com/ngsw-worker.js" "Mozilla/5.0 (iPhone; CPU iPhone OS 18_2 like Mac OS X) AppleWebKit/605.1.15 (KHTML, like Gecko) Version/18.2 Mobile/15E148 Safari/604.1"
152.58.78.197 - - [08/Nov/2025:10:07:26 +0530] "GET /3490.dd710f5cdb1adb8c.js HTTP/1.1" 200 23691 "https://my.cerill.com/ngsw-worker.js" "Mozilla/5.0 (iPhone; CPU iPhone OS 18_2 like Mac OS X) AppleWebKit/605.1.15 (KHTML, like Gecko) Version/18.2 Mobile/15E148 Safari/604.1"
152.58.78.197 - - [08/Nov/2025:10:07:26 +0530] "GET /3634.b50ebb18adc820f1.js HTTP/1.1" 200 13673 "https://my.cerill.com/ngsw-worker.js" "Mozilla/5.0 (iPhone; CPU iPhone OS 18_2 like Mac OS X) AppleWebKit/605.1.15 (KHTML, like Gecko) Version/18.2 Mobile/15E148 Safari/604.1"
152.58.78.197 - - [08/Nov/2025:10:07:26 +0530] "GET /4005.bb4a9fb2d4f99ae4.js HTTP/1.1" 200 187965 "https://my.cerill.com/ngsw-worker.js" "Mozilla/5.0 (iPhone; CPU iPhone OS 18_2 like Mac OS X) AppleWebKit/605.1.15 (KHTML, like Gecko) Version/18.2 Mobile/15E148 Safari/604.1"
152.58.78.197 - - [08/Nov/2025:10:07:27 +0530] "GET /4012.9474ab8ada51aa0c.js HTTP/1.1" 200 6280 "https://my.cerill.com/ngsw-worker.js" "Mozilla/5.0 (iPhone; CPU iPhone OS 18_2 like Mac OS X) AppleWebKit/605.1.15 (KHTML, like Gecko) Version/18.2 Mobile/15E148 Safari/604.1"
152.58.78.197 - - [08/Nov/2025:10:07:27 +0530] "GET /4505.557992c8504446a3.js HTTP/1.1" 200 39381 "https://my.cerill.com/ngsw-worker.js" "Mozilla/5.0 (iPhone; CPU iPhone OS 18_2 like Mac OS X) AppleWebKit/605.1.15 (KHTML, like Gecko) Version/18.2 Mobile/15E148 Safari/604.1"
152.58.78.197 - - [08/Nov/2025:10:07:27 +0530] "GET /4700.93dc337262b92852.js HTTP/1.1" 200 2494 "https://my.cerill.com/ngsw-worker.js" "Mozilla/5.0 (iPhone; CPU iPhone OS 18_2 like Mac OS X) AppleWebKit/605.1.15 (KHTML, like Gecko) Version/18.2 Mobile/15E148 Safari/604.1"
152.58.78.197 - - [08/Nov/2025:10:07:27 +0530] "GET /5157.61655fa1d4d460be.js HTTP/1.1" 200 4287 "https://my.cerill.com/ngsw-worker.js" "Mozilla/5.0 (iPhone; CPU iPhone OS 18_2 like Mac OS X) AppleWebKit/605.1.15 (KHTML, like Gecko) Version/18.2 Mobile/15E148 Safari/604.1"
152.58.78.197 - - [08/Nov/2025:10:07:28 +0530] "GET /5428.482d6bc1d6b77214.js HTTP/1.1" 200 7251 "https://my.cerill.com/ngsw-worker.js" "Mozilla/5.0 (iPhone; CPU iPhone OS 18_2 like Mac OS X) AppleWebKit/605.1.15 (KHTML, like Gecko) Version/18.2 Mobile/15E148 Safari/604.1"
49.43.89.191 - - [08/Nov/2025:10:32:51 +0530] "GET /ngsw-worker.js HTTP/1.1" 304 - "https://my.cerill.com/ngsw-worker.js" "Mozilla/5.0 (Windows NT 10.0; Win64; x64) AppleWebKit/537.36 (KHTML, like Gecko) Chrome/141.0.0.0 Safari/537.36"
49.43.89.191 - - [08/Nov/2025:10:32:55 +0530] "GET /ngsw-worker.js HTTP/1.1" 304 - "https://my.cerill.com/ngsw-worker.js" "Mozilla/5.0 (Windows NT 10.0; Win64; x64) AppleWebKit/537.36 (KHTML, like Gecko) Chrome/141.0.0.0 Safari/537.36"
49.43.89.191 - - [08/Nov/2025:10:33:04 +0530] "GET /ngsw.json?ngsw-cache-bust=0.012552984801573297 HTTP/1.1" 200 12508 "https://my.cerill.com/ngsw-worker.js" "Mozilla/5.0 (Windows NT 10.0; Win64; x64) AppleWebKit/537.36 (KHTML, like Gecko) Chrome/141.0.0.0 Safari/537.36"
49.43.89.191 - - [08/Nov/2025:10:33:09 +0530] "GET /ngsw.json?ngsw-cache-bust=0.004448300063625621 HTTP/1.1" 200 12508 "https://my.cerill.com/ngsw-worker.js" "Mozilla/5.0 (Windows NT 10.0; Win64; x64) AppleWebKit/537.36 (KHTML, like Gecko) Chrome/141.0.0.0 Safari/537.36"
49.43.89.191 - - [08/Nov/2025:10:34:38 +0530] "GET /ngsw.json?ngsw-cache-bust=0.8328849129883533 HTTP/1.1" 200 12508 "https://my.cerill.com/ngsw-worker.js" "Mozilla/5.0 (Windows NT 10.0; Win64; x64) AppleWebKit/537.36 (KHTML, like Gecko) Chrome/141.0.0.0 Safari/537.36"
49.43.89.191 - - [08/Nov/2025:10:37:12 +0530] "GET /ngsw.json?ngsw-cache-bust=0.25669275501752076 HTTP/1.1" 200 12508 "https://my.cerill.com/ngsw-worker.js" "Mozilla/5.0 (Windows NT 10.0; Win64; x64) AppleWebKit/537.36 (KHTML, like Gecko) Chrome/141.0.0.0 Safari/537.36"
49.43.89.191 - - [08/Nov/2025:10:38:39 +0530] "GET /ngsw.json?ngsw-cache-bust=0.4337490755764981 HTTP/1.1" 200 12508 "https://my.cerill.com/ngsw-worker.js" "Mozilla/5.0 (Windows NT 10.0; Win64; x64) AppleWebKit/537.36 (KHTML, like Gecko) Chrome/141.0.0.0 Safari/537.36"
49.43.89.191 - - [08/Nov/2025:10:38:57 +0530] "GET /ngsw-worker.js HTTP/1.1" 304 - "https://my.cerill.com/ngsw-worker.js" "Mozilla/5.0 (Windows NT 10.0; Win64; x64) AppleWebKit/537.36 (KHTML, like Gecko) Chrome/141.0.0.0 Safari/537.36"
49.43.89.191 - - [08/Nov/2025:10:39:00 +0530] "GET /ngsw.json?ngsw-cache-bust=0.7024688944267995 HTTP/1.1" 200 12508 "https://my.cerill.com/ngsw-worker.js" "Mozilla/5.0 (Windows NT 10.0; Win64; x64) AppleWebKit/537.36 (KHTML, like Gecko) Chrome/141.0.0.0 Safari/537.36"
152.58.79.63 - - [08/Nov/2025:10:39:15 +0530] "GET /ngsw.json?ngsw-cache-bust=0.6471930095434648 HTTP/1.1" 200 12508 "https://my.cerill.com/ngsw-worker.js" "Mozilla/5.0 (Windows NT 10.0; Win64; x64) AppleWebKit/537.36 (KHTML, like Gecko) Chrome/142.0.0.0 Safari/537.36"
152.58.79.63 - - [08/Nov/2025:10:40:42 +0530] "GET /ngsw.json?ngsw-cache-bust=0.46107272380656483 HTTP/1.1" 200 12508 "https://my.cerill.com/ngsw-worker.js" "Mozilla/5.0 (Windows NT 10.0; Win64; x64) AppleWebKit/537.36 (KHTML, like Gecko) Chrome/142.0.0.0 Safari/537.36"
49.43.89.191 - - [08/Nov/2025:10:52:41 +0530] "GET /ngsw.json?ngsw-cache-bust=0.05424272946173814 HTTP/1.1" 200 12508 "https://my.cerill.com/ngsw-worker.js" "Mozilla/5.0 (Windows NT 10.0; Win64; x64) AppleWebKit/537.36 (KHTML, like Gecko) Chrome/141.0.0.0 Safari/537.36"
103.165.77.203 - - [08/Nov/2025:10:52:44 +0530] "GET /ngsw.json?ngsw-cache-bust=0.9893752981228312 HTTP/1.1" 200 12508 "https://my.cerill.com/ngsw-worker.js" "Mozilla/5.0 (Windows NT 10.0; Win64; x64) AppleWebKit/537.36 (KHTML, like Gecko) Chrome/109.0.0.0 Safari/537.36"
103.110.250.49 - - [08/Nov/2025:10:53:14 +0530] "GET /ngsw.json?ngsw-cache-bust=0.44045306860269184 HTTP/1.1" 200 12508 "https://my.cerill.com/ngsw-worker.js" "Mozilla/5.0 (Windows NT 10.0; Win64; x64) AppleWebKit/537.36 (KHTML, like Gecko) Chrome/142.0.0.0 Safari/537.36"
103.165.77.203 - - [08/Nov/2025:10:53:47 +0530] "GET /ngsw-worker.js HTTP/1.1" 304 - "https://my.cerill.com/ngsw-worker.js" "Mozilla/5.0 (Windows NT 10.0; Win64; x64) AppleWebKit/537.36 (KHTML, like Gecko) Chrome/109.0.0.0 Safari/537.36"
103.165.77.203 - - [08/Nov/2025:10:53:50 +0530] "GET /ngsw.json?ngsw-cache-bust=0.30215617905852055 HTTP/1.1" 200 12508 "https://my.cerill.com/ngsw-worker.js" "Mozilla/5.0 (Windows NT 10.0; Win64; x64) AppleWebKit/537.36 (KHTML, like Gecko) Chrome/109.0.0.0 Safari/537.36"
49.43.89.191 - - [08/Nov/2025:10:53:54 +0530] "GET /ngsw-worker.js HTTP/1.1" 304 - "https://my.cerill.com/ngsw-worker.js" "Mozilla/5.0 (Windows NT 10.0; Win64; x64) AppleWebKit/537.36 (KHTML, like Gecko) Chrome/141.0.0.0 Safari/537.36"
49.43.89.191 - - [08/Nov/2025:10:53:58 +0530] "GET /ngsw.json?ngsw-cache-bust=0.16217207890580143 HTTP/1.1" 200 12508 "https://my.cerill.com/ngsw-worker.js" "Mozilla/5.0 (Windows NT 10.0; Win64; x64) AppleWebKit/537.36 (KHTML, like Gecko) Chrome/141.0.0.0 Safari/537.36"
103.165.77.203 - - [08/Nov/2025:10:54:41 +0530] "GET /ngsw.json?ngsw-cache-bust=0.935704935282367 HTTP/1.1" 200 12508 "https://my.cerill.com/ngsw-worker.js" "Mozilla/5.0 (Windows NT 10.0; Win64; x64) AppleWebKit/537.36 (KHTML, like Gecko) Chrome/109.0.0.0 Safari/537.36"
103.110.250.49 - - [08/Nov/2025:10:55:05 +0530] "GET /ngsw.json?ngsw-cache-bust=0.33477556486868154 HTTP/1.1" 200 12508 "https://my.cerill.com/ngsw-worker.js" "Mozilla/5.0 (Windows NT 10.0; Win64; x64) AppleWebKit/537.36 (KHTML, like Gecko) Chrome/142.0.0.0 Safari/537.36"
103.110.250.49 - - [08/Nov/2025:10:55:09 +0530] "GET /ngsw-worker.js HTTP/1.1" 304 - "https://my.cerill.com/ngsw-worker.js" "Mozilla/5.0 (Windows NT 10.0; Win64; x64) AppleWebKit/537.36 (KHTML, like Gecko) Chrome/142.0.0.0 Safari/537.36"
103.110.250.49 - - [08/Nov/2025:10:55:15 +0530] "GET /ngsw.json?ngsw-cache-bust=0.7449607158561113 HTTP/1.1" 200 12508 "https://my.cerill.com/ngsw-worker.js" "Mozilla/5.0 (Windows NT 10.0; Win64; x64) AppleWebKit/537.36 (KHTML, like Gecko) Chrome/142.0.0.0 Safari/537.36"
103.165.77.203 - - [08/Nov/2025:10:55:44 +0530] "GET /ngsw.json?ngsw-cache-bust=0.7206325743591688 HTTP/1.1" 200 12508 "https://my.cerill.com/ngsw-worker.js" "Mozilla/5.0 (Windows NT 10.0; Win64; x64) AppleWebKit/537.36 (KHTML, like Gecko) Chrome/109.0.0.0 Safari/537.36"
103.165.77.203 - - [08/Nov/2025:10:56:15 +0530] "GET /ngsw-worker.js HTTP/1.1" 304 - "https://my.cerill.com/ngsw-worker.js" "Mozilla/5.0 (Windows NT 10.0; Win64; x64) AppleWebKit/537.36 (KHTML, like Gecko) Chrome/109.0.0.0 Safari/537.36"
103.165.77.203 - - [08/Nov/2025:10:56:18 +0530] "GET /ngsw.json?ngsw-cache-bust=0.7546201989253636 HTTP/1.1" 200 12508 "https://my.cerill.com/ngsw-worker.js" "Mozilla/5.0 (Windows NT 10.0; Win64; x64) AppleWebKit/537.36 (KHTML, like Gecko) Chrome/109.0.0.0 Safari/537.36"
103.165.77.203 - - [08/Nov/2025:10:57:03 +0530] "GET /ngsw.json?ngsw-cache-bust=0.7896679970656915 HTTP/1.1" 200 12508 "https://my.cerill.com/ngsw-worker.js" "Mozilla/5.0 (Windows NT 10.0; Win64; x64) AppleWebKit/537.36 (KHTML, like Gecko) Chrome/109.0.0.0 Safari/537.36"
103.165.77.203 - - [08/Nov/2025:10:57:49 +0530] "GET /ngsw-worker.js HTTP/1.1" 304 - "https://my.cerill.com/ngsw-worker.js" "Mozilla/5.0 (Windows NT 10.0; Win64; x64) AppleWebKit/537.36 (KHTML, like Gecko) Chrome/109.0.0.0 Safari/537.36"
103.165.77.203 - - [08/Nov/2025:10:57:52 +0530] "GET /ngsw.json?ngsw-cache-bust=0.18427818850236855 HTTP/1.1" 200 12508 "https://my.cerill.com/ngsw-worker.js" "Mozilla/5.0 (Windows NT 10.0; Win64; x64) AppleWebKit/537.36 (KHTML, like Gecko) Chrome/109.0.0.0 Safari/537.36"
103.110.250.49 - - [08/Nov/2025:10:58:58 +0530] "GET /ngsw-worker.js HTTP/1.1" 304 - "https://my.cerill.com/ngsw-worker.js" "Mozilla/5.0 (Windows NT 10.0; Win64; x64) AppleWebKit/537.36 (KHTML, like Gecko) Chrome/142.0.0.0 Safari/537.36"
103.110.250.49 - - [08/Nov/2025:10:59:02 +0530] "GET /ngsw.json?ngsw-cache-bust=0.4675027951712871 HTTP/1.1" 200 12508 "https://my.cerill.com/ngsw-worker.js" "Mozilla/5.0 (Windows NT 10.0; Win64; x64) AppleWebKit/537.36 (KHTML, like Gecko) Chrome/142.0.0.0 Safari/537.36"
103.110.250.49 - - [08/Nov/2025:10:59:02 +0530] "GET /ngsw.json?ngsw-cache-bust=0.8122475874577838 HTTP/1.1" 200 12508 "https://my.cerill.com/ngsw-worker.js" "Mozilla/5.0 (Windows NT 10.0; Win64; x64) AppleWebKit/537.36 (KHTML, like Gecko) Chrome/142.0.0.0 Safari/537.36"
103.165.77.203 - - [08/Nov/2025:11:00:13 +0530] "GET /ngsw-worker.js HTTP/1.1" 304 - "https://my.cerill.com/ngsw-worker.js" "Mozilla/5.0 (Windows NT 10.0; Win64; x64) AppleWebKit/537.36 (KHTML, like Gecko) Chrome/109.0.0.0 Safari/537.36"
103.165.77.203 - - [08/Nov/2025:11:00:17 +0530] "GET /ngsw.json?ngsw-cache-bust=0.3720079335342883 HTTP/1.1" 200 12508 "https://my.cerill.com/ngsw-worker.js" "Mozilla/5.0 (Windows NT 10.0; Win64; x64) AppleWebKit/537.36 (KHTML, like Gecko) Chrome/109.0.0.0 Safari/537.36"
103.165.77.203 - - [08/Nov/2025:11:01:15 +0530] "GET /ngsw.json?ngsw-cache-bust=0.8192840418867402 HTTP/1.1" 200 12508 "https://my.cerill.com/ngsw-worker.js" "Mozilla/5.0 (Windows NT 10.0; Win64; x64) AppleWebKit/537.36 (KHTML, like Gecko) Chrome/109.0.0.0 Safari/537.36"
152.58.79.63 - - [08/Nov/2025:11:06:41 +0530] "GET /ngsw.json?ngsw-cache-bust=0.5505713411908792 HTTP/1.1" 200 12508 "https://my.cerill.com/ngsw-worker.js" "Mozilla/5.0 (Windows NT 10.0; Win64; x64) AppleWebKit/537.36 (KHTML, like Gecko) Chrome/142.0.0.0 Safari/537.36"
103.110.250.49 - - [08/Nov/2025:11:09:40 +0530] "GET /ngsw-worker.js HTTP/1.1" 304 - "https://my.cerill.com/ngsw-worker.js" "Mozilla/5.0 (Windows NT 10.0; Win64; x64) AppleWebKit/537.36 (KHTML, like Gecko) Chrome/142.0.0.0 Safari/537.36"
103.110.250.49 - - [08/Nov/2025:11:09:43 +0530] "GET /ngsw.json?ngsw-cache-bust=0.9624955466648635 HTTP/1.1" 200 12508 "https://my.cerill.com/ngsw-worker.js" "Mozilla/5.0 (Windows NT 10.0; Win64; x64) AppleWebKit/537.36 (KHTML, like Gecko) Chrome/142.0.0.0 Safari/537.36"
103.110.250.49 - - [08/Nov/2025:11:09:44 +0530] "GET /ngsw.json?ngsw-cache-bust=0.6381173080768474 HTTP/1.1" 200 12508 "https://my.cerill.com/ngsw-worker.js" "Mozilla/5.0 (Windows NT 10.0; Win64; x64) AppleWebKit/537.36 (KHTML, like Gecko) Chrome/142.0.0.0 Safari/537.36"
152.58.79.63 - - [08/Nov/2025:11:10:10 +0530] "GET /ngsw.json?ngsw-cache-bust=0.7703987751786451 HTTP/1.1" 200 12508 "https://my.cerill.com/ngsw-worker.js" "Mozilla/5.0 (Windows NT 10.0; Win64; x64) AppleWebKit/537.36 (KHTML, like Gecko) Chrome/142.0.0.0 Safari/537.36"
103.110.250.49 - - [08/Nov/2025:11:11:19 +0530] "GET /ngsw.json?ngsw-cache-bust=0.3720730954518584 HTTP/1.1" 200 12508 "https://my.cerill.com/ngsw-worker.js" "Mozilla/5.0 (Windows NT 10.0; Win64; x64) AppleWebKit/537.36 (KHTML, like Gecko) Chrome/142.0.0.0 Safari/537.36"
152.58.79.63 - - [08/Nov/2025:11:11:47 +0530] "GET /ngsw-worker.js HTTP/1.1" 304 - "https://my.cerill.com/ngsw-worker.js" "Mozilla/5.0 (Windows NT 10.0; Win64; x64) AppleWebKit/537.36 (KHTML, like Gecko) Chrome/142.0.0.0 Safari/537.36"
152.58.79.63 - - [08/Nov/2025:11:11:50 +0530] "GET /ngsw.json?ngsw-cache-bust=0.7580711064216878 HTTP/1.1" 200 12508 "https://my.cerill.com/ngsw-worker.js" "Mozilla/5.0 (Windows NT 10.0; Win64; x64) AppleWebKit/537.36 (KHTML, like Gecko) Chrome/142.0.0.0 Safari/537.36"
103.110.250.49 - - [08/Nov/2025:11:16:04 +0530] "GET /ngsw-worker.js HTTP/1.1" 304 - "https://my.cerill.com/ngsw-worker.js" "Mozilla/5.0 (Windows NT 10.0; Win64; x64) AppleWebKit/537.36 (KHTML, like Gecko) Chrome/142.0.0.0 Safari/537.36"
103.110.250.49 - - [08/Nov/2025:11:16:08 +0530] "GET /ngsw.json?ngsw-cache-bust=0.21237963544993665 HTTP/1.1" 200 12508 "https://my.cerill.com/ngsw-worker.js" "Mozilla/5.0 (Windows NT 10.0; Win64; x64) AppleWebKit/537.36 (KHTML, like Gecko) Chrome/142.0.0.0 Safari/537.36"
103.110.250.49 - - [08/Nov/2025:11:16:08 +0530] "GET /ngsw.json?ngsw-cache-bust=0.20420099809640813 HTTP/1.1" 200 12508 "https://my.cerill.com/ngsw-worker.js" "Mozilla/5.0 (Windows NT 10.0; Win64; x64) AppleWebKit/537.36 (KHTML, like Gecko) Chrome/142.0.0.0 Safari/537.36"
49.43.89.191 - - [08/Nov/2025:11:16:09 +0530] "GET /ngsw.json?ngsw-cache-bust=0.11831318249088252 HTTP/1.1" 200 12508 "https://my.cerill.com/ngsw-worker.js" "Mozilla/5.0 (Windows NT 10.0; Win64; x64) AppleWebKit/537.36 (KHTML, like Gecko) Chrome/141.0.0.0 Safari/537.36"
103.110.250.49 - - [08/Nov/2025:11:16:58 +0530] "GET /ngsw-worker.js HTTP/1.1" 304 - "https://my.cerill.com/ngsw-worker.js" "Mozilla/5.0 (Windows NT 10.0; Win64; x64) AppleWebKit/537.36 (KHTML, like Gecko) Chrome/142.0.0.0 Safari/537.36"
103.110.250.49 - - [08/Nov/2025:11:17:02 +0530] "GET /ngsw.json?ngsw-cache-bust=0.1819758622695965 HTTP/1.1" 200 12508 "https://my.cerill.com/ngsw-worker.js" "Mozilla/5.0 (Windows NT 10.0; Win64; x64) AppleWebKit/537.36 (KHTML, like Gecko) Chrome/142.0.0.0 Safari/537.36"
103.110.250.49 - - [08/Nov/2025:11:17:49 +0530] "GET /ngsw-worker.js HTTP/1.1" 304 - "https://my.cerill.com/ngsw-worker.js" "Mozilla/5.0 (Windows NT 10.0; Win64; x64) AppleWebKit/537.36 (KHTML, like Gecko) Chrome/142.0.0.0 Safari/537.36"
103.110.250.49 - - [08/Nov/2025:11:17:53 +0530] "GET /ngsw.json?ngsw-cache-bust=0.058306487169120014 HTTP/1.1" 200 12508 "https://my.cerill.com/ngsw-worker.js" "Mozilla/5.0 (Windows NT 10.0; Win64; x64) AppleWebKit/537.36 (KHTML, like Gecko) Chrome/142.0.0.0 Safari/537.36"
103.110.250.49 - - [08/Nov/2025:11:17:53 +0530] "GET /ngsw.json?ngsw-cache-bust=0.30003388301794576 HTTP/1.1" 200 12508 "https://my.cerill.com/ngsw-worker.js" "Mozilla/5.0 (Windows NT 10.0; Win64; x64) AppleWebKit/537.36 (KHTML, like Gecko) Chrome/142.0.0.0 Safari/537.36"
103.110.250.49 - - [08/Nov/2025:11:18:51 +0530] "GET /ngsw-worker.js HTTP/1.1" 304 - "https://my.cerill.com/ngsw-worker.js" "Mozilla/5.0 (Windows NT 10.0; Win64; x64) AppleWebKit/537.36 (KHTML, like Gecko) Chrome/142.0.0.0 Safari/537.36"
103.110.250.49 - - [08/Nov/2025:11:18:54 +0530] "GET /ngsw.json?ngsw-cache-bust=0.35630060410139885 HTTP/1.1" 200 12508 "https://my.cerill.com/ngsw-worker.js" "Mozilla/5.0 (Windows NT 10.0; Win64; x64) AppleWebKit/537.36 (KHTML, like Gecko) Chrome/142.0.0.0 Safari/537.36"
103.110.250.49 - - [08/Nov/2025:11:21:40 +0530] "GET /ngsw.json?ngsw-cache-bust=0.14111214500086078 HTTP/1.1" 200 12508 "https://my.cerill.com/ngsw-worker.js" "Mozilla/5.0 (Windows NT 10.0; Win64; x64) AppleWebKit/537.36 (KHTML, like Gecko) Chrome/142.0.0.0 Safari/537.36"
103.165.77.203 - - [08/Nov/2025:11:21:44 +0530] "GET /ngsw.json?ngsw-cache-bust=0.15929979439406905 HTTP/1.1" 200 12508 "https://my.cerill.com/ngsw-worker.js" "Mozilla/5.0 (Windows NT 10.0; Win64; x64) AppleWebKit/537.36 (KHTML, like Gecko) Chrome/109.0.0.0 Safari/537.36"
103.165.77.203 - - [08/Nov/2025:11:21:48 +0530] "GET /ngsw-worker.js HTTP/1.1" 304 - "https://my.cerill.com/ngsw-worker.js" "Mozilla/5.0 (Windows NT 10.0; Win64; x64) AppleWebKit/537.36 (KHTML, like Gecko) Chrome/109.0.0.0 Safari/537.36"
103.165.77.203 - - [08/Nov/2025:11:21:52 +0530] "GET /ngsw.json?ngsw-cache-bust=0.8569783502047992 HTTP/1.1" 200 12508 "https://my.cerill.com/ngsw-worker.js" "Mozilla/5.0 (Windows NT 10.0; Win64; x64) AppleWebKit/537.36 (KHTML, like Gecko) Chrome/109.0.0.0 Safari/537.36"
49.43.89.191 - - [08/Nov/2025:11:22:58 +0530] "GET /ngsw.json?ngsw-cache-bust=0.4059860920469823 HTTP/1.1" 200 12508 "https://my.cerill.com/ngsw-worker.js" "Mozilla/5.0 (Windows NT 10.0; Win64; x64) AppleWebKit/537.36 (KHTML, like Gecko) Chrome/141.0.0.0 Safari/537.36"
103.165.77.203 - - [08/Nov/2025:11:23:07 +0530] "GET /ngsw.json?ngsw-cache-bust=0.11726779053241154 HTTP/1.1" 200 12508 "https://my.cerill.com/ngsw-worker.js" "Mozilla/5.0 (Windows NT 10.0; Win64; x64) AppleWebKit/537.36 (KHTML, like Gecko) Chrome/109.0.0.0 Safari/537.36"
103.165.77.203 - - [08/Nov/2025:11:23:44 +0530] "GET /ngsw-worker.js HTTP/1.1" 304 - "https://my.cerill.com/ngsw-worker.js" "Mozilla/5.0 (Windows NT 10.0; Win64; x64) AppleWebKit/537.36 (KHTML, like Gecko) Chrome/109.0.0.0 Safari/537.36"
103.165.77.203 - - [08/Nov/2025:11:23:48 +0530] "GET /ngsw.json?ngsw-cache-bust=0.8450675843312419 HTTP/1.1" 200 12508 "https://my.cerill.com/ngsw-worker.js" "Mozilla/5.0 (Windows NT 10.0; Win64; x64) AppleWebKit/537.36 (KHTML, like Gecko) Chrome/109.0.0.0 Safari/537.36"
103.165.77.203 - - [08/Nov/2025:11:24:55 +0530] "GET /ngsw.json?ngsw-cache-bust=0.48546098050262043 HTTP/1.1" 200 12508 "https://my.cerill.com/ngsw-worker.js" "Mozilla/5.0 (Windows NT 10.0; Win64; x64) AppleWebKit/537.36 (KHTML, like Gecko) Chrome/109.0.0.0 Safari/537.36"
103.110.250.49 - - [08/Nov/2025:11:25:08 +0530] "GET /ngsw-worker.js HTTP/1.1" 304 - "https://my.cerill.com/ngsw-worker.js" "Mozilla/5.0 (Windows NT 10.0; Win64; x64) AppleWebKit/537.36 (KHTML, like Gecko) Chrome/142.0.0.0 Safari/537.36"
103.110.250.49 - - [08/Nov/2025:11:25:11 +0530] "GET /ngsw.json?ngsw-cache-bust=0.1438271660142485 HTTP/1.1" 200 12508 "https://my.cerill.com/ngsw-worker.js" "Mozilla/5.0 (Windows NT 10.0; Win64; x64) AppleWebKit/537.36 (KHTML, like Gecko) Chrome/142.0.0.0 Safari/537.36"
103.110.250.49 - - [08/Nov/2025:11:25:12 +0530] "GET /ngsw.json?ngsw-cache-bust=0.08112720229426618 HTTP/1.1" 200 12508 "https://my.cerill.com/ngsw-worker.js" "Mozilla/5.0 (Windows NT 10.0; Win64; x64) AppleWebKit/537.36 (KHTML, like Gecko) Chrome/142.0.0.0 Safari/537.36"
103.165.77.203 - - [08/Nov/2025:11:25:23 +0530] "GET /ngsw-worker.js HTTP/1.1" 304 - "https://my.cerill.com/ngsw-worker.js" "Mozilla/5.0 (Windows NT 10.0; Win64; x64) AppleWebKit/537.36 (KHTML, like Gecko) Chrome/109.0.0.0 Safari/537.36"
103.165.77.203 - - [08/Nov/2025:11:25:26 +0530] "GET /ngsw.json?ngsw-cache-bust=0.6726627393606808 HTTP/1.1" 200 12508 "https://my.cerill.com/ngsw-worker.js" "Mozilla/5.0 (Windows NT 10.0; Win64; x64) AppleWebKit/537.36 (KHTML, like Gecko) Chrome/109.0.0.0 Safari/537.36"
103.110.250.49 - - [08/Nov/2025:11:27:12 +0530] "GET /ngsw.json?ngsw-cache-bust=0.3981065898985704 HTTP/1.1" 200 12508 "https://my.cerill.com/ngsw-worker.js" "Mozilla/5.0 (Windows NT 10.0; Win64; x64) AppleWebKit/537.36 (KHTML, like Gecko) Chrome/142.0.0.0 Safari/537.36"
103.110.250.49 - - [08/Nov/2025:11:29:07 +0530] "GET /ngsw.json?ngsw-cache-bust=0.850079339886787 HTTP/1.1" 200 12508 "https://my.cerill.com/ngsw-worker.js" "Mozilla/5.0 (Windows NT 10.0; Win64; x64) AppleWebKit/537.36 (KHTML, like Gecko) Chrome/142.0.0.0 Safari/537.36"
103.110.250.49 - - [08/Nov/2025:11:29:17 +0530] "GET /ngsw-worker.js HTTP/1.1" 304 - "https://my.cerill.com/ngsw-worker.js" "Mozilla/5.0 (Windows NT 10.0; Win64; x64) AppleWebKit/537.36 (KHTML, like Gecko) Chrome/142.0.0.0 Safari/537.36"
103.110.250.49 - - [08/Nov/2025:11:29:20 +0530] "GET /ngsw.json?ngsw-cache-bust=0.11784886400500516 HTTP/1.1" 200 12508 "https://my.cerill.com/ngsw-worker.js" "Mozilla/5.0 (Windows NT 10.0; Win64; x64) AppleWebKit/537.36 (KHTML, like Gecko) Chrome/142.0.0.0 Safari/537.36"
103.110.250.49 - - [08/Nov/2025:11:30:32 +0530] "GET /ngsw.json?ngsw-cache-bust=0.5930478149719519 HTTP/1.1" 200 12508 "https://my.cerill.com/ngsw-worker.js" "Mozilla/5.0 (Windows NT 10.0; Win64; x64) AppleWebKit/537.36 (KHTML, like Gecko) Chrome/142.0.0.0 Safari/537.36"
103.110.250.49 - - [08/Nov/2025:11:31:43 +0530] "GET /ngsw-worker.js HTTP/1.1" 304 - "https://my.cerill.com/ngsw-worker.js" "Mozilla/5.0 (Windows NT 10.0; Win64; x64) AppleWebKit/537.36 (KHTML, like Gecko) Chrome/142.0.0.0 Safari/537.36"
103.110.250.49 - - [08/Nov/2025:11:31:46 +0530] "GET /ngsw.json?ngsw-cache-bust=0.2891718563212876 HTTP/1.1" 200 12508 "https://my.cerill.com/ngsw-worker.js" "Mozilla/5.0 (Windows NT 10.0; Win64; x64) AppleWebKit/537.36 (KHTML, like Gecko) Chrome/142.0.0.0 Safari/537.36"
103.110.250.49 - - [08/Nov/2025:11:39:09 +0530] "GET /ngsw.json?ngsw-cache-bust=0.17359085619685477 HTTP/1.1" 200 12508 "https://my.cerill.com/ngsw-worker.js" "Mozilla/5.0 (Windows NT 10.0; Win64; x64) AppleWebKit/537.36 (KHTML, like Gecko) Chrome/142.0.0.0 Safari/537.36"
103.165.77.203 - - [08/Nov/2025:11:43:54 +0530] "GET /ngsw.json?ngsw-cache-bust=0.24827028209125324 HTTP/1.1" 200 12508 "https://my.cerill.com/ngsw-worker.js" "Mozilla/5.0 (Windows NT 10.0; Win64; x64) AppleWebKit/537.36 (KHTML, like Gecko) Chrome/109.0.0.0 Safari/537.36"
103.165.77.203 - - [08/Nov/2025:11:48:49 +0530] "GET /ngsw.json?ngsw-cache-bust=0.6376283462300323 HTTP/1.1" 200 12508 "https://my.cerill.com/ngsw-worker.js" "Mozilla/5.0 (Windows NT 10.0; Win64; x64) AppleWebKit/537.36 (KHTML, like Gecko) Chrome/109.0.0.0 Safari/537.36"
152.58.79.63 - - [08/Nov/2025:11:57:48 +0530] "GET /ngsw.json?ngsw-cache-bust=0.6459873714044616 HTTP/1.1" 200 12508 "https://my.cerill.com/ngsw-worker.js" "Mozilla/5.0 (Windows NT 10.0; Win64; x64) AppleWebKit/537.36 (KHTML, like Gecko) Chrome/142.0.0.0 Safari/537.36"
103.165.77.203 - - [08/Nov/2025:11:58:11 +0530] "GET /ngsw.json?ngsw-cache-bust=0.04600435093446675 HTTP/1.1" 200 12508 "https://my.cerill.com/ngsw-worker.js" "Mozilla/5.0 (Windows NT 10.0; Win64; x64) AppleWebKit/537.36 (KHTML, like Gecko) Chrome/109.0.0.0 Safari/537.36"
103.110.250.49 - - [08/Nov/2025:12:08:26 +0530] "GET /ngsw.json?ngsw-cache-bust=0.03136123645913924 HTTP/1.1" 200 12508 "https://my.cerill.com/ngsw-worker.js" "Mozilla/5.0 (Windows NT 10.0; Win64; x64) AppleWebKit/537.36 (KHTML, like Gecko) Chrome/142.0.0.0 Safari/537.36"
103.110.250.49 - - [08/Nov/2025:12:08:30 +0530] "GET /ngsw-worker.js HTTP/1.1" 304 - "https://my.cerill.com/ngsw-worker.js" "Mozilla/5.0 (Windows NT 10.0; Win64; x64) AppleWebKit/537.36 (KHTML, like Gecko) Chrome/142.0.0.0 Safari/537.36"
103.110.250.49 - - [08/Nov/2025:12:08:34 +0530] "GET /ngsw.json?ngsw-cache-bust=0.18951051972075106 HTTP/1.1" 200 12508 "https://my.cerill.com/ngsw-worker.js" "Mozilla/5.0 (Windows NT 10.0; Win64; x64) AppleWebKit/537.36 (KHTML, like Gecko) Chrome/142.0.0.0 Safari/537.36"
103.110.250.49 - - [08/Nov/2025:12:11:34 +0530] "GET /ngsw-worker.js HTTP/1.1" 304 - "https://my.cerill.com/ngsw-worker.js" "Mozilla/5.0 (Windows NT 10.0; Win64; x64) AppleWebKit/537.36 (KHTML, like Gecko) Chrome/142.0.0.0 Safari/537.36"
103.110.250.49 - - [08/Nov/2025:12:11:37 +0530] "GET /ngsw.json?ngsw-cache-bust=0.9062684661753891 HTTP/1.1" 200 12508 "https://my.cerill.com/ngsw-worker.js" "Mozilla/5.0 (Windows NT 10.0; Win64; x64) AppleWebKit/537.36 (KHTML, like Gecko) Chrome/142.0.0.0 Safari/537.36"
103.110.250.49 - - [08/Nov/2025:12:11:38 +0530] "GET /ngsw.json?ngsw-cache-bust=0.9829783327753226 HTTP/1.1" 200 12508 "https://my.cerill.com/ngsw-worker.js" "Mozilla/5.0 (Windows NT 10.0; Win64; x64) AppleWebKit/537.36 (KHTML, like Gecko) Chrome/142.0.0.0 Safari/537.36"
64.233.173.201 - - [08/Nov/2025:12:18:43 +0530] "GET /.well-known/assetlinks.json HTTP/1.1" 404 196 "-" "GoogleAssociationService"
64.233.173.202 - - [08/Nov/2025:12:18:43 +0530] "GET /.well-known/assetlinks.json HTTP/1.1" 404 196 "-" "GoogleAssociationService"
103.110.250.49 - - [08/Nov/2025:12:22:23 +0530] "GET /ngsw.json?ngsw-cache-bust=0.3542620359285279 HTTP/1.1" 200 12508 "https://my.cerill.com/ngsw-worker.js" "Mozilla/5.0 (Windows NT 10.0; Win64; x64) AppleWebKit/537.36 (KHTML, like Gecko) Chrome/142.0.0.0 Safari/537.36"
103.110.250.49 - - [08/Nov/2025:12:25:58 +0530] "GET /ngsw.json?ngsw-cache-bust=0.5716043371797024 HTTP/1.1" 200 12508 "https://my.cerill.com/ngsw-worker.js" "Mozilla/5.0 (Windows NT 10.0; Win64; x64) AppleWebKit/537.36 (KHTML, like Gecko) Chrome/142.0.0.0 Safari/537.36"
103.110.250.49 - - [08/Nov/2025:12:27:18 +0530] "GET /ngsw.json?ngsw-cache-bust=0.033485798758906005 HTTP/1.1" 200 12508 "https://my.cerill.com/ngsw-worker.js" "Mozilla/5.0 (Windows NT 10.0; Win64; x64) AppleWebKit/537.36 (KHTML, like Gecko) Chrome/142.0.0.0 Safari/537.36"
152.58.79.63 - - [08/Nov/2025:12:28:48 +0530] "GET /ngsw.json?ngsw-cache-bust=0.04026086249743277 HTTP/1.1" 200 12508 "https://my.cerill.com/ngsw-worker.js" "Mozilla/5.0 (Windows NT 10.0; Win64; x64) AppleWebKit/537.36 (KHTML, like Gecko) Chrome/142.0.0.0 Safari/537.36"
152.58.79.63 - - [08/Nov/2025:12:29:55 +0530] "GET /ngsw.json?ngsw-cache-bust=0.9312574087689481 HTTP/1.1" 200 12508 "https://my.cerill.com/ngsw-worker.js" "Mozilla/5.0 (Windows NT 10.0; Win64; x64) AppleWebKit/537.36 (KHTML, like Gecko) Chrome/142.0.0.0 Safari/537.36"
103.165.77.203 - - [08/Nov/2025:12:29:57 +0530] "GET /ngsw.json?ngsw-cache-bust=0.7890104960546327 HTTP/1.1" 200 12508 "https://my.cerill.com/ngsw-worker.js" "Mozilla/5.0 (Windows NT 10.0; Win64; x64) AppleWebKit/537.36 (KHTML, like Gecko) Chrome/109.0.0.0 Safari/537.36"
103.165.77.203 - - [08/Nov/2025:12:30:46 +0530] "GET /ngsw.json?ngsw-cache-bust=0.5920796964130142 HTTP/1.1" 200 12508 "https://my.cerill.com/ngsw-worker.js" "Mozilla/5.0 (Windows NT 10.0; Win64; x64) AppleWebKit/537.36 (KHTML, like Gecko) Chrome/109.0.0.0 Safari/537.36"
103.110.250.49 - - [08/Nov/2025:12:30:50 +0530] "GET /ngsw.json?ngsw-cache-bust=0.7310759580814746 HTTP/1.1" 200 12508 "https://my.cerill.com/ngsw-worker.js" "Mozilla/5.0 (Windows NT 10.0; Win64; x64) AppleWebKit/537.36 (KHTML, like Gecko) Chrome/142.0.0.0 Safari/537.36"
103.110.250.49 - - [08/Nov/2025:12:30:51 +0530] "GET /ngsw.json?ngsw-cache-bust=0.7727236725403697 HTTP/1.1" 200 12508 "https://my.cerill.com/ngsw-worker.js" "Mozilla/5.0 (Windows NT 10.0; Win64; x64) AppleWebKit/537.36 (KHTML, like Gecko) Chrome/142.0.0.0 Safari/537.36"
